{"version":"1.0","provider_name":"Archdiocese of Ottawa-Cornwall","provider_url":"https:\/\/ottawacornwall.ca\/fr\/","author_name":"Steve Malott","author_url":"https:\/\/ottawacornwall.ca\/fr\/author\/steve-malott\/","title":"Programme Jubil\u00e9 Une Journ\u00e9e avec J\u00e9sus du Doyenn\u00e9 Larose - Archdiocese of Ottawa-Cornwall","type":"rich","width":600,"height":338,"html":"<blockquote class=\"wp-embedded-content\" data-secret=\"VJx4xmDTHD\"><a href=\"https:\/\/ottawacornwall.ca\/fr\/events\/jubile-une-journee-avec-jesus-2025\/\">Programme Jubil\u00e9 Une Journ\u00e9e avec J\u00e9sus du Doyenn\u00e9 Larose<\/a><\/blockquote><iframe sandbox=\"allow-scripts\" security=\"restricted\" src=\"https:\/\/ottawacornwall.ca\/fr\/events\/jubile-une-journee-avec-jesus-2025\/embed\/#?secret=VJx4xmDTHD\" width=\"600\" height=\"338\" title=\"\u00ab\u00a0Programme Jubil\u00e9 Une Journ\u00e9e avec J\u00e9sus du Doyenn\u00e9 Larose\u00a0\u00bb &#8212; Archdiocese of Ottawa-Cornwall\" data-secret=\"VJx4xmDTHD\" frameborder=\"0\" marginwidth=\"0\" marginheight=\"0\" scrolling=\"no\" class=\"wp-embedded-content\"><\/iframe><script type=\"text\/javascript\">\n\/* <![CDATA[ *\/\n\/*! This file is auto-generated *\/\n!function(d,l){\"use strict\";l.querySelector&&d.addEventListener&&\"undefined\"!=typeof URL&&(d.wp=d.wp||{},d.wp.receiveEmbedMessage||(d.wp.receiveEmbedMessage=function(e){var t=e.data;if((t||t.secret||t.message||t.value)&&!\/[^a-zA-Z0-9]\/.test(t.secret)){for(var s,r,n,a=l.querySelectorAll('iframe[data-secret=\"'+t.secret+'\"]'),o=l.querySelectorAll('blockquote[data-secret=\"'+t.secret+'\"]'),c=new RegExp(\"^https?:$\",\"i\"),i=0;i<o.length;i++)o[i].style.display=\"none\";for(i=0;i<a.length;i++)s=a[i],e.source===s.contentWindow&&(s.removeAttribute(\"style\"),\"height\"===t.message?(1e3<(r=parseInt(t.value,10))?r=1e3:~~r<200&&(r=200),s.height=r):\"link\"===t.message&&(r=new URL(s.getAttribute(\"src\")),n=new URL(t.value),c.test(n.protocol))&&n.host===r.host&&l.activeElement===s&&(d.top.location.href=t.value))}},d.addEventListener(\"message\",d.wp.receiveEmbedMessage,!1),l.addEventListener(\"DOMContentLoaded\",function(){for(var e,t,s=l.querySelectorAll(\"iframe.wp-embedded-content\"),r=0;r<s.length;r++)(t=(e=s[r]).getAttribute(\"data-secret\"))||(t=Math.random().toString(36).substring(2,12),e.src+=\"#?secret=\"+t,e.setAttribute(\"data-secret\",t)),e.contentWindow.postMessage({message:\"ready\",secret:t},\"*\")},!1)))}(window,document);\n\/\/# sourceURL=https:\/\/ottawacornwall.ca\/wp-includes\/js\/wp-embed.min.js\n\/* ]]> *\/\n<\/script>\n","description":"Venez c\u00e9l\u00e9brer le Jubil\u00e9 \"Une Journ\u00e9e avec J\u00e9sus\" au Doyenn\u00e9 Larose le 20 juin 2025. Participez \u00e0 une exp\u00e9rience spirituelle unique avec pri\u00e8re, adoration, et activit\u00e9s communautaires \u00e0 la For\u00eat Larose, Bourget. Joignez-vous \u00e0 nous pour une journ\u00e9e de foi, de joie et de fraternit\u00e9!","thumbnail_url":"http:\/\/ottawacornwall.ca\/wp-content\/uploads\/2025\/04\/Programme-Jubile-une-journee-avec-Jesus-225x300.png"}

Programme Jubilé Une Journée avec Jésus du Doyenné Larose - Archdiocese of Ottawa-Cornwall

<blockquote class="wp-embedded-content" data-secret="VJx4xmDTHD"><a href="https://ottawacornwall.ca/fr/events/jubile-une-journee-avec-jesus-2025/">Programme Jubilé Une Journée avec Jésus du Doyenné Larose</a></blockquote><iframe sandbox="allow-scripts" security="restricted" src="https://ottawacornwall.ca/fr/events/jubile-une-journee-avec-jesus-2025/embed/#?secret=VJx4xmDTHD" width="600" height="338" title="« Programme Jubilé Une Journée avec Jésus du Doyenné Larose » &#8212; Archdiocese of Ottawa-Cornwall" data-secret="VJx4xmDTHD" frameborder="0" marginwidth="0" marginheight="0" scrolling="no" class="wp-embedded-content"></iframe><script type="text/javascript">
/* <![CDATA[ */
/*! This file is auto-generated */
!function(d,l){"use strict";l.querySelector&&d.addEventListener&&"undefined"!=typeof URL&&(d.wp=d.wp||{},d.wp.receiveEmbedMessage||(d.wp.receiveEmbedMessage=function(e){var t=e.data;if((t||t.secret||t.message||t.value)&&!/[^a-zA-Z0-9]/.test(t.secret)){for(var s,r,n,a=l.querySelectorAll('iframe[data-secret="'+t.secret+'"]'),o=l.querySelectorAll('blockquote[data-secret="'+t.secret+'"]'),c=new RegExp("^https?:$","i"),i=0;i<o.length;i++)o[i].style.display="none";for(i=0;i<a.length;i++)s=a[i],e.source===s.contentWindow&&(s.removeAttribute("style"),"height"===t.message?(1e3<(r=parseInt(t.value,10))?r=1e3:~~r<200&&(r=200),s.height=r):"link"===t.message&&(r=new URL(s.getAttribute("src")),n=new URL(t.value),c.test(n.protocol))&&n.host===r.host&&l.activeElement===s&&(d.top.location.href=t.value))}},d.addEventListener("message",d.wp.receiveEmbedMessage,!1),l.addEventListener("DOMContentLoaded",function(){for(var e,t,s=l.querySelectorAll("iframe.wp-embedded-content"),r=0;r<s.length;r++)(t=(e=s[r]).getAttribute("data-secret"))||(t=Math.random().toString(36).substring(2,12),e.src+="#?secret="+t,e.setAttribute("data-secret",t)),e.contentWindow.postMessage({message:"ready",secret:t},"*")},!1)))}(window,document);
//# sourceURL=https://ottawacornwall.ca/wp-includes/js/wp-embed.min.js
/* ]]> */
</script>

Venez célébrer le Jubilé "Une Journée avec Jésus" au Doyenné Larose le 20 juin 2025. Participez à une expérience spirituelle unique avec prière, adoration, et activités communautaires à la Forêt Larose, Bourget. Joignez-vous à nous pour une journée de foi, de joie et de fraternité!
