{"version":"1.0","provider_name":"Archdiocese of Ottawa-Cornwall","provider_url":"https:\/\/ottawacornwall.ca\/fr\/","author_name":"ruth.tyolarose@ottawacornwall.ca","author_url":"https:\/\/ottawacornwall.ca\/fr\/author\/ruth-tyolaroseottawacornwall-ca\/","title":"Messe plein air-Calvaire, Green Valley - Archdiocese of Ottawa-Cornwall","type":"rich","width":600,"height":338,"html":"<blockquote class=\"wp-embedded-content\" data-secret=\"bRr2xE4khM\"><a href=\"https:\/\/ottawacornwall.ca\/fr\/events\/messe-plein-air-calvaire-green-valley\/\">Messe plein air-Calvaire, Green Valley<\/a><\/blockquote><iframe sandbox=\"allow-scripts\" security=\"restricted\" src=\"https:\/\/ottawacornwall.ca\/fr\/events\/messe-plein-air-calvaire-green-valley\/embed\/#?secret=bRr2xE4khM\" width=\"600\" height=\"338\" title=\"\u00ab\u00a0Messe plein air-Calvaire, Green Valley\u00a0\u00bb &#8212; Archdiocese of Ottawa-Cornwall\" data-secret=\"bRr2xE4khM\" frameborder=\"0\" marginwidth=\"0\" marginheight=\"0\" scrolling=\"no\" class=\"wp-embedded-content\"><\/iframe><script type=\"text\/javascript\">\n\/* <![CDATA[ *\/\n\/*! This file is auto-generated *\/\n!function(d,l){\"use strict\";l.querySelector&&d.addEventListener&&\"undefined\"!=typeof URL&&(d.wp=d.wp||{},d.wp.receiveEmbedMessage||(d.wp.receiveEmbedMessage=function(e){var t=e.data;if((t||t.secret||t.message||t.value)&&!\/[^a-zA-Z0-9]\/.test(t.secret)){for(var s,r,n,a=l.querySelectorAll('iframe[data-secret=\"'+t.secret+'\"]'),o=l.querySelectorAll('blockquote[data-secret=\"'+t.secret+'\"]'),c=new RegExp(\"^https?:$\",\"i\"),i=0;i<o.length;i++)o[i].style.display=\"none\";for(i=0;i<a.length;i++)s=a[i],e.source===s.contentWindow&&(s.removeAttribute(\"style\"),\"height\"===t.message?(1e3<(r=parseInt(t.value,10))?r=1e3:~~r<200&&(r=200),s.height=r):\"link\"===t.message&&(r=new URL(s.getAttribute(\"src\")),n=new URL(t.value),c.test(n.protocol))&&n.host===r.host&&l.activeElement===s&&(d.top.location.href=t.value))}},d.addEventListener(\"message\",d.wp.receiveEmbedMessage,!1),l.addEventListener(\"DOMContentLoaded\",function(){for(var e,t,s=l.querySelectorAll(\"iframe.wp-embedded-content\"),r=0;r<s.length;r++)(t=(e=s[r]).getAttribute(\"data-secret\"))||(t=Math.random().toString(36).substring(2,12),e.src+=\"#?secret=\"+t,e.setAttribute(\"data-secret\",t)),e.contentWindow.postMessage({message:\"ready\",secret:t},\"*\")},!1)))}(window,document);\n\/\/# sourceURL=https:\/\/ottawacornwall.ca\/wp-includes\/js\/wp-embed.min.js\n\/* ]]> *\/\n<\/script>\n","thumbnail_url":"https:\/\/ottawacornwall.ca\/wp-content\/uploads\/2025\/06\/Small-Calvaire-2025-663x1024.png","thumbnail_width":663,"thumbnail_height":1024,"description":"C\u00e9l\u00e9brez l\u2019anniversaire de saint Jean-Baptiste Rejoignez Mgr Yvan au Calvaire le mardi 24\u00a0juin alors que nous c\u00e9l\u00e9brons l\u2019anniversaire du cousin de J\u00e9sus, Jean-Baptiste. Ce sera l\u2019ouverture de la saison estivale du Calvaire 2025. On prie le Chemin de Croix \u00e0 18h30, suivies par la messe bilingue en plein air \u00e0 19h. Le Calvaire est situ\u00e9 [&hellip;]"}

Célébrez l’anniversaire de saint Jean-Baptiste Rejoignez Mgr Yvan au Calvaire le mardi 24 juin alors que nous célébrons l’anniversaire du cousin de Jésus, Jean-Baptiste. Ce sera l’ouverture de la saison estivale du Calvaire 2025. On prie le Chemin de Croix à 18h30, suivies par la messe bilingue en plein air à 19h. Le Calvaire est situé [&hellip;]
