{"version":"1.0","provider_name":"Archdiocese of Ottawa-Cornwall","provider_url":"https:\/\/ottawacornwall.ca\/fr\/","author_name":"ruth","author_url":"https:\/\/ottawacornwall.ca\/fr\/author\/ruth\/","title":"Pri\u00e8re et chants de Taiz\u00e9 - Archdiocese of Ottawa-Cornwall","type":"rich","width":600,"height":338,"html":"<blockquote class=\"wp-embedded-content\" data-secret=\"CCprx3VfQl\"><a href=\"https:\/\/ottawacornwall.ca\/fr\/events\/priere-et-chants-de-taize\/\">Pri\u00e8re et chants de Taiz\u00e9<\/a><\/blockquote><iframe sandbox=\"allow-scripts\" security=\"restricted\" src=\"https:\/\/ottawacornwall.ca\/fr\/events\/priere-et-chants-de-taize\/embed\/#?secret=CCprx3VfQl\" width=\"600\" height=\"338\" title=\"\u00ab\u00a0Pri\u00e8re et chants de Taiz\u00e9\u00a0\u00bb &#8212; Archdiocese of Ottawa-Cornwall\" data-secret=\"CCprx3VfQl\" frameborder=\"0\" marginwidth=\"0\" marginheight=\"0\" scrolling=\"no\" class=\"wp-embedded-content\"><\/iframe><script type=\"text\/javascript\">\n\/* <![CDATA[ *\/\n\/*! This file is auto-generated *\/\n!function(d,l){\"use strict\";l.querySelector&&d.addEventListener&&\"undefined\"!=typeof URL&&(d.wp=d.wp||{},d.wp.receiveEmbedMessage||(d.wp.receiveEmbedMessage=function(e){var t=e.data;if((t||t.secret||t.message||t.value)&&!\/[^a-zA-Z0-9]\/.test(t.secret)){for(var s,r,n,a=l.querySelectorAll('iframe[data-secret=\"'+t.secret+'\"]'),o=l.querySelectorAll('blockquote[data-secret=\"'+t.secret+'\"]'),c=new RegExp(\"^https?:$\",\"i\"),i=0;i<o.length;i++)o[i].style.display=\"none\";for(i=0;i<a.length;i++)s=a[i],e.source===s.contentWindow&&(s.removeAttribute(\"style\"),\"height\"===t.message?(1e3<(r=parseInt(t.value,10))?r=1e3:~~r<200&&(r=200),s.height=r):\"link\"===t.message&&(r=new URL(s.getAttribute(\"src\")),n=new URL(t.value),c.test(n.protocol))&&n.host===r.host&&l.activeElement===s&&(d.top.location.href=t.value))}},d.addEventListener(\"message\",d.wp.receiveEmbedMessage,!1),l.addEventListener(\"DOMContentLoaded\",function(){for(var e,t,s=l.querySelectorAll(\"iframe.wp-embedded-content\"),r=0;r<s.length;r++)(t=(e=s[r]).getAttribute(\"data-secret\"))||(t=Math.random().toString(36).substring(2,12),e.src+=\"#?secret=\"+t,e.setAttribute(\"data-secret\",t)),e.contentWindow.postMessage({message:\"ready\",secret:t},\"*\")},!1)))}(window,document);\n\/\/# sourceURL=https:\/\/ottawacornwall.ca\/wp-includes\/js\/wp-embed.min.js\n\/* ]]> *\/\n<\/script>\n","thumbnail_url":"https:\/\/ottawacornwall.ca\/wp-content\/uploads\/2024\/09\/Taize-2024-scaled.jpg","thumbnail_width":1554,"thumbnail_height":2560,"description":"Quelle belle occasion de se rassembler pour prier ! Les religieuses de la Communaut\u00e9 de Sainte-Marie-de-Namur invitent non seulement les amis de Taiz\u00e9, mais aussi toutes les g\u00e9n\u00e9rations de jeunes, ainsi que les jeunes de c\u0153ur, \u00e0 participer \u00e0 la pri\u00e8re de Taiz\u00e9 \u00e0 la paroisse Sacr\u00e9-C\u0153ur sur le campus de l&rsquo;Universit\u00e9 d&rsquo;Ottawa. Veuillez cliquer [&hellip;]"}

Prière et chants de Taizé - Archdiocese of Ottawa-Cornwall

<blockquote class="wp-embedded-content" data-secret="CCprx3VfQl"><a href="https://ottawacornwall.ca/fr/events/priere-et-chants-de-taize/">Prière et chants de Taizé</a></blockquote><iframe sandbox="allow-scripts" security="restricted" src="https://ottawacornwall.ca/fr/events/priere-et-chants-de-taize/embed/#?secret=CCprx3VfQl" width="600" height="338" title="« Prière et chants de Taizé » &#8212; Archdiocese of Ottawa-Cornwall" data-secret="CCprx3VfQl" frameborder="0" marginwidth="0" marginheight="0" scrolling="no" class="wp-embedded-content"></iframe><script type="text/javascript">
/* <![CDATA[ */
/*! This file is auto-generated */
!function(d,l){"use strict";l.querySelector&&d.addEventListener&&"undefined"!=typeof URL&&(d.wp=d.wp||{},d.wp.receiveEmbedMessage||(d.wp.receiveEmbedMessage=function(e){var t=e.data;if((t||t.secret||t.message||t.value)&&!/[^a-zA-Z0-9]/.test(t.secret)){for(var s,r,n,a=l.querySelectorAll('iframe[data-secret="'+t.secret+'"]'),o=l.querySelectorAll('blockquote[data-secret="'+t.secret+'"]'),c=new RegExp("^https?:$","i"),i=0;i<o.length;i++)o[i].style.display="none";for(i=0;i<a.length;i++)s=a[i],e.source===s.contentWindow&&(s.removeAttribute("style"),"height"===t.message?(1e3<(r=parseInt(t.value,10))?r=1e3:~~r<200&&(r=200),s.height=r):"link"===t.message&&(r=new URL(s.getAttribute("src")),n=new URL(t.value),c.test(n.protocol))&&n.host===r.host&&l.activeElement===s&&(d.top.location.href=t.value))}},d.addEventListener("message",d.wp.receiveEmbedMessage,!1),l.addEventListener("DOMContentLoaded",function(){for(var e,t,s=l.querySelectorAll("iframe.wp-embedded-content"),r=0;r<s.length;r++)(t=(e=s[r]).getAttribute("data-secret"))||(t=Math.random().toString(36).substring(2,12),e.src+="#?secret="+t,e.setAttribute("data-secret",t)),e.contentWindow.postMessage({message:"ready",secret:t},"*")},!1)))}(window,document);
//# sourceURL=https://ottawacornwall.ca/wp-includes/js/wp-embed.min.js
/* ]]> */
</script>

Quelle belle occasion de se rassembler pour prier ! Les religieuses de la Communauté de Sainte-Marie-de-Namur invitent non seulement les amis de Taizé, mais aussi toutes les générations de jeunes, ainsi que les jeunes de cœur, à participer à la prière de Taizé à la paroisse Sacré-Cœur sur le campus de l&rsquo;Université d&rsquo;Ottawa. Veuillez cliquer [&hellip;]
