{"version":"1.0","provider_name":"Archdiocese of Ottawa-Cornwall","provider_url":"https:\/\/ottawacornwall.ca\/fr\/","author_name":"Carine","author_url":"https:\/\/ottawacornwall.ca\/fr\/author\/carine\/","title":"Transformer son deuil - Archdiocese of Ottawa-Cornwall","type":"rich","width":600,"height":338,"html":"<blockquote class=\"wp-embedded-content\" data-secret=\"QfnpdEDTVG\"><a href=\"https:\/\/ottawacornwall.ca\/fr\/events\/transformer-son-deuil-4\/\">Transformer son deuil<\/a><\/blockquote><iframe sandbox=\"allow-scripts\" security=\"restricted\" src=\"https:\/\/ottawacornwall.ca\/fr\/events\/transformer-son-deuil-4\/embed\/#?secret=QfnpdEDTVG\" width=\"600\" height=\"338\" title=\"\u00ab\u00a0Transformer son deuil\u00a0\u00bb &#8212; Archdiocese of Ottawa-Cornwall\" data-secret=\"QfnpdEDTVG\" frameborder=\"0\" marginwidth=\"0\" marginheight=\"0\" scrolling=\"no\" class=\"wp-embedded-content\"><\/iframe><script type=\"text\/javascript\">\n\/* <![CDATA[ *\/\n\/*! This file is auto-generated *\/\n!function(d,l){\"use strict\";l.querySelector&&d.addEventListener&&\"undefined\"!=typeof URL&&(d.wp=d.wp||{},d.wp.receiveEmbedMessage||(d.wp.receiveEmbedMessage=function(e){var t=e.data;if((t||t.secret||t.message||t.value)&&!\/[^a-zA-Z0-9]\/.test(t.secret)){for(var s,r,n,a=l.querySelectorAll('iframe[data-secret=\"'+t.secret+'\"]'),o=l.querySelectorAll('blockquote[data-secret=\"'+t.secret+'\"]'),c=new RegExp(\"^https?:$\",\"i\"),i=0;i<o.length;i++)o[i].style.display=\"none\";for(i=0;i<a.length;i++)s=a[i],e.source===s.contentWindow&&(s.removeAttribute(\"style\"),\"height\"===t.message?(1e3<(r=parseInt(t.value,10))?r=1e3:~~r<200&&(r=200),s.height=r):\"link\"===t.message&&(r=new URL(s.getAttribute(\"src\")),n=new URL(t.value),c.test(n.protocol))&&n.host===r.host&&l.activeElement===s&&(d.top.location.href=t.value))}},d.addEventListener(\"message\",d.wp.receiveEmbedMessage,!1),l.addEventListener(\"DOMContentLoaded\",function(){for(var e,t,s=l.querySelectorAll(\"iframe.wp-embedded-content\"),r=0;r<s.length;r++)(t=(e=s[r]).getAttribute(\"data-secret\"))||(t=Math.random().toString(36).substring(2,12),e.src+=\"#?secret=\"+t,e.setAttribute(\"data-secret\",t)),e.contentWindow.postMessage({message:\"ready\",secret:t},\"*\")},!1)))}(window,document);\n\/\/# sourceURL=https:\/\/ottawacornwall.ca\/wp-includes\/js\/wp-embed.min.js\n\/* ]]> *\/\n<\/script>\n","thumbnail_url":"https:\/\/ottawacornwall.ca\/wp-content\/uploads\/2025\/01\/transformer-son-deuil.png","thumbnail_width":514,"thumbnail_height":649,"description":"TRANSFORMER SON DEUIL \u00a0L\u2019unit\u00e9 pastorale Notre-Dame-de-la-Mer-Bleue offrira au printemps 2025 un programme de soutien aux personnes endeuill\u00e9es de la communaut\u00e9 francophone d\u2019Orl\u00e9ans et des environs. Ce projet proposera une \u00e9coute empathique et des pistes pratiques pour composer avec les nombreuses facettes du deuil. Les rencontres auront lieu \u00e0 l\u2019\u00c9glise Sainte-Marie les jeudis 13, 20 et [&hellip;]"}

TRANSFORMER SON DEUIL  L’unité pastorale Notre-Dame-de-la-Mer-Bleue offrira au printemps 2025 un programme de soutien aux personnes endeuillées de la communauté francophone d’Orléans et des environs. Ce projet proposera une écoute empathique et des pistes pratiques pour composer avec les nombreuses facettes du deuil. Les rencontres auront lieu à l’Église Sainte-Marie les jeudis 13, 20 et [&hellip;]
