{"version":"1.0","provider_name":"Archdiocese of Ottawa-Cornwall","provider_url":"https:\/\/ottawacornwall.ca\/fr\/","author_name":"Andrew Douglas","author_url":"https:\/\/ottawacornwall.ca\/fr\/author\/andrew-story-digital\/","title":"V\u00eapres solennelles - Archdiocese of Ottawa-Cornwall","type":"rich","width":600,"height":338,"html":"<blockquote class=\"wp-embedded-content\" data-secret=\"qpJph8y5XO\"><a href=\"https:\/\/ottawacornwall.ca\/fr\/events\/vepres-solennelles-2\/\">V\u00eapres solennelles<\/a><\/blockquote><iframe sandbox=\"allow-scripts\" security=\"restricted\" src=\"https:\/\/ottawacornwall.ca\/fr\/events\/vepres-solennelles-2\/embed\/#?secret=qpJph8y5XO\" width=\"600\" height=\"338\" title=\"\u00ab\u00a0V\u00eapres solennelles\u00a0\u00bb &#8212; Archdiocese of Ottawa-Cornwall\" data-secret=\"qpJph8y5XO\" frameborder=\"0\" marginwidth=\"0\" marginheight=\"0\" scrolling=\"no\" class=\"wp-embedded-content\"><\/iframe><script type=\"text\/javascript\">\n\/* <![CDATA[ *\/\n\/*! This file is auto-generated *\/\n!function(d,l){\"use strict\";l.querySelector&&d.addEventListener&&\"undefined\"!=typeof URL&&(d.wp=d.wp||{},d.wp.receiveEmbedMessage||(d.wp.receiveEmbedMessage=function(e){var t=e.data;if((t||t.secret||t.message||t.value)&&!\/[^a-zA-Z0-9]\/.test(t.secret)){for(var s,r,n,a=l.querySelectorAll('iframe[data-secret=\"'+t.secret+'\"]'),o=l.querySelectorAll('blockquote[data-secret=\"'+t.secret+'\"]'),c=new RegExp(\"^https?:$\",\"i\"),i=0;i<o.length;i++)o[i].style.display=\"none\";for(i=0;i<a.length;i++)s=a[i],e.source===s.contentWindow&&(s.removeAttribute(\"style\"),\"height\"===t.message?(1e3<(r=parseInt(t.value,10))?r=1e3:~~r<200&&(r=200),s.height=r):\"link\"===t.message&&(r=new URL(s.getAttribute(\"src\")),n=new URL(t.value),c.test(n.protocol))&&n.host===r.host&&l.activeElement===s&&(d.top.location.href=t.value))}},d.addEventListener(\"message\",d.wp.receiveEmbedMessage,!1),l.addEventListener(\"DOMContentLoaded\",function(){for(var e,t,s=l.querySelectorAll(\"iframe.wp-embedded-content\"),r=0;r<s.length;r++)(t=(e=s[r]).getAttribute(\"data-secret\"))||(t=Math.random().toString(36).substring(2,12),e.src+=\"#?secret=\"+t,e.setAttribute(\"data-secret\",t)),e.contentWindow.postMessage({message:\"ready\",secret:t},\"*\")},!1)))}(window,document);\n\/\/# sourceURL=https:\/\/ottawacornwall.ca\/wp-includes\/js\/wp-embed.min.js\n\/* ]]> *\/\n<\/script>\n","thumbnail_url":"https:\/\/ottawacornwall.ca\/wp-content\/uploads\/2025\/11\/Vespers-Xavier-v2-2-scaled.png","thumbnail_width":2003,"thumbnail_height":2560,"description":"\u00c0 l\u2019occasion de la f\u00eate de saint Fran\u00e7ois Xavier, patron des missionnaires, la communaut\u00e9 j\u00e9suite d\u2019Ottawa c\u00e9l\u00e9brera des v\u00eapres solennelles \u00e0 la cath\u00e9drale Notre-Dame. Tout le monde est invit\u00e9 \u00e0 se joindre aux j\u00e9suites pour prier pour les missionnaires et pour la croissance de l\u2019\u0153uvre missionnaire de l\u2019\u00c9glise."}

Vêpres solennelles - Archdiocese of Ottawa-Cornwall

<blockquote class="wp-embedded-content" data-secret="qpJph8y5XO"><a href="https://ottawacornwall.ca/fr/events/vepres-solennelles-2/">Vêpres solennelles</a></blockquote><iframe sandbox="allow-scripts" security="restricted" src="https://ottawacornwall.ca/fr/events/vepres-solennelles-2/embed/#?secret=qpJph8y5XO" width="600" height="338" title="« Vêpres solennelles » &#8212; Archdiocese of Ottawa-Cornwall" data-secret="qpJph8y5XO" frameborder="0" marginwidth="0" marginheight="0" scrolling="no" class="wp-embedded-content"></iframe><script type="text/javascript">
/* <![CDATA[ */
/*! This file is auto-generated */
!function(d,l){"use strict";l.querySelector&&d.addEventListener&&"undefined"!=typeof URL&&(d.wp=d.wp||{},d.wp.receiveEmbedMessage||(d.wp.receiveEmbedMessage=function(e){var t=e.data;if((t||t.secret||t.message||t.value)&&!/[^a-zA-Z0-9]/.test(t.secret)){for(var s,r,n,a=l.querySelectorAll('iframe[data-secret="'+t.secret+'"]'),o=l.querySelectorAll('blockquote[data-secret="'+t.secret+'"]'),c=new RegExp("^https?:$","i"),i=0;i<o.length;i++)o[i].style.display="none";for(i=0;i<a.length;i++)s=a[i],e.source===s.contentWindow&&(s.removeAttribute("style"),"height"===t.message?(1e3<(r=parseInt(t.value,10))?r=1e3:~~r<200&&(r=200),s.height=r):"link"===t.message&&(r=new URL(s.getAttribute("src")),n=new URL(t.value),c.test(n.protocol))&&n.host===r.host&&l.activeElement===s&&(d.top.location.href=t.value))}},d.addEventListener("message",d.wp.receiveEmbedMessage,!1),l.addEventListener("DOMContentLoaded",function(){for(var e,t,s=l.querySelectorAll("iframe.wp-embedded-content"),r=0;r<s.length;r++)(t=(e=s[r]).getAttribute("data-secret"))||(t=Math.random().toString(36).substring(2,12),e.src+="#?secret="+t,e.setAttribute("data-secret",t)),e.contentWindow.postMessage({message:"ready",secret:t},"*")},!1)))}(window,document);
//# sourceURL=https://ottawacornwall.ca/wp-includes/js/wp-embed.min.js
/* ]]> */
</script>

À l’occasion de la fête de saint François Xavier, patron des missionnaires, la communauté jésuite d’Ottawa célébrera des vêpres solennelles à la cathédrale Notre-Dame. Tout le monde est invité à se joindre aux jésuites pour prier pour les missionnaires et pour la croissance de l’œuvre missionnaire de l’Église.
