{"version":"1.0","provider_name":"Archdiocese of Ottawa-Cornwall","provider_url":"https:\/\/ottawacornwall.ca\/fr\/","author_name":"ruth","author_url":"https:\/\/ottawacornwall.ca\/fr\/author\/ruth\/","title":"Le mariage en dehors de l\u2019\u00c9glise - Archdiocese of Ottawa-Cornwall","type":"rich","width":600,"height":338,"html":"<blockquote class=\"wp-embedded-content\" data-secret=\"2u8gJfwU1s\"><a href=\"https:\/\/ottawacornwall.ca\/fr\/le-mariage-en-dehors-de-leglise\/\">Le mariage en dehors de l\u2019\u00c9glise<\/a><\/blockquote><iframe sandbox=\"allow-scripts\" security=\"restricted\" src=\"https:\/\/ottawacornwall.ca\/fr\/le-mariage-en-dehors-de-leglise\/embed\/#?secret=2u8gJfwU1s\" width=\"600\" height=\"338\" title=\"\u00ab\u00a0Le mariage en dehors de l\u2019\u00c9glise\u00a0\u00bb &#8212; Archdiocese of Ottawa-Cornwall\" data-secret=\"2u8gJfwU1s\" frameborder=\"0\" marginwidth=\"0\" marginheight=\"0\" scrolling=\"no\" class=\"wp-embedded-content\"><\/iframe><script type=\"text\/javascript\">\n\/* <![CDATA[ *\/\n\/*! This file is auto-generated *\/\n!function(d,l){\"use strict\";l.querySelector&&d.addEventListener&&\"undefined\"!=typeof URL&&(d.wp=d.wp||{},d.wp.receiveEmbedMessage||(d.wp.receiveEmbedMessage=function(e){var t=e.data;if((t||t.secret||t.message||t.value)&&!\/[^a-zA-Z0-9]\/.test(t.secret)){for(var s,r,n,a=l.querySelectorAll('iframe[data-secret=\"'+t.secret+'\"]'),o=l.querySelectorAll('blockquote[data-secret=\"'+t.secret+'\"]'),c=new RegExp(\"^https?:$\",\"i\"),i=0;i<o.length;i++)o[i].style.display=\"none\";for(i=0;i<a.length;i++)s=a[i],e.source===s.contentWindow&&(s.removeAttribute(\"style\"),\"height\"===t.message?(1e3<(r=parseInt(t.value,10))?r=1e3:~~r<200&&(r=200),s.height=r):\"link\"===t.message&&(r=new URL(s.getAttribute(\"src\")),n=new URL(t.value),c.test(n.protocol))&&n.host===r.host&&l.activeElement===s&&(d.top.location.href=t.value))}},d.addEventListener(\"message\",d.wp.receiveEmbedMessage,!1),l.addEventListener(\"DOMContentLoaded\",function(){for(var e,t,s=l.querySelectorAll(\"iframe.wp-embedded-content\"),r=0;r<s.length;r++)(t=(e=s[r]).getAttribute(\"data-secret\"))||(t=Math.random().toString(36).substring(2,12),e.src+=\"#?secret=\"+t,e.setAttribute(\"data-secret\",t)),e.contentWindow.postMessage({message:\"ready\",secret:t},\"*\")},!1)))}(window,document);\n\/\/# sourceURL=https:\/\/ottawacornwall.ca\/wp-includes\/js\/wp-embed.min.js\n\/* ]]> *\/\n<\/script>\n","description":"Par l\u2019abb\u00e9 Vincent Pereira, j.c.d. L\u2019\u00c9glise catholique est compos\u00e9e de p\u00e9cheurs, mais cela n\u2019emp\u00eache qu\u2019elle nous aime tous. Nous sommes l\u2019\u00c9glise, le peuple de Dieu, par le bapt\u00eame qui fait de nous des enfants de Dieu. Nous sommes membres d\u2019une communaut\u00e9 paroissiale qui nous accueille et qui nous invite \u00e0 participer aux sacrements qui viennent [&hellip;]"}

Le mariage en dehors de l’Église - Archdiocese of Ottawa-Cornwall

<blockquote class="wp-embedded-content" data-secret="2u8gJfwU1s"><a href="https://ottawacornwall.ca/fr/le-mariage-en-dehors-de-leglise/">Le mariage en dehors de l’Église</a></blockquote><iframe sandbox="allow-scripts" security="restricted" src="https://ottawacornwall.ca/fr/le-mariage-en-dehors-de-leglise/embed/#?secret=2u8gJfwU1s" width="600" height="338" title="« Le mariage en dehors de l’Église » &#8212; Archdiocese of Ottawa-Cornwall" data-secret="2u8gJfwU1s" frameborder="0" marginwidth="0" marginheight="0" scrolling="no" class="wp-embedded-content"></iframe><script type="text/javascript">
/* <![CDATA[ */
/*! This file is auto-generated */
!function(d,l){"use strict";l.querySelector&&d.addEventListener&&"undefined"!=typeof URL&&(d.wp=d.wp||{},d.wp.receiveEmbedMessage||(d.wp.receiveEmbedMessage=function(e){var t=e.data;if((t||t.secret||t.message||t.value)&&!/[^a-zA-Z0-9]/.test(t.secret)){for(var s,r,n,a=l.querySelectorAll('iframe[data-secret="'+t.secret+'"]'),o=l.querySelectorAll('blockquote[data-secret="'+t.secret+'"]'),c=new RegExp("^https?:$","i"),i=0;i<o.length;i++)o[i].style.display="none";for(i=0;i<a.length;i++)s=a[i],e.source===s.contentWindow&&(s.removeAttribute("style"),"height"===t.message?(1e3<(r=parseInt(t.value,10))?r=1e3:~~r<200&&(r=200),s.height=r):"link"===t.message&&(r=new URL(s.getAttribute("src")),n=new URL(t.value),c.test(n.protocol))&&n.host===r.host&&l.activeElement===s&&(d.top.location.href=t.value))}},d.addEventListener("message",d.wp.receiveEmbedMessage,!1),l.addEventListener("DOMContentLoaded",function(){for(var e,t,s=l.querySelectorAll("iframe.wp-embedded-content"),r=0;r<s.length;r++)(t=(e=s[r]).getAttribute("data-secret"))||(t=Math.random().toString(36).substring(2,12),e.src+="#?secret="+t,e.setAttribute("data-secret",t)),e.contentWindow.postMessage({message:"ready",secret:t},"*")},!1)))}(window,document);
//# sourceURL=https://ottawacornwall.ca/wp-includes/js/wp-embed.min.js
/* ]]> */
</script>

Par l’abbé Vincent Pereira, j.c.d. L’Église catholique est composée de pécheurs, mais cela n’empêche qu’elle nous aime tous. Nous sommes l’Église, le peuple de Dieu, par le baptême qui fait de nous des enfants de Dieu. Nous sommes membres d’une communauté paroissiale qui nous accueille et qui nous invite à participer aux sacrements qui viennent [&hellip;]
