{"version":"1.0","provider_name":"Archdiocese of Ottawa-Cornwall","provider_url":"https:\/\/ottawacornwall.ca\/fr\/","author_name":"ruth","author_url":"https:\/\/ottawacornwall.ca\/fr\/author\/ruth\/","title":"2025 Nominations pastorales - Archdiocese of Ottawa-Cornwall","type":"rich","width":600,"height":338,"html":"<blockquote class=\"wp-embedded-content\" data-secret=\"3Hk2dNWsBq\"><a href=\"https:\/\/ottawacornwall.ca\/fr\/news\/2025-nominations-pastorales\/\">2025 Nominations pastorales<\/a><\/blockquote><iframe sandbox=\"allow-scripts\" security=\"restricted\" src=\"https:\/\/ottawacornwall.ca\/fr\/news\/2025-nominations-pastorales\/embed\/#?secret=3Hk2dNWsBq\" width=\"600\" height=\"338\" title=\"\u00ab\u00a02025 Nominations pastorales\u00a0\u00bb &#8212; Archdiocese of Ottawa-Cornwall\" data-secret=\"3Hk2dNWsBq\" frameborder=\"0\" marginwidth=\"0\" marginheight=\"0\" scrolling=\"no\" class=\"wp-embedded-content\"><\/iframe><script type=\"text\/javascript\">\n\/* <![CDATA[ *\/\n\/*! This file is auto-generated *\/\n!function(d,l){\"use strict\";l.querySelector&&d.addEventListener&&\"undefined\"!=typeof URL&&(d.wp=d.wp||{},d.wp.receiveEmbedMessage||(d.wp.receiveEmbedMessage=function(e){var t=e.data;if((t||t.secret||t.message||t.value)&&!\/[^a-zA-Z0-9]\/.test(t.secret)){for(var s,r,n,a=l.querySelectorAll('iframe[data-secret=\"'+t.secret+'\"]'),o=l.querySelectorAll('blockquote[data-secret=\"'+t.secret+'\"]'),c=new RegExp(\"^https?:$\",\"i\"),i=0;i<o.length;i++)o[i].style.display=\"none\";for(i=0;i<a.length;i++)s=a[i],e.source===s.contentWindow&&(s.removeAttribute(\"style\"),\"height\"===t.message?(1e3<(r=parseInt(t.value,10))?r=1e3:~~r<200&&(r=200),s.height=r):\"link\"===t.message&&(r=new URL(s.getAttribute(\"src\")),n=new URL(t.value),c.test(n.protocol))&&n.host===r.host&&l.activeElement===s&&(d.top.location.href=t.value))}},d.addEventListener(\"message\",d.wp.receiveEmbedMessage,!1),l.addEventListener(\"DOMContentLoaded\",function(){for(var e,t,s=l.querySelectorAll(\"iframe.wp-embedded-content\"),r=0;r<s.length;r++)(t=(e=s[r]).getAttribute(\"data-secret\"))||(t=Math.random().toString(36).substring(2,12),e.src+=\"#?secret=\"+t,e.setAttribute(\"data-secret\",t)),e.contentWindow.postMessage({message:\"ready\",secret:t},\"*\")},!1)))}(window,document);\n\/\/# sourceURL=https:\/\/ottawacornwall.ca\/wp-includes\/js\/wp-embed.min.js\n\/* ]]> *\/\n<\/script>\n","description":"S. Exc. Mgr Marcel Damphousse annonce les nominations pastorales suivantes qui entreront en vigueur le 1er ao\u00fbt 2025, sauf indication contraire. \u00c0 tous les membres du clerg\u00e9 qui servent notre \u00c9glise dioc\u00e9saine, que Dieu vous b\u00e9nisse abondamment alors que vous accomplissez votre minist\u00e8re avec d\u00e9vouement, g\u00e9n\u00e9rosit\u00e9 et joie. Nous exprimons notre gratitude \u00e0 tous ceux [&hellip;]"}

S. Exc. Mgr Marcel Damphousse annonce les nominations pastorales suivantes qui entreront en vigueur le 1er août 2025, sauf indication contraire. À tous les membres du clergé qui servent notre Église diocésaine, que Dieu vous bénisse abondamment alors que vous accomplissez votre ministère avec dévouement, générosité et joie. Nous exprimons notre gratitude à tous ceux [&hellip;]
