{"version":"1.0","provider_name":"Archdiocese of Ottawa-Cornwall","provider_url":"https:\/\/ottawacornwall.ca\/fr\/","author_name":"ruth","author_url":"https:\/\/ottawacornwall.ca\/fr\/author\/ruth\/","title":"Message pour la Journ\u00e9e nationale des Peuples autochtones - Archdiocese of Ottawa-Cornwall","type":"rich","width":600,"height":338,"html":"<blockquote class=\"wp-embedded-content\" data-secret=\"U4ZB7m27tL\"><a href=\"https:\/\/ottawacornwall.ca\/fr\/news\/message-for-national-indigenous-peoples-day\/\">Message pour la Journ\u00e9e nationale des Peuples autochtones<\/a><\/blockquote><iframe sandbox=\"allow-scripts\" security=\"restricted\" src=\"https:\/\/ottawacornwall.ca\/fr\/news\/message-for-national-indigenous-peoples-day\/embed\/#?secret=U4ZB7m27tL\" width=\"600\" height=\"338\" title=\"\u00ab\u00a0Message pour la Journ\u00e9e nationale des Peuples autochtones\u00a0\u00bb &#8212; Archdiocese of Ottawa-Cornwall\" data-secret=\"U4ZB7m27tL\" frameborder=\"0\" marginwidth=\"0\" marginheight=\"0\" scrolling=\"no\" class=\"wp-embedded-content\"><\/iframe><script type=\"text\/javascript\">\n\/* <![CDATA[ *\/\n\/*! This file is auto-generated *\/\n!function(d,l){\"use strict\";l.querySelector&&d.addEventListener&&\"undefined\"!=typeof URL&&(d.wp=d.wp||{},d.wp.receiveEmbedMessage||(d.wp.receiveEmbedMessage=function(e){var t=e.data;if((t||t.secret||t.message||t.value)&&!\/[^a-zA-Z0-9]\/.test(t.secret)){for(var s,r,n,a=l.querySelectorAll('iframe[data-secret=\"'+t.secret+'\"]'),o=l.querySelectorAll('blockquote[data-secret=\"'+t.secret+'\"]'),c=new RegExp(\"^https?:$\",\"i\"),i=0;i<o.length;i++)o[i].style.display=\"none\";for(i=0;i<a.length;i++)s=a[i],e.source===s.contentWindow&&(s.removeAttribute(\"style\"),\"height\"===t.message?(1e3<(r=parseInt(t.value,10))?r=1e3:~~r<200&&(r=200),s.height=r):\"link\"===t.message&&(r=new URL(s.getAttribute(\"src\")),n=new URL(t.value),c.test(n.protocol))&&n.host===r.host&&l.activeElement===s&&(d.top.location.href=t.value))}},d.addEventListener(\"message\",d.wp.receiveEmbedMessage,!1),l.addEventListener(\"DOMContentLoaded\",function(){for(var e,t,s=l.querySelectorAll(\"iframe.wp-embedded-content\"),r=0;r<s.length;r++)(t=(e=s[r]).getAttribute(\"data-secret\"))||(t=Math.random().toString(36).substring(2,12),e.src+=\"#?secret=\"+t,e.setAttribute(\"data-secret\",t)),e.contentWindow.postMessage({message:\"ready\",secret:t},\"*\")},!1)))}(window,document);\n\/\/# sourceURL=https:\/\/ottawacornwall.ca\/wp-includes\/js\/wp-embed.min.js\n\/* ]]> *\/\n<\/script>\n","description":"Nous rendons hommage aux Peuples autochtones, qui c\u00e9l\u00e8brent aujourd\u2019hui le solstice d\u2019\u00e9t\u00e9. Leurs cultures, leurs langues et leurs traditions nous inspirent. En cette journ\u00e9e la plus longue de l\u2019ann\u00e9e, o\u00f9 la lumi\u00e8re abonde, nous nous rappelons la lumi\u00e8re divine, apport\u00e9e par J\u00e9sus-Christ dans le monde (Jn 8, 12). Que cette lumi\u00e8re \u00e9claire les pas de [&hellip;]"}

Message pour la Journée nationale des Peuples autochtones - Archdiocese of Ottawa-Cornwall

<blockquote class="wp-embedded-content" data-secret="U4ZB7m27tL"><a href="https://ottawacornwall.ca/fr/news/message-for-national-indigenous-peoples-day/">Message pour la Journée nationale des Peuples autochtones</a></blockquote><iframe sandbox="allow-scripts" security="restricted" src="https://ottawacornwall.ca/fr/news/message-for-national-indigenous-peoples-day/embed/#?secret=U4ZB7m27tL" width="600" height="338" title="« Message pour la Journée nationale des Peuples autochtones » &#8212; Archdiocese of Ottawa-Cornwall" data-secret="U4ZB7m27tL" frameborder="0" marginwidth="0" marginheight="0" scrolling="no" class="wp-embedded-content"></iframe><script type="text/javascript">
/* <![CDATA[ */
/*! This file is auto-generated */
!function(d,l){"use strict";l.querySelector&&d.addEventListener&&"undefined"!=typeof URL&&(d.wp=d.wp||{},d.wp.receiveEmbedMessage||(d.wp.receiveEmbedMessage=function(e){var t=e.data;if((t||t.secret||t.message||t.value)&&!/[^a-zA-Z0-9]/.test(t.secret)){for(var s,r,n,a=l.querySelectorAll('iframe[data-secret="'+t.secret+'"]'),o=l.querySelectorAll('blockquote[data-secret="'+t.secret+'"]'),c=new RegExp("^https?:$","i"),i=0;i<o.length;i++)o[i].style.display="none";for(i=0;i<a.length;i++)s=a[i],e.source===s.contentWindow&&(s.removeAttribute("style"),"height"===t.message?(1e3<(r=parseInt(t.value,10))?r=1e3:~~r<200&&(r=200),s.height=r):"link"===t.message&&(r=new URL(s.getAttribute("src")),n=new URL(t.value),c.test(n.protocol))&&n.host===r.host&&l.activeElement===s&&(d.top.location.href=t.value))}},d.addEventListener("message",d.wp.receiveEmbedMessage,!1),l.addEventListener("DOMContentLoaded",function(){for(var e,t,s=l.querySelectorAll("iframe.wp-embedded-content"),r=0;r<s.length;r++)(t=(e=s[r]).getAttribute("data-secret"))||(t=Math.random().toString(36).substring(2,12),e.src+="#?secret="+t,e.setAttribute("data-secret",t)),e.contentWindow.postMessage({message:"ready",secret:t},"*")},!1)))}(window,document);
//# sourceURL=https://ottawacornwall.ca/wp-includes/js/wp-embed.min.js
/* ]]> */
</script>

Nous rendons hommage aux Peuples autochtones, qui célèbrent aujourd’hui le solstice d’été. Leurs cultures, leurs langues et leurs traditions nous inspirent. En cette journée la plus longue de l’année, où la lumière abonde, nous nous rappelons la lumière divine, apportée par Jésus-Christ dans le monde (Jn 8, 12). Que cette lumière éclaire les pas de [&hellip;]
