{"id":23105,"date":"2024-09-24T08:53:26","date_gmt":"2024-09-24T12:53:26","guid":{"rendered":"https:\/\/wp268132.wpdns.ca\/events\/programme-de-formation-au-diaconat-permanent\/"},"modified":"2024-09-24T08:53:26","modified_gmt":"2024-09-24T12:53:26","slug":"programme-de-formation-au-diaconat-permanent","status":"publish","type":"mec-events","link":"https:\/\/ottawacornwall.ca\/fr\/events\/programme-de-formation-au-diaconat-permanent\/","title":{"rendered":"Programme de formation au diaconat permanent"},"content":{"rendered":"<p>La prochaine cohorte de candidats pour le programme de formation au diaconat permanent entreprendra l\u2019ann\u00e9e de discernement en septembre 2024. Si vous vous sentez appel\u00e9 au diaconat ou si vous d\u00e9sirez plus de renseignements, communiquez avec M. Jacques Mayer, d.p. au 613-744-5018 ou par courriel \u00e0 <span style=\"color: #000000;\"><a style=\"color: #000000;\" href=\"mailto:jacques.mayer@ottawacornwall.ca\">jacques.mayer@ottawacornwall.ca<\/a><\/span>.<\/p>\n<p>&nbsp;<\/p>\n","protected":false},"excerpt":{"rendered":"<p>La prochaine cohorte de candidats pour le programme de formation au diaconat permanent entreprendra l\u2019ann\u00e9e de discernement en septembre 2024. Si vous vous sentez appel\u00e9 au diaconat ou si vous d\u00e9sirez plus de renseignements, communiquez avec M. Jacques Mayer, d.p. au 613-744-5018 ou par courriel \u00e0 jacques.mayer@ottawacornwall.ca. &nbsp;<\/p>\n","protected":false},"author":11,"featured_media":0,"comment_status":"closed","ping_status":"closed","template":"","mec_category":[],"mec_tag":[],"class_list":["post-23105","mec-events","type-mec-events","status-publish","hentry"],"acf":[],"yoast_head":"<!-- This site is optimized with the Yoast SEO plugin v27.4 - https:\/\/yoast.com\/product\/yoast-seo-wordpress\/ -->\n<title>Programme de formation au diaconat permanent - Archdiocese of Ottawa-Cornwall<\/title>\n<meta name=\"robots\" content=\"index, follow, max-snippet:-1, max-image-preview:large, max-video-preview:-1\" \/>\n<link rel=\"canonical\" href=\"https:\/\/ottawacornwall.ca\/fr\/events\/programme-de-formation-au-diaconat-permanent\/\" \/>\n<meta property=\"og:locale\" content=\"fr_FR\" \/>\n<meta property=\"og:type\" content=\"article\" \/>\n<meta property=\"og:title\" content=\"Programme de formation au diaconat permanent - Archdiocese of Ottawa-Cornwall\" \/>\n<meta property=\"og:description\" content=\"La prochaine cohorte de candidats pour le programme de formation au diaconat permanent entreprendra l\u2019ann\u00e9e de discernement en septembre 2024. Si vous vous sentez appel\u00e9 au diaconat ou si vous d\u00e9sirez plus de renseignements, communiquez avec M. Jacques Mayer, d.p. au 613-744-5018 ou par courriel \u00e0 jacques.mayer@ottawacornwall.ca. &nbsp;\" \/>\n<meta property=\"og:url\" content=\"https:\/\/ottawacornwall.ca\/fr\/events\/programme-de-formation-au-diaconat-permanent\/\" \/>\n<meta property=\"og:site_name\" content=\"Archdiocese of Ottawa-Cornwall\" \/>\n<meta name=\"twitter:card\" content=\"summary_large_image\" \/>\n<script type=\"application\/ld+json\" class=\"yoast-schema-graph\">{\"@context\":\"https:\\\/\\\/schema.org\",\"@graph\":[{\"@type\":\"WebPage\",\"@id\":\"https:\\\/\\\/ottawacornwall.ca\\\/fr\\\/events\\\/programme-de-formation-au-diaconat-permanent\\\/\",\"url\":\"https:\\\/\\\/ottawacornwall.ca\\\/fr\\\/events\\\/programme-de-formation-au-diaconat-permanent\\\/\",\"name\":\"Programme de formation au diaconat permanent - Archdiocese of Ottawa-Cornwall\",\"isPartOf\":{\"@id\":\"https:\\\/\\\/ottawacornwall.ca\\\/#website\"},\"datePublished\":\"2024-09-24T12:53:26+00:00\",\"breadcrumb\":{\"@id\":\"https:\\\/\\\/ottawacornwall.ca\\\/fr\\\/events\\\/programme-de-formation-au-diaconat-permanent\\\/#breadcrumb\"},\"inLanguage\":\"fr-FR\",\"potentialAction\":[{\"@type\":\"ReadAction\",\"target\":[\"https:\\\/\\\/ottawacornwall.ca\\\/fr\\\/events\\\/programme-de-formation-au-diaconat-permanent\\\/\"]}]},{\"@type\":\"BreadcrumbList\",\"@id\":\"https:\\\/\\\/ottawacornwall.ca\\\/fr\\\/events\\\/programme-de-formation-au-diaconat-permanent\\\/#breadcrumb\",\"itemListElement\":[{\"@type\":\"ListItem\",\"position\":1,\"name\":\"Home\",\"item\":\"https:\\\/\\\/ottawacornwall.ca\\\/fr\\\/\"},{\"@type\":\"ListItem\",\"position\":2,\"name\":\"Events\",\"item\":\"https:\\\/\\\/ottawacornwall.ca\\\/events\\\/\"},{\"@type\":\"ListItem\",\"position\":3,\"name\":\"Programme de formation au diaconat permanent\"}]},{\"@type\":\"WebSite\",\"@id\":\"https:\\\/\\\/ottawacornwall.ca\\\/#website\",\"url\":\"https:\\\/\\\/ottawacornwall.ca\\\/\",\"name\":\"Archdiocese of Ottawa-Cornwall\",\"description\":\"Welcome to the  Ottawa-Cornwall Archdiocese!\",\"publisher\":{\"@id\":\"https:\\\/\\\/ottawacornwall.ca\\\/#organization\"},\"potentialAction\":[{\"@type\":\"SearchAction\",\"target\":{\"@type\":\"EntryPoint\",\"urlTemplate\":\"https:\\\/\\\/ottawacornwall.ca\\\/?s={search_term_string}\"},\"query-input\":{\"@type\":\"PropertyValueSpecification\",\"valueRequired\":true,\"valueName\":\"search_term_string\"}}],\"inLanguage\":\"fr-FR\"},{\"@type\":\"Organization\",\"@id\":\"https:\\\/\\\/ottawacornwall.ca\\\/#organization\",\"name\":\"Archdiocese of Ottawa-Cornwall\",\"url\":\"https:\\\/\\\/ottawacornwall.ca\\\/\",\"logo\":{\"@type\":\"ImageObject\",\"inLanguage\":\"fr-FR\",\"@id\":\"https:\\\/\\\/ottawacornwall.ca\\\/#\\\/schema\\\/logo\\\/image\\\/\",\"url\":\"https:\\\/\\\/ottawacornwall.ca\\\/wp-content\\\/uploads\\\/2022\\\/11\\\/Archdiocese-Logo-Horizontal-Reverse-1.svg\",\"contentUrl\":\"https:\\\/\\\/ottawacornwall.ca\\\/wp-content\\\/uploads\\\/2022\\\/11\\\/Archdiocese-Logo-Horizontal-Reverse-1.svg\",\"caption\":\"Archdiocese of Ottawa-Cornwall\"},\"image\":{\"@id\":\"https:\\\/\\\/ottawacornwall.ca\\\/#\\\/schema\\\/logo\\\/image\\\/\"}}]}<\/script>\n<!-- \/ Yoast SEO plugin. -->","yoast_head_json":{"title":"Programme de formation au diaconat permanent - Archdiocese of Ottawa-Cornwall","robots":{"index":"index","follow":"follow","max-snippet":"max-snippet:-1","max-image-preview":"max-image-preview:large","max-video-preview":"max-video-preview:-1"},"canonical":"https:\/\/ottawacornwall.ca\/fr\/events\/programme-de-formation-au-diaconat-permanent\/","og_locale":"fr_FR","og_type":"article","og_title":"Programme de formation au diaconat permanent - Archdiocese of Ottawa-Cornwall","og_description":"La prochaine cohorte de candidats pour le programme de formation au diaconat permanent entreprendra l\u2019ann\u00e9e de discernement en septembre 2024. Si vous vous sentez appel\u00e9 au diaconat ou si vous d\u00e9sirez plus de renseignements, communiquez avec M. Jacques Mayer, d.p. au 613-744-5018 ou par courriel \u00e0 jacques.mayer@ottawacornwall.ca. &nbsp;","og_url":"https:\/\/ottawacornwall.ca\/fr\/events\/programme-de-formation-au-diaconat-permanent\/","og_site_name":"Archdiocese of Ottawa-Cornwall","twitter_card":"summary_large_image","schema":{"@context":"https:\/\/schema.org","@graph":[{"@type":"WebPage","@id":"https:\/\/ottawacornwall.ca\/fr\/events\/programme-de-formation-au-diaconat-permanent\/","url":"https:\/\/ottawacornwall.ca\/fr\/events\/programme-de-formation-au-diaconat-permanent\/","name":"Programme de formation au diaconat permanent - Archdiocese of Ottawa-Cornwall","isPartOf":{"@id":"https:\/\/ottawacornwall.ca\/#website"},"datePublished":"2024-09-24T12:53:26+00:00","breadcrumb":{"@id":"https:\/\/ottawacornwall.ca\/fr\/events\/programme-de-formation-au-diaconat-permanent\/#breadcrumb"},"inLanguage":"fr-FR","potentialAction":[{"@type":"ReadAction","target":["https:\/\/ottawacornwall.ca\/fr\/events\/programme-de-formation-au-diaconat-permanent\/"]}]},{"@type":"BreadcrumbList","@id":"https:\/\/ottawacornwall.ca\/fr\/events\/programme-de-formation-au-diaconat-permanent\/#breadcrumb","itemListElement":[{"@type":"ListItem","position":1,"name":"Home","item":"https:\/\/ottawacornwall.ca\/fr\/"},{"@type":"ListItem","position":2,"name":"Events","item":"https:\/\/ottawacornwall.ca\/events\/"},{"@type":"ListItem","position":3,"name":"Programme de formation au diaconat permanent"}]},{"@type":"WebSite","@id":"https:\/\/ottawacornwall.ca\/#website","url":"https:\/\/ottawacornwall.ca\/","name":"Archdiocese of Ottawa-Cornwall","description":"Welcome to the  Ottawa-Cornwall Archdiocese!","publisher":{"@id":"https:\/\/ottawacornwall.ca\/#organization"},"potentialAction":[{"@type":"SearchAction","target":{"@type":"EntryPoint","urlTemplate":"https:\/\/ottawacornwall.ca\/?s={search_term_string}"},"query-input":{"@type":"PropertyValueSpecification","valueRequired":true,"valueName":"search_term_string"}}],"inLanguage":"fr-FR"},{"@type":"Organization","@id":"https:\/\/ottawacornwall.ca\/#organization","name":"Archdiocese of Ottawa-Cornwall","url":"https:\/\/ottawacornwall.ca\/","logo":{"@type":"ImageObject","inLanguage":"fr-FR","@id":"https:\/\/ottawacornwall.ca\/#\/schema\/logo\/image\/","url":"https:\/\/ottawacornwall.ca\/wp-content\/uploads\/2022\/11\/Archdiocese-Logo-Horizontal-Reverse-1.svg","contentUrl":"https:\/\/ottawacornwall.ca\/wp-content\/uploads\/2022\/11\/Archdiocese-Logo-Horizontal-Reverse-1.svg","caption":"Archdiocese of Ottawa-Cornwall"},"image":{"@id":"https:\/\/ottawacornwall.ca\/#\/schema\/logo\/image\/"}}]}},"_links":{"self":[{"href":"https:\/\/ottawacornwall.ca\/fr\/wp-json\/wp\/v2\/mec-events\/23105","targetHints":{"allow":["GET"]}}],"collection":[{"href":"https:\/\/ottawacornwall.ca\/fr\/wp-json\/wp\/v2\/mec-events"}],"about":[{"href":"https:\/\/ottawacornwall.ca\/fr\/wp-json\/wp\/v2\/types\/mec-events"}],"author":[{"embeddable":true,"href":"https:\/\/ottawacornwall.ca\/fr\/wp-json\/wp\/v2\/users\/11"}],"replies":[{"embeddable":true,"href":"https:\/\/ottawacornwall.ca\/fr\/wp-json\/wp\/v2\/comments?post=23105"}],"wp:attachment":[{"href":"https:\/\/ottawacornwall.ca\/fr\/wp-json\/wp\/v2\/media?parent=23105"}],"wp:term":[{"taxonomy":"mec_category","embeddable":true,"href":"https:\/\/ottawacornwall.ca\/fr\/wp-json\/wp\/v2\/mec_category?post=23105"},{"taxonomy":"mec_tag","embeddable":true,"href":"https:\/\/ottawacornwall.ca\/fr\/wp-json\/wp\/v2\/mec_tag?post=23105"}],"curies":[{"name":"wp","href":"https:\/\/api.w.org\/{rel}","templated":true}]}}

<p>La prochaine cohorte de candidats pour le programme de formation au diaconat permanent entreprendra l’année de discernement en septembre 2024. Si vous vous sentez appelé au diaconat ou si vous désirez plus de renseignements, communiquez avec M. Jacques Mayer, d.p. au 613-744-5018 ou par courriel à <span style="color: #000000;"><a style="color: #000000;" href="mailto:jacques.mayer@ottawacornwall.ca">jacques.mayer@ottawacornwall.ca</a></span>.</p>
<p>&nbsp;</p>

<p>La prochaine cohorte de candidats pour le programme de formation au diaconat permanent entreprendra l’année de discernement en septembre 2024. Si vous vous sentez appelé au diaconat ou si vous désirez plus de renseignements, communiquez avec M. Jacques Mayer, d.p. au 613-744-5018 ou par courriel à jacques.mayer@ottawacornwall.ca. &nbsp;</p>

<!-- This site is optimized with the Yoast SEO plugin v27.4 - https://yoast.com/product/yoast-seo-wordpress/ -->
<title>Programme de formation au diaconat permanent - Archdiocese of Ottawa-Cornwall</title>
<meta name="robots" content="index, follow, max-snippet:-1, max-image-preview:large, max-video-preview:-1" />
<link rel="canonical" href="https://ottawacornwall.ca/fr/events/programme-de-formation-au-diaconat-permanent/" />
<meta property="og:locale" content="fr_FR" />
<meta property="og:type" content="article" />
<meta property="og:title" content="Programme de formation au diaconat permanent - Archdiocese of Ottawa-Cornwall" />
<meta property="og:description" content="La prochaine cohorte de candidats pour le programme de formation au diaconat permanent entreprendra l’année de discernement en septembre 2024. Si vous vous sentez appelé au diaconat ou si vous désirez plus de renseignements, communiquez avec M. Jacques Mayer, d.p. au 613-744-5018 ou par courriel à jacques.mayer@ottawacornwall.ca. &nbsp;" />
<meta property="og:url" content="https://ottawacornwall.ca/fr/events/programme-de-formation-au-diaconat-permanent/" />
<meta property="og:site_name" content="Archdiocese of Ottawa-Cornwall" />
<meta name="twitter:card" content="summary_large_image" />
<script type="application/ld+json" class="yoast-schema-graph">{"@context":"https:\/\/schema.org","@graph":[{"@type":"WebPage","@id":"https:\/\/ottawacornwall.ca\/fr\/events\/programme-de-formation-au-diaconat-permanent\/","url":"https:\/\/ottawacornwall.ca\/fr\/events\/programme-de-formation-au-diaconat-permanent\/","name":"Programme de formation au diaconat permanent - Archdiocese of Ottawa-Cornwall","isPartOf":{"@id":"https:\/\/ottawacornwall.ca\/#website"},"datePublished":"2024-09-24T12:53:26+00:00","breadcrumb":{"@id":"https:\/\/ottawacornwall.ca\/fr\/events\/programme-de-formation-au-diaconat-permanent\/#breadcrumb"},"inLanguage":"fr-FR","potentialAction":[{"@type":"ReadAction","target":["https:\/\/ottawacornwall.ca\/fr\/events\/programme-de-formation-au-diaconat-permanent\/"]}]},{"@type":"BreadcrumbList","@id":"https:\/\/ottawacornwall.ca\/fr\/events\/programme-de-formation-au-diaconat-permanent\/#breadcrumb","itemListElement":[{"@type":"ListItem","position":1,"name":"Home","item":"https:\/\/ottawacornwall.ca\/fr\/"},{"@type":"ListItem","position":2,"name":"Events","item":"https:\/\/ottawacornwall.ca\/events\/"},{"@type":"ListItem","position":3,"name":"Programme de formation au diaconat permanent"}]},{"@type":"WebSite","@id":"https:\/\/ottawacornwall.ca\/#website","url":"https:\/\/ottawacornwall.ca\/","name":"Archdiocese of Ottawa-Cornwall","description":"Welcome to the  Ottawa-Cornwall Archdiocese!","publisher":{"@id":"https:\/\/ottawacornwall.ca\/#organization"},"potentialAction":[{"@type":"SearchAction","target":{"@type":"EntryPoint","urlTemplate":"https:\/\/ottawacornwall.ca\/?s={search_term_string}"},"query-input":{"@type":"PropertyValueSpecification","valueRequired":true,"valueName":"search_term_string"}}],"inLanguage":"fr-FR"},{"@type":"Organization","@id":"https:\/\/ottawacornwall.ca\/#organization","name":"Archdiocese of Ottawa-Cornwall","url":"https:\/\/ottawacornwall.ca\/","logo":{"@type":"ImageObject","inLanguage":"fr-FR","@id":"https:\/\/ottawacornwall.ca\/#\/schema\/logo\/image\/","url":"https:\/\/ottawacornwall.ca\/wp-content\/uploads\/2022\/11\/Archdiocese-Logo-Horizontal-Reverse-1.svg","contentUrl":"https:\/\/ottawacornwall.ca\/wp-content\/uploads\/2022\/11\/Archdiocese-Logo-Horizontal-Reverse-1.svg","caption":"Archdiocese of Ottawa-Cornwall"},"image":{"@id":"https:\/\/ottawacornwall.ca\/#\/schema\/logo\/image\/"}}]}</script>
<!-- / Yoast SEO plugin. -->

La prochaine cohorte de candidats pour le programme de formation au diaconat permanent entreprendra l’année de discernement en septembre 2024. Si vous vous sentez appelé au diaconat ou si vous désirez plus de renseignements, communiquez avec M. Jacques Mayer, d.p. au 613-744-5018 ou par courriel à jacques.mayer@ottawacornwall.ca. &nbsp;
