{"id":23112,"date":"2024-09-24T08:53:26","date_gmt":"2024-09-24T12:53:26","guid":{"rendered":"https:\/\/wp268132.wpdns.ca\/events\/quo-vadis-soiree-de-discernement-de-lappel-a-la-pretrise-2\/"},"modified":"2024-09-24T08:53:26","modified_gmt":"2024-09-24T12:53:26","slug":"quo-vadis-soiree-de-discernement-de-lappel-a-la-pretrise-2","status":"publish","type":"mec-events","link":"https:\/\/ottawacornwall.ca\/fr\/events\/quo-vadis-soiree-de-discernement-de-lappel-a-la-pretrise-2\/","title":{"rendered":"Quo Vadis? Soir\u00e9e de discernement de l&rsquo;appel \u00e0 la pr\u00eatrise"},"content":{"rendered":"<p>Le Seigneur vous appelle-t-il \u00e0 la pr\u00eatrise? Soyez des n\u00f4tres lors de nos rencontres mensuelles ax\u00e9es sur la formation, la camaraderie et l\u2019adoration eucharistique, en compagnie de confr\u00e8res aussi en qu\u00eate de discernement par rapport \u00e0 la pr\u00eatrise. Les rencontres auront lieu au nouveau Caf\u00e9 des Tours, situ\u00e9 au sous-sol de la basilique-cath\u00e9drale Notre-Dame, \u00e0 Ottawa.<\/p>\n<p>Pour vous abonner \u00e0 la liste de diffusion Quo Vadis ou pour plus d\u2019information, communiquez avec M. l\u2019abb\u00e9 Connor O\u2019Hara, directeur des vocations pour l\u2019archidioc\u00e8se, \u00e0 <a href=\"mailto:vocations@ottawacornwall.ca\">vocations@ottawacornwall.ca<\/a>.<\/p>\n","protected":false},"excerpt":{"rendered":"<p>Le Seigneur vous appelle-t-il \u00e0 la pr\u00eatrise? Soyez des n\u00f4tres lors de nos rencontres mensuelles ax\u00e9es sur la formation, la camaraderie et l\u2019adoration eucharistique, en compagnie de confr\u00e8res aussi en qu\u00eate de discernement par rapport \u00e0 la pr\u00eatrise. Les rencontres auront lieu au nouveau Caf\u00e9 des Tours, situ\u00e9 au sous-sol de la basilique-cath\u00e9drale Notre-Dame, \u00e0 [&hellip;]<\/p>\n","protected":false},"author":6,"featured_media":19111,"comment_status":"closed","ping_status":"closed","template":"","mec_category":[],"mec_tag":[],"class_list":["post-23112","mec-events","type-mec-events","status-publish","has-post-thumbnail","hentry"],"acf":[],"yoast_head":"<!-- This site is optimized with the Yoast SEO plugin v27.4 - https:\/\/yoast.com\/product\/yoast-seo-wordpress\/ -->\n<title>Quo Vadis? Soir\u00e9e de discernement de l&#039;appel \u00e0 la pr\u00eatrise - Archdiocese of Ottawa-Cornwall<\/title>\n<meta name=\"robots\" content=\"index, follow, max-snippet:-1, max-image-preview:large, max-video-preview:-1\" \/>\n<link rel=\"canonical\" href=\"https:\/\/ottawacornwall.ca\/fr\/events\/quo-vadis-soiree-de-discernement-de-lappel-a-la-pretrise-2\/\" \/>\n<meta property=\"og:locale\" content=\"fr_FR\" \/>\n<meta property=\"og:type\" content=\"article\" \/>\n<meta property=\"og:title\" content=\"Quo Vadis? Soir\u00e9e de discernement de l&#039;appel \u00e0 la pr\u00eatrise - Archdiocese of Ottawa-Cornwall\" \/>\n<meta property=\"og:description\" content=\"Le Seigneur vous appelle-t-il \u00e0 la pr\u00eatrise? Soyez des n\u00f4tres lors de nos rencontres mensuelles ax\u00e9es sur la formation, la camaraderie et l\u2019adoration eucharistique, en compagnie de confr\u00e8res aussi en qu\u00eate de discernement par rapport \u00e0 la pr\u00eatrise. Les rencontres auront lieu au nouveau Caf\u00e9 des Tours, situ\u00e9 au sous-sol de la basilique-cath\u00e9drale Notre-Dame, \u00e0 [&hellip;]\" \/>\n<meta property=\"og:url\" content=\"https:\/\/ottawacornwall.ca\/fr\/events\/quo-vadis-soiree-de-discernement-de-lappel-a-la-pretrise-2\/\" \/>\n<meta property=\"og:site_name\" content=\"Archdiocese of Ottawa-Cornwall\" \/>\n<meta property=\"og:image\" content=\"https:\/\/ottawacornwall.ca\/wp-content\/uploads\/2024\/04\/English-3-768x1024.png\" \/>\n\t<meta property=\"og:image:width\" content=\"768\" \/>\n\t<meta property=\"og:image:height\" content=\"1024\" \/>\n\t<meta property=\"og:image:type\" content=\"image\/png\" \/>\n<meta name=\"twitter:card\" content=\"summary_large_image\" \/>\n<script type=\"application\/ld+json\" class=\"yoast-schema-graph\">{\"@context\":\"https:\\\/\\\/schema.org\",\"@graph\":[{\"@type\":\"WebPage\",\"@id\":\"https:\\\/\\\/ottawacornwall.ca\\\/fr\\\/events\\\/quo-vadis-soiree-de-discernement-de-lappel-a-la-pretrise-2\\\/\",\"url\":\"https:\\\/\\\/ottawacornwall.ca\\\/fr\\\/events\\\/quo-vadis-soiree-de-discernement-de-lappel-a-la-pretrise-2\\\/\",\"name\":\"Quo Vadis? Soir\u00e9e de discernement de l'appel \u00e0 la pr\u00eatrise - Archdiocese of Ottawa-Cornwall\",\"isPartOf\":{\"@id\":\"https:\\\/\\\/ottawacornwall.ca\\\/#website\"},\"primaryImageOfPage\":{\"@id\":\"https:\\\/\\\/ottawacornwall.ca\\\/fr\\\/events\\\/quo-vadis-soiree-de-discernement-de-lappel-a-la-pretrise-2\\\/#primaryimage\"},\"image\":{\"@id\":\"https:\\\/\\\/ottawacornwall.ca\\\/fr\\\/events\\\/quo-vadis-soiree-de-discernement-de-lappel-a-la-pretrise-2\\\/#primaryimage\"},\"thumbnailUrl\":\"https:\\\/\\\/ottawacornwall.ca\\\/wp-content\\\/uploads\\\/2024\\\/04\\\/English-3.png\",\"datePublished\":\"2024-09-24T12:53:26+00:00\",\"breadcrumb\":{\"@id\":\"https:\\\/\\\/ottawacornwall.ca\\\/fr\\\/events\\\/quo-vadis-soiree-de-discernement-de-lappel-a-la-pretrise-2\\\/#breadcrumb\"},\"inLanguage\":\"fr-FR\",\"potentialAction\":[{\"@type\":\"ReadAction\",\"target\":[\"https:\\\/\\\/ottawacornwall.ca\\\/fr\\\/events\\\/quo-vadis-soiree-de-discernement-de-lappel-a-la-pretrise-2\\\/\"]}]},{\"@type\":\"ImageObject\",\"inLanguage\":\"fr-FR\",\"@id\":\"https:\\\/\\\/ottawacornwall.ca\\\/fr\\\/events\\\/quo-vadis-soiree-de-discernement-de-lappel-a-la-pretrise-2\\\/#primaryimage\",\"url\":\"https:\\\/\\\/ottawacornwall.ca\\\/wp-content\\\/uploads\\\/2024\\\/04\\\/English-3.png\",\"contentUrl\":\"https:\\\/\\\/ottawacornwall.ca\\\/wp-content\\\/uploads\\\/2024\\\/04\\\/English-3.png\",\"width\":1728,\"height\":2304},{\"@type\":\"BreadcrumbList\",\"@id\":\"https:\\\/\\\/ottawacornwall.ca\\\/fr\\\/events\\\/quo-vadis-soiree-de-discernement-de-lappel-a-la-pretrise-2\\\/#breadcrumb\",\"itemListElement\":[{\"@type\":\"ListItem\",\"position\":1,\"name\":\"Home\",\"item\":\"https:\\\/\\\/ottawacornwall.ca\\\/fr\\\/\"},{\"@type\":\"ListItem\",\"position\":2,\"name\":\"Events\",\"item\":\"https:\\\/\\\/ottawacornwall.ca\\\/events\\\/\"},{\"@type\":\"ListItem\",\"position\":3,\"name\":\"Quo Vadis? Soir\u00e9e de discernement de l&rsquo;appel \u00e0 la pr\u00eatrise\"}]},{\"@type\":\"WebSite\",\"@id\":\"https:\\\/\\\/ottawacornwall.ca\\\/#website\",\"url\":\"https:\\\/\\\/ottawacornwall.ca\\\/\",\"name\":\"Archdiocese of Ottawa-Cornwall\",\"description\":\"Welcome to the  Ottawa-Cornwall Archdiocese!\",\"publisher\":{\"@id\":\"https:\\\/\\\/ottawacornwall.ca\\\/#organization\"},\"potentialAction\":[{\"@type\":\"SearchAction\",\"target\":{\"@type\":\"EntryPoint\",\"urlTemplate\":\"https:\\\/\\\/ottawacornwall.ca\\\/?s={search_term_string}\"},\"query-input\":{\"@type\":\"PropertyValueSpecification\",\"valueRequired\":true,\"valueName\":\"search_term_string\"}}],\"inLanguage\":\"fr-FR\"},{\"@type\":\"Organization\",\"@id\":\"https:\\\/\\\/ottawacornwall.ca\\\/#organization\",\"name\":\"Archdiocese of Ottawa-Cornwall\",\"url\":\"https:\\\/\\\/ottawacornwall.ca\\\/\",\"logo\":{\"@type\":\"ImageObject\",\"inLanguage\":\"fr-FR\",\"@id\":\"https:\\\/\\\/ottawacornwall.ca\\\/#\\\/schema\\\/logo\\\/image\\\/\",\"url\":\"https:\\\/\\\/ottawacornwall.ca\\\/wp-content\\\/uploads\\\/2022\\\/11\\\/Archdiocese-Logo-Horizontal-Reverse-1.svg\",\"contentUrl\":\"https:\\\/\\\/ottawacornwall.ca\\\/wp-content\\\/uploads\\\/2022\\\/11\\\/Archdiocese-Logo-Horizontal-Reverse-1.svg\",\"caption\":\"Archdiocese of Ottawa-Cornwall\"},\"image\":{\"@id\":\"https:\\\/\\\/ottawacornwall.ca\\\/#\\\/schema\\\/logo\\\/image\\\/\"}}]}<\/script>\n<!-- \/ Yoast SEO plugin. -->","yoast_head_json":{"title":"Quo Vadis? Soir\u00e9e de discernement de l'appel \u00e0 la pr\u00eatrise - Archdiocese of Ottawa-Cornwall","robots":{"index":"index","follow":"follow","max-snippet":"max-snippet:-1","max-image-preview":"max-image-preview:large","max-video-preview":"max-video-preview:-1"},"canonical":"https:\/\/ottawacornwall.ca\/fr\/events\/quo-vadis-soiree-de-discernement-de-lappel-a-la-pretrise-2\/","og_locale":"fr_FR","og_type":"article","og_title":"Quo Vadis? Soir\u00e9e de discernement de l'appel \u00e0 la pr\u00eatrise - Archdiocese of Ottawa-Cornwall","og_description":"Le Seigneur vous appelle-t-il \u00e0 la pr\u00eatrise? Soyez des n\u00f4tres lors de nos rencontres mensuelles ax\u00e9es sur la formation, la camaraderie et l\u2019adoration eucharistique, en compagnie de confr\u00e8res aussi en qu\u00eate de discernement par rapport \u00e0 la pr\u00eatrise. Les rencontres auront lieu au nouveau Caf\u00e9 des Tours, situ\u00e9 au sous-sol de la basilique-cath\u00e9drale Notre-Dame, \u00e0 [&hellip;]","og_url":"https:\/\/ottawacornwall.ca\/fr\/events\/quo-vadis-soiree-de-discernement-de-lappel-a-la-pretrise-2\/","og_site_name":"Archdiocese of Ottawa-Cornwall","og_image":[{"width":768,"height":1024,"url":"https:\/\/ottawacornwall.ca\/wp-content\/uploads\/2024\/04\/English-3-768x1024.png","type":"image\/png"}],"twitter_card":"summary_large_image","schema":{"@context":"https:\/\/schema.org","@graph":[{"@type":"WebPage","@id":"https:\/\/ottawacornwall.ca\/fr\/events\/quo-vadis-soiree-de-discernement-de-lappel-a-la-pretrise-2\/","url":"https:\/\/ottawacornwall.ca\/fr\/events\/quo-vadis-soiree-de-discernement-de-lappel-a-la-pretrise-2\/","name":"Quo Vadis? Soir\u00e9e de discernement de l'appel \u00e0 la pr\u00eatrise - Archdiocese of Ottawa-Cornwall","isPartOf":{"@id":"https:\/\/ottawacornwall.ca\/#website"},"primaryImageOfPage":{"@id":"https:\/\/ottawacornwall.ca\/fr\/events\/quo-vadis-soiree-de-discernement-de-lappel-a-la-pretrise-2\/#primaryimage"},"image":{"@id":"https:\/\/ottawacornwall.ca\/fr\/events\/quo-vadis-soiree-de-discernement-de-lappel-a-la-pretrise-2\/#primaryimage"},"thumbnailUrl":"https:\/\/ottawacornwall.ca\/wp-content\/uploads\/2024\/04\/English-3.png","datePublished":"2024-09-24T12:53:26+00:00","breadcrumb":{"@id":"https:\/\/ottawacornwall.ca\/fr\/events\/quo-vadis-soiree-de-discernement-de-lappel-a-la-pretrise-2\/#breadcrumb"},"inLanguage":"fr-FR","potentialAction":[{"@type":"ReadAction","target":["https:\/\/ottawacornwall.ca\/fr\/events\/quo-vadis-soiree-de-discernement-de-lappel-a-la-pretrise-2\/"]}]},{"@type":"ImageObject","inLanguage":"fr-FR","@id":"https:\/\/ottawacornwall.ca\/fr\/events\/quo-vadis-soiree-de-discernement-de-lappel-a-la-pretrise-2\/#primaryimage","url":"https:\/\/ottawacornwall.ca\/wp-content\/uploads\/2024\/04\/English-3.png","contentUrl":"https:\/\/ottawacornwall.ca\/wp-content\/uploads\/2024\/04\/English-3.png","width":1728,"height":2304},{"@type":"BreadcrumbList","@id":"https:\/\/ottawacornwall.ca\/fr\/events\/quo-vadis-soiree-de-discernement-de-lappel-a-la-pretrise-2\/#breadcrumb","itemListElement":[{"@type":"ListItem","position":1,"name":"Home","item":"https:\/\/ottawacornwall.ca\/fr\/"},{"@type":"ListItem","position":2,"name":"Events","item":"https:\/\/ottawacornwall.ca\/events\/"},{"@type":"ListItem","position":3,"name":"Quo Vadis? Soir\u00e9e de discernement de l&rsquo;appel \u00e0 la pr\u00eatrise"}]},{"@type":"WebSite","@id":"https:\/\/ottawacornwall.ca\/#website","url":"https:\/\/ottawacornwall.ca\/","name":"Archdiocese of Ottawa-Cornwall","description":"Welcome to the  Ottawa-Cornwall Archdiocese!","publisher":{"@id":"https:\/\/ottawacornwall.ca\/#organization"},"potentialAction":[{"@type":"SearchAction","target":{"@type":"EntryPoint","urlTemplate":"https:\/\/ottawacornwall.ca\/?s={search_term_string}"},"query-input":{"@type":"PropertyValueSpecification","valueRequired":true,"valueName":"search_term_string"}}],"inLanguage":"fr-FR"},{"@type":"Organization","@id":"https:\/\/ottawacornwall.ca\/#organization","name":"Archdiocese of Ottawa-Cornwall","url":"https:\/\/ottawacornwall.ca\/","logo":{"@type":"ImageObject","inLanguage":"fr-FR","@id":"https:\/\/ottawacornwall.ca\/#\/schema\/logo\/image\/","url":"https:\/\/ottawacornwall.ca\/wp-content\/uploads\/2022\/11\/Archdiocese-Logo-Horizontal-Reverse-1.svg","contentUrl":"https:\/\/ottawacornwall.ca\/wp-content\/uploads\/2022\/11\/Archdiocese-Logo-Horizontal-Reverse-1.svg","caption":"Archdiocese of Ottawa-Cornwall"},"image":{"@id":"https:\/\/ottawacornwall.ca\/#\/schema\/logo\/image\/"}}]}},"_links":{"self":[{"href":"https:\/\/ottawacornwall.ca\/fr\/wp-json\/wp\/v2\/mec-events\/23112","targetHints":{"allow":["GET"]}}],"collection":[{"href":"https:\/\/ottawacornwall.ca\/fr\/wp-json\/wp\/v2\/mec-events"}],"about":[{"href":"https:\/\/ottawacornwall.ca\/fr\/wp-json\/wp\/v2\/types\/mec-events"}],"author":[{"embeddable":true,"href":"https:\/\/ottawacornwall.ca\/fr\/wp-json\/wp\/v2\/users\/6"}],"replies":[{"embeddable":true,"href":"https:\/\/ottawacornwall.ca\/fr\/wp-json\/wp\/v2\/comments?post=23112"}],"wp:featuredmedia":[{"embeddable":true,"href":"https:\/\/ottawacornwall.ca\/fr\/wp-json\/wp\/v2\/media\/19111"}],"wp:attachment":[{"href":"https:\/\/ottawacornwall.ca\/fr\/wp-json\/wp\/v2\/media?parent=23112"}],"wp:term":[{"taxonomy":"mec_category","embeddable":true,"href":"https:\/\/ottawacornwall.ca\/fr\/wp-json\/wp\/v2\/mec_category?post=23112"},{"taxonomy":"mec_tag","embeddable":true,"href":"https:\/\/ottawacornwall.ca\/fr\/wp-json\/wp\/v2\/mec_tag?post=23112"}],"curies":[{"name":"wp","href":"https:\/\/api.w.org\/{rel}","templated":true}]}}

Quo Vadis? Soirée de discernement de l&rsquo;appel à la prêtrise

<p>Le Seigneur vous appelle-t-il à la prêtrise? Soyez des nôtres lors de nos rencontres mensuelles axées sur la formation, la camaraderie et l’adoration eucharistique, en compagnie de confrères aussi en quête de discernement par rapport à la prêtrise. Les rencontres auront lieu au nouveau Café des Tours, situé au sous-sol de la basilique-cathédrale Notre-Dame, à Ottawa.</p>
<p>Pour vous abonner à la liste de diffusion Quo Vadis ou pour plus d’information, communiquez avec M. l’abbé Connor O’Hara, directeur des vocations pour l’archidiocèse, à <a href="mailto:vocations@ottawacornwall.ca">vocations@ottawacornwall.ca</a>.</p>

<p>Le Seigneur vous appelle-t-il à la prêtrise? Soyez des nôtres lors de nos rencontres mensuelles axées sur la formation, la camaraderie et l’adoration eucharistique, en compagnie de confrères aussi en quête de discernement par rapport à la prêtrise. Les rencontres auront lieu au nouveau Café des Tours, situé au sous-sol de la basilique-cathédrale Notre-Dame, à [&hellip;]</p>

<!-- This site is optimized with the Yoast SEO plugin v27.4 - https://yoast.com/product/yoast-seo-wordpress/ -->
<title>Quo Vadis? Soirée de discernement de l&#039;appel à la prêtrise - Archdiocese of Ottawa-Cornwall</title>
<meta name="robots" content="index, follow, max-snippet:-1, max-image-preview:large, max-video-preview:-1" />
<link rel="canonical" href="https://ottawacornwall.ca/fr/events/quo-vadis-soiree-de-discernement-de-lappel-a-la-pretrise-2/" />
<meta property="og:locale" content="fr_FR" />
<meta property="og:type" content="article" />
<meta property="og:title" content="Quo Vadis? Soirée de discernement de l&#039;appel à la prêtrise - Archdiocese of Ottawa-Cornwall" />
<meta property="og:description" content="Le Seigneur vous appelle-t-il à la prêtrise? Soyez des nôtres lors de nos rencontres mensuelles axées sur la formation, la camaraderie et l’adoration eucharistique, en compagnie de confrères aussi en quête de discernement par rapport à la prêtrise. Les rencontres auront lieu au nouveau Café des Tours, situé au sous-sol de la basilique-cathédrale Notre-Dame, à [&hellip;]" />
<meta property="og:url" content="https://ottawacornwall.ca/fr/events/quo-vadis-soiree-de-discernement-de-lappel-a-la-pretrise-2/" />
<meta property="og:site_name" content="Archdiocese of Ottawa-Cornwall" />
<meta property="og:image" content="https://ottawacornwall.ca/wp-content/uploads/2024/04/English-3-768x1024.png" />
	<meta property="og:image:width" content="768" />
	<meta property="og:image:height" content="1024" />
	<meta property="og:image:type" content="image/png" />
<meta name="twitter:card" content="summary_large_image" />
<script type="application/ld+json" class="yoast-schema-graph">{"@context":"https:\/\/schema.org","@graph":[{"@type":"WebPage","@id":"https:\/\/ottawacornwall.ca\/fr\/events\/quo-vadis-soiree-de-discernement-de-lappel-a-la-pretrise-2\/","url":"https:\/\/ottawacornwall.ca\/fr\/events\/quo-vadis-soiree-de-discernement-de-lappel-a-la-pretrise-2\/","name":"Quo Vadis? Soirée de discernement de l'appel à la prêtrise - Archdiocese of Ottawa-Cornwall","isPartOf":{"@id":"https:\/\/ottawacornwall.ca\/#website"},"primaryImageOfPage":{"@id":"https:\/\/ottawacornwall.ca\/fr\/events\/quo-vadis-soiree-de-discernement-de-lappel-a-la-pretrise-2\/#primaryimage"},"image":{"@id":"https:\/\/ottawacornwall.ca\/fr\/events\/quo-vadis-soiree-de-discernement-de-lappel-a-la-pretrise-2\/#primaryimage"},"thumbnailUrl":"https:\/\/ottawacornwall.ca\/wp-content\/uploads\/2024\/04\/English-3.png","datePublished":"2024-09-24T12:53:26+00:00","breadcrumb":{"@id":"https:\/\/ottawacornwall.ca\/fr\/events\/quo-vadis-soiree-de-discernement-de-lappel-a-la-pretrise-2\/#breadcrumb"},"inLanguage":"fr-FR","potentialAction":[{"@type":"ReadAction","target":["https:\/\/ottawacornwall.ca\/fr\/events\/quo-vadis-soiree-de-discernement-de-lappel-a-la-pretrise-2\/"]}]},{"@type":"ImageObject","inLanguage":"fr-FR","@id":"https:\/\/ottawacornwall.ca\/fr\/events\/quo-vadis-soiree-de-discernement-de-lappel-a-la-pretrise-2\/#primaryimage","url":"https:\/\/ottawacornwall.ca\/wp-content\/uploads\/2024\/04\/English-3.png","contentUrl":"https:\/\/ottawacornwall.ca\/wp-content\/uploads\/2024\/04\/English-3.png","width":1728,"height":2304},{"@type":"BreadcrumbList","@id":"https:\/\/ottawacornwall.ca\/fr\/events\/quo-vadis-soiree-de-discernement-de-lappel-a-la-pretrise-2\/#breadcrumb","itemListElement":[{"@type":"ListItem","position":1,"name":"Home","item":"https:\/\/ottawacornwall.ca\/fr\/"},{"@type":"ListItem","position":2,"name":"Events","item":"https:\/\/ottawacornwall.ca\/events\/"},{"@type":"ListItem","position":3,"name":"Quo Vadis? Soirée de discernement de l&rsquo;appel à la prêtrise"}]},{"@type":"WebSite","@id":"https:\/\/ottawacornwall.ca\/#website","url":"https:\/\/ottawacornwall.ca\/","name":"Archdiocese of Ottawa-Cornwall","description":"Welcome to the  Ottawa-Cornwall Archdiocese!","publisher":{"@id":"https:\/\/ottawacornwall.ca\/#organization"},"potentialAction":[{"@type":"SearchAction","target":{"@type":"EntryPoint","urlTemplate":"https:\/\/ottawacornwall.ca\/?s={search_term_string}"},"query-input":{"@type":"PropertyValueSpecification","valueRequired":true,"valueName":"search_term_string"}}],"inLanguage":"fr-FR"},{"@type":"Organization","@id":"https:\/\/ottawacornwall.ca\/#organization","name":"Archdiocese of Ottawa-Cornwall","url":"https:\/\/ottawacornwall.ca\/","logo":{"@type":"ImageObject","inLanguage":"fr-FR","@id":"https:\/\/ottawacornwall.ca\/#\/schema\/logo\/image\/","url":"https:\/\/ottawacornwall.ca\/wp-content\/uploads\/2022\/11\/Archdiocese-Logo-Horizontal-Reverse-1.svg","contentUrl":"https:\/\/ottawacornwall.ca\/wp-content\/uploads\/2022\/11\/Archdiocese-Logo-Horizontal-Reverse-1.svg","caption":"Archdiocese of Ottawa-Cornwall"},"image":{"@id":"https:\/\/ottawacornwall.ca\/#\/schema\/logo\/image\/"}}]}</script>
<!-- / Yoast SEO plugin. -->

Quo Vadis? Soirée de discernement de l'appel à la prêtrise - Archdiocese of Ottawa-Cornwall

Le Seigneur vous appelle-t-il à la prêtrise? Soyez des nôtres lors de nos rencontres mensuelles axées sur la formation, la camaraderie et l’adoration eucharistique, en compagnie de confrères aussi en quête de discernement par rapport à la prêtrise. Les rencontres auront lieu au nouveau Café des Tours, situé au sous-sol de la basilique-cathédrale Notre-Dame, à [&hellip;]
