{"id":24485,"date":"2024-11-11T10:59:59","date_gmt":"2024-11-11T15:59:59","guid":{"rendered":"https:\/\/wp268132.wpdns.ca\/?post_type=mec-events&#038;p=24485"},"modified":"2024-11-11T10:59:59","modified_gmt":"2024-11-11T15:59:59","slug":"gala-de-noel-du-festival-de-la-parole","status":"publish","type":"mec-events","link":"https:\/\/ottawacornwall.ca\/fr\/events\/gala-de-noel-du-festival-de-la-parole\/","title":{"rendered":"Gala de No\u00ebl du Festival de la Parole"},"content":{"rendered":"<p>Soir\u00e9 b\u00e9n\u00e9fice. Adultes 35$, enfants de 12 ans et moins 15$. Info et billets :\u00a0 <span style=\"color: #000000;\"><a style=\"color: #000000;\" href=\"mailto:festivaldelaparolededieu@outlook.com\">festivaldelaparolededieu@outlook.com<\/a><\/span><\/p>\n<ul>\n<li>Cocktail de bienvenue \u00e0 partir de 18h.<\/li>\n<li>Chants de No\u00ebl de 18h30 \u00e0 19h30.<\/li>\n<li>Vins et Fromages, tirages, de 19h30 \u00e0 20h 30.<\/li>\n<li>Chants de No\u00ebl de 20h30 \u00e0 21h30.<\/li>\n<\/ul>\n<p>&nbsp;<\/p>\n","protected":false},"excerpt":{"rendered":"<p>Soir\u00e9 b\u00e9n\u00e9fice. Adultes 35$, enfants de 12 ans et moins 15$. Info et billets :\u00a0 festivaldelaparolededieu@outlook.com Cocktail de bienvenue \u00e0 partir de 18h. Chants de No\u00ebl de 18h30 \u00e0 19h30. Vins et Fromages, tirages, de 19h30 \u00e0 20h 30. Chants de No\u00ebl de 20h30 \u00e0 21h30. &nbsp;<\/p>\n","protected":false},"author":24,"featured_media":24490,"comment_status":"closed","ping_status":"closed","template":"","mec_category":[],"mec_tag":[],"class_list":["post-24485","mec-events","type-mec-events","status-publish","has-post-thumbnail","hentry"],"acf":[],"yoast_head":"<!-- This site is optimized with the Yoast SEO plugin v27.4 - https:\/\/yoast.com\/product\/yoast-seo-wordpress\/ -->\n<title>Gala de No\u00ebl du Festival de la Parole - Archdiocese of Ottawa-Cornwall<\/title>\n<meta name=\"robots\" content=\"index, follow, max-snippet:-1, max-image-preview:large, max-video-preview:-1\" \/>\n<link rel=\"canonical\" href=\"https:\/\/ottawacornwall.ca\/fr\/events\/gala-de-noel-du-festival-de-la-parole\/\" \/>\n<meta property=\"og:locale\" content=\"fr_FR\" \/>\n<meta property=\"og:type\" content=\"article\" \/>\n<meta property=\"og:title\" content=\"Gala de No\u00ebl du Festival de la Parole - Archdiocese of Ottawa-Cornwall\" \/>\n<meta property=\"og:description\" content=\"Soir\u00e9 b\u00e9n\u00e9fice. Adultes 35$, enfants de 12 ans et moins 15$. Info et billets :\u00a0 festivaldelaparolededieu@outlook.com Cocktail de bienvenue \u00e0 partir de 18h. Chants de No\u00ebl de 18h30 \u00e0 19h30. Vins et Fromages, tirages, de 19h30 \u00e0 20h 30. Chants de No\u00ebl de 20h30 \u00e0 21h30. &nbsp;\" \/>\n<meta property=\"og:url\" content=\"https:\/\/ottawacornwall.ca\/fr\/events\/gala-de-noel-du-festival-de-la-parole\/\" \/>\n<meta property=\"og:site_name\" content=\"Archdiocese of Ottawa-Cornwall\" \/>\n<meta property=\"og:image\" content=\"https:\/\/ottawacornwall.ca\/wp-content\/uploads\/2024\/10\/Gala-de-Noel-2024-poster.png\" \/>\n\t<meta property=\"og:image:width\" content=\"1294\" \/>\n\t<meta property=\"og:image:height\" content=\"2000\" \/>\n\t<meta property=\"og:image:type\" content=\"image\/png\" \/>\n<meta name=\"twitter:card\" content=\"summary_large_image\" \/>\n<meta name=\"twitter:label1\" content=\"Dur\u00e9e de lecture estim\u00e9e\" \/>\n\t<meta name=\"twitter:data1\" content=\"1 minute\" \/>\n<script type=\"application\/ld+json\" class=\"yoast-schema-graph\">{\"@context\":\"https:\\\/\\\/schema.org\",\"@graph\":[{\"@type\":\"WebPage\",\"@id\":\"https:\\\/\\\/ottawacornwall.ca\\\/fr\\\/events\\\/gala-de-noel-du-festival-de-la-parole\\\/\",\"url\":\"https:\\\/\\\/ottawacornwall.ca\\\/fr\\\/events\\\/gala-de-noel-du-festival-de-la-parole\\\/\",\"name\":\"Gala de No\u00ebl du Festival de la Parole - Archdiocese of Ottawa-Cornwall\",\"isPartOf\":{\"@id\":\"https:\\\/\\\/ottawacornwall.ca\\\/#website\"},\"primaryImageOfPage\":{\"@id\":\"https:\\\/\\\/ottawacornwall.ca\\\/fr\\\/events\\\/gala-de-noel-du-festival-de-la-parole\\\/#primaryimage\"},\"image\":{\"@id\":\"https:\\\/\\\/ottawacornwall.ca\\\/fr\\\/events\\\/gala-de-noel-du-festival-de-la-parole\\\/#primaryimage\"},\"thumbnailUrl\":\"https:\\\/\\\/ottawacornwall.ca\\\/wp-content\\\/uploads\\\/2024\\\/10\\\/Gala-de-Noel-2024-poster.png\",\"datePublished\":\"2024-11-11T15:59:59+00:00\",\"breadcrumb\":{\"@id\":\"https:\\\/\\\/ottawacornwall.ca\\\/fr\\\/events\\\/gala-de-noel-du-festival-de-la-parole\\\/#breadcrumb\"},\"inLanguage\":\"fr-FR\",\"potentialAction\":[{\"@type\":\"ReadAction\",\"target\":[\"https:\\\/\\\/ottawacornwall.ca\\\/fr\\\/events\\\/gala-de-noel-du-festival-de-la-parole\\\/\"]}]},{\"@type\":\"ImageObject\",\"inLanguage\":\"fr-FR\",\"@id\":\"https:\\\/\\\/ottawacornwall.ca\\\/fr\\\/events\\\/gala-de-noel-du-festival-de-la-parole\\\/#primaryimage\",\"url\":\"https:\\\/\\\/ottawacornwall.ca\\\/wp-content\\\/uploads\\\/2024\\\/10\\\/Gala-de-Noel-2024-poster.png\",\"contentUrl\":\"https:\\\/\\\/ottawacornwall.ca\\\/wp-content\\\/uploads\\\/2024\\\/10\\\/Gala-de-Noel-2024-poster.png\",\"width\":1294,\"height\":2000},{\"@type\":\"BreadcrumbList\",\"@id\":\"https:\\\/\\\/ottawacornwall.ca\\\/fr\\\/events\\\/gala-de-noel-du-festival-de-la-parole\\\/#breadcrumb\",\"itemListElement\":[{\"@type\":\"ListItem\",\"position\":1,\"name\":\"Home\",\"item\":\"https:\\\/\\\/ottawacornwall.ca\\\/fr\\\/\"},{\"@type\":\"ListItem\",\"position\":2,\"name\":\"Events\",\"item\":\"https:\\\/\\\/ottawacornwall.ca\\\/events\\\/\"},{\"@type\":\"ListItem\",\"position\":3,\"name\":\"Gala de No\u00ebl du Festival de la Parole\"}]},{\"@type\":\"WebSite\",\"@id\":\"https:\\\/\\\/ottawacornwall.ca\\\/#website\",\"url\":\"https:\\\/\\\/ottawacornwall.ca\\\/\",\"name\":\"Archdiocese of Ottawa-Cornwall\",\"description\":\"Welcome to the  Ottawa-Cornwall Archdiocese!\",\"publisher\":{\"@id\":\"https:\\\/\\\/ottawacornwall.ca\\\/#organization\"},\"potentialAction\":[{\"@type\":\"SearchAction\",\"target\":{\"@type\":\"EntryPoint\",\"urlTemplate\":\"https:\\\/\\\/ottawacornwall.ca\\\/?s={search_term_string}\"},\"query-input\":{\"@type\":\"PropertyValueSpecification\",\"valueRequired\":true,\"valueName\":\"search_term_string\"}}],\"inLanguage\":\"fr-FR\"},{\"@type\":\"Organization\",\"@id\":\"https:\\\/\\\/ottawacornwall.ca\\\/#organization\",\"name\":\"Archdiocese of Ottawa-Cornwall\",\"url\":\"https:\\\/\\\/ottawacornwall.ca\\\/\",\"logo\":{\"@type\":\"ImageObject\",\"inLanguage\":\"fr-FR\",\"@id\":\"https:\\\/\\\/ottawacornwall.ca\\\/#\\\/schema\\\/logo\\\/image\\\/\",\"url\":\"https:\\\/\\\/ottawacornwall.ca\\\/wp-content\\\/uploads\\\/2022\\\/11\\\/Archdiocese-Logo-Horizontal-Reverse-1.svg\",\"contentUrl\":\"https:\\\/\\\/ottawacornwall.ca\\\/wp-content\\\/uploads\\\/2022\\\/11\\\/Archdiocese-Logo-Horizontal-Reverse-1.svg\",\"caption\":\"Archdiocese of Ottawa-Cornwall\"},\"image\":{\"@id\":\"https:\\\/\\\/ottawacornwall.ca\\\/#\\\/schema\\\/logo\\\/image\\\/\"}}]}<\/script>\n<!-- \/ Yoast SEO plugin. -->","yoast_head_json":{"title":"Gala de No\u00ebl du Festival de la Parole - Archdiocese of Ottawa-Cornwall","robots":{"index":"index","follow":"follow","max-snippet":"max-snippet:-1","max-image-preview":"max-image-preview:large","max-video-preview":"max-video-preview:-1"},"canonical":"https:\/\/ottawacornwall.ca\/fr\/events\/gala-de-noel-du-festival-de-la-parole\/","og_locale":"fr_FR","og_type":"article","og_title":"Gala de No\u00ebl du Festival de la Parole - Archdiocese of Ottawa-Cornwall","og_description":"Soir\u00e9 b\u00e9n\u00e9fice. Adultes 35$, enfants de 12 ans et moins 15$. Info et billets :\u00a0 festivaldelaparolededieu@outlook.com Cocktail de bienvenue \u00e0 partir de 18h. Chants de No\u00ebl de 18h30 \u00e0 19h30. Vins et Fromages, tirages, de 19h30 \u00e0 20h 30. Chants de No\u00ebl de 20h30 \u00e0 21h30. &nbsp;","og_url":"https:\/\/ottawacornwall.ca\/fr\/events\/gala-de-noel-du-festival-de-la-parole\/","og_site_name":"Archdiocese of Ottawa-Cornwall","og_image":[{"width":1294,"height":2000,"url":"https:\/\/ottawacornwall.ca\/wp-content\/uploads\/2024\/10\/Gala-de-Noel-2024-poster.png","type":"image\/png"}],"twitter_card":"summary_large_image","twitter_misc":{"Dur\u00e9e de lecture estim\u00e9e":"1 minute"},"schema":{"@context":"https:\/\/schema.org","@graph":[{"@type":"WebPage","@id":"https:\/\/ottawacornwall.ca\/fr\/events\/gala-de-noel-du-festival-de-la-parole\/","url":"https:\/\/ottawacornwall.ca\/fr\/events\/gala-de-noel-du-festival-de-la-parole\/","name":"Gala de No\u00ebl du Festival de la Parole - Archdiocese of Ottawa-Cornwall","isPartOf":{"@id":"https:\/\/ottawacornwall.ca\/#website"},"primaryImageOfPage":{"@id":"https:\/\/ottawacornwall.ca\/fr\/events\/gala-de-noel-du-festival-de-la-parole\/#primaryimage"},"image":{"@id":"https:\/\/ottawacornwall.ca\/fr\/events\/gala-de-noel-du-festival-de-la-parole\/#primaryimage"},"thumbnailUrl":"https:\/\/ottawacornwall.ca\/wp-content\/uploads\/2024\/10\/Gala-de-Noel-2024-poster.png","datePublished":"2024-11-11T15:59:59+00:00","breadcrumb":{"@id":"https:\/\/ottawacornwall.ca\/fr\/events\/gala-de-noel-du-festival-de-la-parole\/#breadcrumb"},"inLanguage":"fr-FR","potentialAction":[{"@type":"ReadAction","target":["https:\/\/ottawacornwall.ca\/fr\/events\/gala-de-noel-du-festival-de-la-parole\/"]}]},{"@type":"ImageObject","inLanguage":"fr-FR","@id":"https:\/\/ottawacornwall.ca\/fr\/events\/gala-de-noel-du-festival-de-la-parole\/#primaryimage","url":"https:\/\/ottawacornwall.ca\/wp-content\/uploads\/2024\/10\/Gala-de-Noel-2024-poster.png","contentUrl":"https:\/\/ottawacornwall.ca\/wp-content\/uploads\/2024\/10\/Gala-de-Noel-2024-poster.png","width":1294,"height":2000},{"@type":"BreadcrumbList","@id":"https:\/\/ottawacornwall.ca\/fr\/events\/gala-de-noel-du-festival-de-la-parole\/#breadcrumb","itemListElement":[{"@type":"ListItem","position":1,"name":"Home","item":"https:\/\/ottawacornwall.ca\/fr\/"},{"@type":"ListItem","position":2,"name":"Events","item":"https:\/\/ottawacornwall.ca\/events\/"},{"@type":"ListItem","position":3,"name":"Gala de No\u00ebl du Festival de la Parole"}]},{"@type":"WebSite","@id":"https:\/\/ottawacornwall.ca\/#website","url":"https:\/\/ottawacornwall.ca\/","name":"Archdiocese of Ottawa-Cornwall","description":"Welcome to the  Ottawa-Cornwall Archdiocese!","publisher":{"@id":"https:\/\/ottawacornwall.ca\/#organization"},"potentialAction":[{"@type":"SearchAction","target":{"@type":"EntryPoint","urlTemplate":"https:\/\/ottawacornwall.ca\/?s={search_term_string}"},"query-input":{"@type":"PropertyValueSpecification","valueRequired":true,"valueName":"search_term_string"}}],"inLanguage":"fr-FR"},{"@type":"Organization","@id":"https:\/\/ottawacornwall.ca\/#organization","name":"Archdiocese of Ottawa-Cornwall","url":"https:\/\/ottawacornwall.ca\/","logo":{"@type":"ImageObject","inLanguage":"fr-FR","@id":"https:\/\/ottawacornwall.ca\/#\/schema\/logo\/image\/","url":"https:\/\/ottawacornwall.ca\/wp-content\/uploads\/2022\/11\/Archdiocese-Logo-Horizontal-Reverse-1.svg","contentUrl":"https:\/\/ottawacornwall.ca\/wp-content\/uploads\/2022\/11\/Archdiocese-Logo-Horizontal-Reverse-1.svg","caption":"Archdiocese of Ottawa-Cornwall"},"image":{"@id":"https:\/\/ottawacornwall.ca\/#\/schema\/logo\/image\/"}}]}},"_links":{"self":[{"href":"https:\/\/ottawacornwall.ca\/fr\/wp-json\/wp\/v2\/mec-events\/24485","targetHints":{"allow":["GET"]}}],"collection":[{"href":"https:\/\/ottawacornwall.ca\/fr\/wp-json\/wp\/v2\/mec-events"}],"about":[{"href":"https:\/\/ottawacornwall.ca\/fr\/wp-json\/wp\/v2\/types\/mec-events"}],"author":[{"embeddable":true,"href":"https:\/\/ottawacornwall.ca\/fr\/wp-json\/wp\/v2\/users\/24"}],"replies":[{"embeddable":true,"href":"https:\/\/ottawacornwall.ca\/fr\/wp-json\/wp\/v2\/comments?post=24485"}],"wp:featuredmedia":[{"embeddable":true,"href":"https:\/\/ottawacornwall.ca\/fr\/wp-json\/wp\/v2\/media\/24490"}],"wp:attachment":[{"href":"https:\/\/ottawacornwall.ca\/fr\/wp-json\/wp\/v2\/media?parent=24485"}],"wp:term":[{"taxonomy":"mec_category","embeddable":true,"href":"https:\/\/ottawacornwall.ca\/fr\/wp-json\/wp\/v2\/mec_category?post=24485"},{"taxonomy":"mec_tag","embeddable":true,"href":"https:\/\/ottawacornwall.ca\/fr\/wp-json\/wp\/v2\/mec_tag?post=24485"}],"curies":[{"name":"wp","href":"https:\/\/api.w.org\/{rel}","templated":true}]}}

Gala de Noël du Festival de la Parole

<p>Soiré bénéfice. Adultes 35$, enfants de 12 ans et moins 15$. Info et billets :  <span style="color: #000000;"><a style="color: #000000;" href="mailto:festivaldelaparolededieu@outlook.com">festivaldelaparolededieu@outlook.com</a></span></p>
<ul>
<li>Cocktail de bienvenue à partir de 18h.</li>
<li>Chants de Noël de 18h30 à 19h30.</li>
<li>Vins et Fromages, tirages, de 19h30 à 20h 30.</li>
<li>Chants de Noël de 20h30 à 21h30.</li>
</ul>
<p>&nbsp;</p>

<p>Soiré bénéfice. Adultes 35$, enfants de 12 ans et moins 15$. Info et billets :  festivaldelaparolededieu@outlook.com Cocktail de bienvenue à partir de 18h. Chants de Noël de 18h30 à 19h30. Vins et Fromages, tirages, de 19h30 à 20h 30. Chants de Noël de 20h30 à 21h30. &nbsp;</p>

<!-- This site is optimized with the Yoast SEO plugin v27.4 - https://yoast.com/product/yoast-seo-wordpress/ -->
<title>Gala de Noël du Festival de la Parole - Archdiocese of Ottawa-Cornwall</title>
<meta name="robots" content="index, follow, max-snippet:-1, max-image-preview:large, max-video-preview:-1" />
<link rel="canonical" href="https://ottawacornwall.ca/fr/events/gala-de-noel-du-festival-de-la-parole/" />
<meta property="og:locale" content="fr_FR" />
<meta property="og:type" content="article" />
<meta property="og:title" content="Gala de Noël du Festival de la Parole - Archdiocese of Ottawa-Cornwall" />
<meta property="og:description" content="Soiré bénéfice. Adultes 35$, enfants de 12 ans et moins 15$. Info et billets :  festivaldelaparolededieu@outlook.com Cocktail de bienvenue à partir de 18h. Chants de Noël de 18h30 à 19h30. Vins et Fromages, tirages, de 19h30 à 20h 30. Chants de Noël de 20h30 à 21h30. &nbsp;" />
<meta property="og:url" content="https://ottawacornwall.ca/fr/events/gala-de-noel-du-festival-de-la-parole/" />
<meta property="og:site_name" content="Archdiocese of Ottawa-Cornwall" />
<meta property="og:image" content="https://ottawacornwall.ca/wp-content/uploads/2024/10/Gala-de-Noel-2024-poster.png" />
	<meta property="og:image:width" content="1294" />
	<meta property="og:image:height" content="2000" />
	<meta property="og:image:type" content="image/png" />
<meta name="twitter:card" content="summary_large_image" />
<meta name="twitter:label1" content="Durée de lecture estimée" />
	<meta name="twitter:data1" content="1 minute" />
<script type="application/ld+json" class="yoast-schema-graph">{"@context":"https:\/\/schema.org","@graph":[{"@type":"WebPage","@id":"https:\/\/ottawacornwall.ca\/fr\/events\/gala-de-noel-du-festival-de-la-parole\/","url":"https:\/\/ottawacornwall.ca\/fr\/events\/gala-de-noel-du-festival-de-la-parole\/","name":"Gala de Noël du Festival de la Parole - Archdiocese of Ottawa-Cornwall","isPartOf":{"@id":"https:\/\/ottawacornwall.ca\/#website"},"primaryImageOfPage":{"@id":"https:\/\/ottawacornwall.ca\/fr\/events\/gala-de-noel-du-festival-de-la-parole\/#primaryimage"},"image":{"@id":"https:\/\/ottawacornwall.ca\/fr\/events\/gala-de-noel-du-festival-de-la-parole\/#primaryimage"},"thumbnailUrl":"https:\/\/ottawacornwall.ca\/wp-content\/uploads\/2024\/10\/Gala-de-Noel-2024-poster.png","datePublished":"2024-11-11T15:59:59+00:00","breadcrumb":{"@id":"https:\/\/ottawacornwall.ca\/fr\/events\/gala-de-noel-du-festival-de-la-parole\/#breadcrumb"},"inLanguage":"fr-FR","potentialAction":[{"@type":"ReadAction","target":["https:\/\/ottawacornwall.ca\/fr\/events\/gala-de-noel-du-festival-de-la-parole\/"]}]},{"@type":"ImageObject","inLanguage":"fr-FR","@id":"https:\/\/ottawacornwall.ca\/fr\/events\/gala-de-noel-du-festival-de-la-parole\/#primaryimage","url":"https:\/\/ottawacornwall.ca\/wp-content\/uploads\/2024\/10\/Gala-de-Noel-2024-poster.png","contentUrl":"https:\/\/ottawacornwall.ca\/wp-content\/uploads\/2024\/10\/Gala-de-Noel-2024-poster.png","width":1294,"height":2000},{"@type":"BreadcrumbList","@id":"https:\/\/ottawacornwall.ca\/fr\/events\/gala-de-noel-du-festival-de-la-parole\/#breadcrumb","itemListElement":[{"@type":"ListItem","position":1,"name":"Home","item":"https:\/\/ottawacornwall.ca\/fr\/"},{"@type":"ListItem","position":2,"name":"Events","item":"https:\/\/ottawacornwall.ca\/events\/"},{"@type":"ListItem","position":3,"name":"Gala de Noël du Festival de la Parole"}]},{"@type":"WebSite","@id":"https:\/\/ottawacornwall.ca\/#website","url":"https:\/\/ottawacornwall.ca\/","name":"Archdiocese of Ottawa-Cornwall","description":"Welcome to the  Ottawa-Cornwall Archdiocese!","publisher":{"@id":"https:\/\/ottawacornwall.ca\/#organization"},"potentialAction":[{"@type":"SearchAction","target":{"@type":"EntryPoint","urlTemplate":"https:\/\/ottawacornwall.ca\/?s={search_term_string}"},"query-input":{"@type":"PropertyValueSpecification","valueRequired":true,"valueName":"search_term_string"}}],"inLanguage":"fr-FR"},{"@type":"Organization","@id":"https:\/\/ottawacornwall.ca\/#organization","name":"Archdiocese of Ottawa-Cornwall","url":"https:\/\/ottawacornwall.ca\/","logo":{"@type":"ImageObject","inLanguage":"fr-FR","@id":"https:\/\/ottawacornwall.ca\/#\/schema\/logo\/image\/","url":"https:\/\/ottawacornwall.ca\/wp-content\/uploads\/2022\/11\/Archdiocese-Logo-Horizontal-Reverse-1.svg","contentUrl":"https:\/\/ottawacornwall.ca\/wp-content\/uploads\/2022\/11\/Archdiocese-Logo-Horizontal-Reverse-1.svg","caption":"Archdiocese of Ottawa-Cornwall"},"image":{"@id":"https:\/\/ottawacornwall.ca\/#\/schema\/logo\/image\/"}}]}</script>
<!-- / Yoast SEO plugin. -->

Gala de Noël du Festival de la Parole - Archdiocese of Ottawa-Cornwall

Soiré bénéfice. Adultes 35$, enfants de 12 ans et moins 15$. Info et billets :  festivaldelaparolededieu@outlook.com Cocktail de bienvenue à partir de 18h. Chants de Noël de 18h30 à 19h30. Vins et Fromages, tirages, de 19h30 à 20h 30. Chants de Noël de 20h30 à 21h30. &nbsp;
