{"id":26406,"date":"2024-12-13T15:53:41","date_gmt":"2024-12-13T20:53:41","guid":{"rendered":"https:\/\/wp268132.wpdns.ca\/?post_type=mec-events&#038;p=26406"},"modified":"2024-12-13T15:53:41","modified_gmt":"2024-12-13T20:53:41","slug":"foi-et-television-chretienne-journee-de-ressourcement-mensuelle","status":"publish","type":"mec-events","link":"https:\/\/ottawacornwall.ca\/fr\/events\/foi-et-television-chretienne-journee-de-ressourcement-mensuelle\/","title":{"rendered":"Foi et t\u00e9l\u00e9vision chr\u00e9tienne &#8211; Journ\u00e9e de ressourcement mensuelle"},"content":{"rendered":"<p><strong>FOI ET T\u00c9L\u00c9VISION CHR\u00c9TIENNE &#8211;\u00a0<\/strong>Une journ\u00e9e de ressourcement dont le <strong>th\u00e8me<\/strong> est \u00ab\u00a0<em>Proclamer une ann\u00e9e de gr\u00e2ce du Seigneur<\/em>\u00a0\u00bb (Lc 4,19)\u00a0aura lieu <strong>le 18 janvier 2025<\/strong> de 10 h \u00e0 16 h 30 <strong>\u00e0 l&rsquo;\u00e9glise Saint-Gabriel<\/strong>, 55, rue Appleford, Ottawa, K1J 6T6, au sous-sol.<strong> Le conf\u00e9rencier<\/strong>\u00a0sera Abb\u00e9 Apollinaire Ntamabyaliro, cur\u00e9 de la paroisse Saint-Joseph d\u2019Orl\u00e9ans. <strong>Entr\u00e9e libre<\/strong>. Prochaine journ\u00e9e : le 22 f\u00e9vrier 2025 avec l\u2019abb\u00e9 Fran\u00e7ois Kibwenge, vicaire \u00e9piscopal.\u00a0 R\u00e9servez vos dates. Pour plus de renseignements sur Foi et T\u00e9l\u00e9vision chr\u00e9tienne : <u><a href=\"http:\/\/foi-et-televisionchretienne.org\/\">http:\/\/foi-et-televisionchretienne.org\/<\/a><\/u>.\u00a0Pour les \u00e9v\u00e9nements \u00e0 venir consulter le lien suivant.\u00a0<u><a href=\"http:\/\/foi-et-televisionchretienne.org\/activites\">http:\/\/foi-et-televisionchretienne.org\/activites<\/a><\/u><\/p>\n","protected":false},"excerpt":{"rendered":"<p>FOI ET T\u00c9L\u00c9VISION CHR\u00c9TIENNE &#8211;\u00a0Une journ\u00e9e de ressourcement dont le th\u00e8me est \u00ab\u00a0Proclamer une ann\u00e9e de gr\u00e2ce du Seigneur\u00a0\u00bb (Lc 4,19)\u00a0aura lieu le 18 janvier 2025 de 10 h \u00e0 16 h 30 \u00e0 l&rsquo;\u00e9glise Saint-Gabriel, 55, rue Appleford, Ottawa, K1J 6T6, au sous-sol. Le conf\u00e9rencier\u00a0sera Abb\u00e9 Apollinaire Ntamabyaliro, cur\u00e9 de la paroisse Saint-Joseph d\u2019Orl\u00e9ans. [&hellip;]<\/p>\n","protected":false},"author":24,"featured_media":0,"comment_status":"closed","ping_status":"closed","template":"","mec_category":[],"mec_tag":[],"class_list":["post-26406","mec-events","type-mec-events","status-publish","hentry"],"acf":[],"yoast_head":"<!-- This site is optimized with the Yoast SEO plugin v27.4 - https:\/\/yoast.com\/product\/yoast-seo-wordpress\/ -->\n<title>Foi et t\u00e9l\u00e9vision chr\u00e9tienne - Journ\u00e9e de ressourcement mensuelle - Archdiocese of Ottawa-Cornwall<\/title>\n<meta name=\"robots\" content=\"index, follow, max-snippet:-1, max-image-preview:large, max-video-preview:-1\" \/>\n<link rel=\"canonical\" href=\"https:\/\/ottawacornwall.ca\/fr\/events\/foi-et-television-chretienne-journee-de-ressourcement-mensuelle\/\" \/>\n<meta property=\"og:locale\" content=\"fr_FR\" \/>\n<meta property=\"og:type\" content=\"article\" \/>\n<meta property=\"og:title\" content=\"Foi et t\u00e9l\u00e9vision chr\u00e9tienne - Journ\u00e9e de ressourcement mensuelle - Archdiocese of Ottawa-Cornwall\" \/>\n<meta property=\"og:description\" content=\"FOI ET T\u00c9L\u00c9VISION CHR\u00c9TIENNE &#8211;\u00a0Une journ\u00e9e de ressourcement dont le th\u00e8me est \u00ab\u00a0Proclamer une ann\u00e9e de gr\u00e2ce du Seigneur\u00a0\u00bb (Lc 4,19)\u00a0aura lieu le 18 janvier 2025 de 10 h \u00e0 16 h 30 \u00e0 l&rsquo;\u00e9glise Saint-Gabriel, 55, rue Appleford, Ottawa, K1J 6T6, au sous-sol. Le conf\u00e9rencier\u00a0sera Abb\u00e9 Apollinaire Ntamabyaliro, cur\u00e9 de la paroisse Saint-Joseph d\u2019Orl\u00e9ans. [&hellip;]\" \/>\n<meta property=\"og:url\" content=\"https:\/\/ottawacornwall.ca\/fr\/events\/foi-et-television-chretienne-journee-de-ressourcement-mensuelle\/\" \/>\n<meta property=\"og:site_name\" content=\"Archdiocese of Ottawa-Cornwall\" \/>\n<meta name=\"twitter:card\" content=\"summary_large_image\" \/>\n<meta name=\"twitter:label1\" content=\"Dur\u00e9e de lecture estim\u00e9e\" \/>\n\t<meta name=\"twitter:data1\" content=\"1 minute\" \/>\n<script type=\"application\/ld+json\" class=\"yoast-schema-graph\">{\"@context\":\"https:\\\/\\\/schema.org\",\"@graph\":[{\"@type\":\"WebPage\",\"@id\":\"https:\\\/\\\/ottawacornwall.ca\\\/fr\\\/events\\\/foi-et-television-chretienne-journee-de-ressourcement-mensuelle\\\/\",\"url\":\"https:\\\/\\\/ottawacornwall.ca\\\/fr\\\/events\\\/foi-et-television-chretienne-journee-de-ressourcement-mensuelle\\\/\",\"name\":\"Foi et t\u00e9l\u00e9vision chr\u00e9tienne - Journ\u00e9e de ressourcement mensuelle - Archdiocese of Ottawa-Cornwall\",\"isPartOf\":{\"@id\":\"https:\\\/\\\/ottawacornwall.ca\\\/#website\"},\"datePublished\":\"2024-12-13T20:53:41+00:00\",\"breadcrumb\":{\"@id\":\"https:\\\/\\\/ottawacornwall.ca\\\/fr\\\/events\\\/foi-et-television-chretienne-journee-de-ressourcement-mensuelle\\\/#breadcrumb\"},\"inLanguage\":\"fr-FR\",\"potentialAction\":[{\"@type\":\"ReadAction\",\"target\":[\"https:\\\/\\\/ottawacornwall.ca\\\/fr\\\/events\\\/foi-et-television-chretienne-journee-de-ressourcement-mensuelle\\\/\"]}]},{\"@type\":\"BreadcrumbList\",\"@id\":\"https:\\\/\\\/ottawacornwall.ca\\\/fr\\\/events\\\/foi-et-television-chretienne-journee-de-ressourcement-mensuelle\\\/#breadcrumb\",\"itemListElement\":[{\"@type\":\"ListItem\",\"position\":1,\"name\":\"Home\",\"item\":\"https:\\\/\\\/ottawacornwall.ca\\\/fr\\\/\"},{\"@type\":\"ListItem\",\"position\":2,\"name\":\"Events\",\"item\":\"https:\\\/\\\/ottawacornwall.ca\\\/events\\\/\"},{\"@type\":\"ListItem\",\"position\":3,\"name\":\"Foi et t\u00e9l\u00e9vision chr\u00e9tienne &#8211; Journ\u00e9e de ressourcement mensuelle\"}]},{\"@type\":\"WebSite\",\"@id\":\"https:\\\/\\\/ottawacornwall.ca\\\/#website\",\"url\":\"https:\\\/\\\/ottawacornwall.ca\\\/\",\"name\":\"Archdiocese of Ottawa-Cornwall\",\"description\":\"Welcome to the  Ottawa-Cornwall Archdiocese!\",\"publisher\":{\"@id\":\"https:\\\/\\\/ottawacornwall.ca\\\/#organization\"},\"potentialAction\":[{\"@type\":\"SearchAction\",\"target\":{\"@type\":\"EntryPoint\",\"urlTemplate\":\"https:\\\/\\\/ottawacornwall.ca\\\/?s={search_term_string}\"},\"query-input\":{\"@type\":\"PropertyValueSpecification\",\"valueRequired\":true,\"valueName\":\"search_term_string\"}}],\"inLanguage\":\"fr-FR\"},{\"@type\":\"Organization\",\"@id\":\"https:\\\/\\\/ottawacornwall.ca\\\/#organization\",\"name\":\"Archdiocese of Ottawa-Cornwall\",\"url\":\"https:\\\/\\\/ottawacornwall.ca\\\/\",\"logo\":{\"@type\":\"ImageObject\",\"inLanguage\":\"fr-FR\",\"@id\":\"https:\\\/\\\/ottawacornwall.ca\\\/#\\\/schema\\\/logo\\\/image\\\/\",\"url\":\"https:\\\/\\\/ottawacornwall.ca\\\/wp-content\\\/uploads\\\/2022\\\/11\\\/Archdiocese-Logo-Horizontal-Reverse-1.svg\",\"contentUrl\":\"https:\\\/\\\/ottawacornwall.ca\\\/wp-content\\\/uploads\\\/2022\\\/11\\\/Archdiocese-Logo-Horizontal-Reverse-1.svg\",\"caption\":\"Archdiocese of Ottawa-Cornwall\"},\"image\":{\"@id\":\"https:\\\/\\\/ottawacornwall.ca\\\/#\\\/schema\\\/logo\\\/image\\\/\"}}]}<\/script>\n<!-- \/ Yoast SEO plugin. -->","yoast_head_json":{"title":"Foi et t\u00e9l\u00e9vision chr\u00e9tienne - Journ\u00e9e de ressourcement mensuelle - Archdiocese of Ottawa-Cornwall","robots":{"index":"index","follow":"follow","max-snippet":"max-snippet:-1","max-image-preview":"max-image-preview:large","max-video-preview":"max-video-preview:-1"},"canonical":"https:\/\/ottawacornwall.ca\/fr\/events\/foi-et-television-chretienne-journee-de-ressourcement-mensuelle\/","og_locale":"fr_FR","og_type":"article","og_title":"Foi et t\u00e9l\u00e9vision chr\u00e9tienne - Journ\u00e9e de ressourcement mensuelle - Archdiocese of Ottawa-Cornwall","og_description":"FOI ET T\u00c9L\u00c9VISION CHR\u00c9TIENNE &#8211;\u00a0Une journ\u00e9e de ressourcement dont le th\u00e8me est \u00ab\u00a0Proclamer une ann\u00e9e de gr\u00e2ce du Seigneur\u00a0\u00bb (Lc 4,19)\u00a0aura lieu le 18 janvier 2025 de 10 h \u00e0 16 h 30 \u00e0 l&rsquo;\u00e9glise Saint-Gabriel, 55, rue Appleford, Ottawa, K1J 6T6, au sous-sol. Le conf\u00e9rencier\u00a0sera Abb\u00e9 Apollinaire Ntamabyaliro, cur\u00e9 de la paroisse Saint-Joseph d\u2019Orl\u00e9ans. [&hellip;]","og_url":"https:\/\/ottawacornwall.ca\/fr\/events\/foi-et-television-chretienne-journee-de-ressourcement-mensuelle\/","og_site_name":"Archdiocese of Ottawa-Cornwall","twitter_card":"summary_large_image","twitter_misc":{"Dur\u00e9e de lecture estim\u00e9e":"1 minute"},"schema":{"@context":"https:\/\/schema.org","@graph":[{"@type":"WebPage","@id":"https:\/\/ottawacornwall.ca\/fr\/events\/foi-et-television-chretienne-journee-de-ressourcement-mensuelle\/","url":"https:\/\/ottawacornwall.ca\/fr\/events\/foi-et-television-chretienne-journee-de-ressourcement-mensuelle\/","name":"Foi et t\u00e9l\u00e9vision chr\u00e9tienne - Journ\u00e9e de ressourcement mensuelle - Archdiocese of Ottawa-Cornwall","isPartOf":{"@id":"https:\/\/ottawacornwall.ca\/#website"},"datePublished":"2024-12-13T20:53:41+00:00","breadcrumb":{"@id":"https:\/\/ottawacornwall.ca\/fr\/events\/foi-et-television-chretienne-journee-de-ressourcement-mensuelle\/#breadcrumb"},"inLanguage":"fr-FR","potentialAction":[{"@type":"ReadAction","target":["https:\/\/ottawacornwall.ca\/fr\/events\/foi-et-television-chretienne-journee-de-ressourcement-mensuelle\/"]}]},{"@type":"BreadcrumbList","@id":"https:\/\/ottawacornwall.ca\/fr\/events\/foi-et-television-chretienne-journee-de-ressourcement-mensuelle\/#breadcrumb","itemListElement":[{"@type":"ListItem","position":1,"name":"Home","item":"https:\/\/ottawacornwall.ca\/fr\/"},{"@type":"ListItem","position":2,"name":"Events","item":"https:\/\/ottawacornwall.ca\/events\/"},{"@type":"ListItem","position":3,"name":"Foi et t\u00e9l\u00e9vision chr\u00e9tienne &#8211; Journ\u00e9e de ressourcement mensuelle"}]},{"@type":"WebSite","@id":"https:\/\/ottawacornwall.ca\/#website","url":"https:\/\/ottawacornwall.ca\/","name":"Archdiocese of Ottawa-Cornwall","description":"Welcome to the  Ottawa-Cornwall Archdiocese!","publisher":{"@id":"https:\/\/ottawacornwall.ca\/#organization"},"potentialAction":[{"@type":"SearchAction","target":{"@type":"EntryPoint","urlTemplate":"https:\/\/ottawacornwall.ca\/?s={search_term_string}"},"query-input":{"@type":"PropertyValueSpecification","valueRequired":true,"valueName":"search_term_string"}}],"inLanguage":"fr-FR"},{"@type":"Organization","@id":"https:\/\/ottawacornwall.ca\/#organization","name":"Archdiocese of Ottawa-Cornwall","url":"https:\/\/ottawacornwall.ca\/","logo":{"@type":"ImageObject","inLanguage":"fr-FR","@id":"https:\/\/ottawacornwall.ca\/#\/schema\/logo\/image\/","url":"https:\/\/ottawacornwall.ca\/wp-content\/uploads\/2022\/11\/Archdiocese-Logo-Horizontal-Reverse-1.svg","contentUrl":"https:\/\/ottawacornwall.ca\/wp-content\/uploads\/2022\/11\/Archdiocese-Logo-Horizontal-Reverse-1.svg","caption":"Archdiocese of Ottawa-Cornwall"},"image":{"@id":"https:\/\/ottawacornwall.ca\/#\/schema\/logo\/image\/"}}]}},"_links":{"self":[{"href":"https:\/\/ottawacornwall.ca\/fr\/wp-json\/wp\/v2\/mec-events\/26406","targetHints":{"allow":["GET"]}}],"collection":[{"href":"https:\/\/ottawacornwall.ca\/fr\/wp-json\/wp\/v2\/mec-events"}],"about":[{"href":"https:\/\/ottawacornwall.ca\/fr\/wp-json\/wp\/v2\/types\/mec-events"}],"author":[{"embeddable":true,"href":"https:\/\/ottawacornwall.ca\/fr\/wp-json\/wp\/v2\/users\/24"}],"replies":[{"embeddable":true,"href":"https:\/\/ottawacornwall.ca\/fr\/wp-json\/wp\/v2\/comments?post=26406"}],"wp:attachment":[{"href":"https:\/\/ottawacornwall.ca\/fr\/wp-json\/wp\/v2\/media?parent=26406"}],"wp:term":[{"taxonomy":"mec_category","embeddable":true,"href":"https:\/\/ottawacornwall.ca\/fr\/wp-json\/wp\/v2\/mec_category?post=26406"},{"taxonomy":"mec_tag","embeddable":true,"href":"https:\/\/ottawacornwall.ca\/fr\/wp-json\/wp\/v2\/mec_tag?post=26406"}],"curies":[{"name":"wp","href":"https:\/\/api.w.org\/{rel}","templated":true}]}}

Foi et télévision chrétienne &#8211; Journée de ressourcement mensuelle

<p><strong>FOI ET TÉLÉVISION CHRÉTIENNE &#8211; </strong>Une journée de ressourcement dont le <strong>thème</strong> est « <em>Proclamer une année de grâce du Seigneur</em> » (Lc 4,19) aura lieu <strong>le 18 janvier 2025</strong> de 10 h à 16 h 30 <strong>à l&rsquo;église Saint-Gabriel</strong>, 55, rue Appleford, Ottawa, K1J 6T6, au sous-sol.<strong> Le conférencier</strong> sera Abbé Apollinaire Ntamabyaliro, curé de la paroisse Saint-Joseph d’Orléans. <strong>Entrée libre</strong>. Prochaine journée : le 22 février 2025 avec l’abbé François Kibwenge, vicaire épiscopal.  Réservez vos dates. Pour plus de renseignements sur Foi et Télévision chrétienne : <u><a href="http://foi-et-televisionchretienne.org/">http://foi-et-televisionchretienne.org/</a></u>. Pour les événements à venir consulter le lien suivant. <u><a href="http://foi-et-televisionchretienne.org/activites">http://foi-et-televisionchretienne.org/activites</a></u></p>

<p>FOI ET TÉLÉVISION CHRÉTIENNE &#8211; Une journée de ressourcement dont le thème est « Proclamer une année de grâce du Seigneur » (Lc 4,19) aura lieu le 18 janvier 2025 de 10 h à 16 h 30 à l&rsquo;église Saint-Gabriel, 55, rue Appleford, Ottawa, K1J 6T6, au sous-sol. Le conférencier sera Abbé Apollinaire Ntamabyaliro, curé de la paroisse Saint-Joseph d’Orléans. [&hellip;]</p>

<!-- This site is optimized with the Yoast SEO plugin v27.4 - https://yoast.com/product/yoast-seo-wordpress/ -->
<title>Foi et télévision chrétienne - Journée de ressourcement mensuelle - Archdiocese of Ottawa-Cornwall</title>
<meta name="robots" content="index, follow, max-snippet:-1, max-image-preview:large, max-video-preview:-1" />
<link rel="canonical" href="https://ottawacornwall.ca/fr/events/foi-et-television-chretienne-journee-de-ressourcement-mensuelle/" />
<meta property="og:locale" content="fr_FR" />
<meta property="og:type" content="article" />
<meta property="og:title" content="Foi et télévision chrétienne - Journée de ressourcement mensuelle - Archdiocese of Ottawa-Cornwall" />
<meta property="og:description" content="FOI ET TÉLÉVISION CHRÉTIENNE &#8211; Une journée de ressourcement dont le thème est « Proclamer une année de grâce du Seigneur » (Lc 4,19) aura lieu le 18 janvier 2025 de 10 h à 16 h 30 à l&rsquo;église Saint-Gabriel, 55, rue Appleford, Ottawa, K1J 6T6, au sous-sol. Le conférencier sera Abbé Apollinaire Ntamabyaliro, curé de la paroisse Saint-Joseph d’Orléans. [&hellip;]" />
<meta property="og:url" content="https://ottawacornwall.ca/fr/events/foi-et-television-chretienne-journee-de-ressourcement-mensuelle/" />
<meta property="og:site_name" content="Archdiocese of Ottawa-Cornwall" />
<meta name="twitter:card" content="summary_large_image" />
<meta name="twitter:label1" content="Durée de lecture estimée" />
	<meta name="twitter:data1" content="1 minute" />
<script type="application/ld+json" class="yoast-schema-graph">{"@context":"https:\/\/schema.org","@graph":[{"@type":"WebPage","@id":"https:\/\/ottawacornwall.ca\/fr\/events\/foi-et-television-chretienne-journee-de-ressourcement-mensuelle\/","url":"https:\/\/ottawacornwall.ca\/fr\/events\/foi-et-television-chretienne-journee-de-ressourcement-mensuelle\/","name":"Foi et télévision chrétienne - Journée de ressourcement mensuelle - Archdiocese of Ottawa-Cornwall","isPartOf":{"@id":"https:\/\/ottawacornwall.ca\/#website"},"datePublished":"2024-12-13T20:53:41+00:00","breadcrumb":{"@id":"https:\/\/ottawacornwall.ca\/fr\/events\/foi-et-television-chretienne-journee-de-ressourcement-mensuelle\/#breadcrumb"},"inLanguage":"fr-FR","potentialAction":[{"@type":"ReadAction","target":["https:\/\/ottawacornwall.ca\/fr\/events\/foi-et-television-chretienne-journee-de-ressourcement-mensuelle\/"]}]},{"@type":"BreadcrumbList","@id":"https:\/\/ottawacornwall.ca\/fr\/events\/foi-et-television-chretienne-journee-de-ressourcement-mensuelle\/#breadcrumb","itemListElement":[{"@type":"ListItem","position":1,"name":"Home","item":"https:\/\/ottawacornwall.ca\/fr\/"},{"@type":"ListItem","position":2,"name":"Events","item":"https:\/\/ottawacornwall.ca\/events\/"},{"@type":"ListItem","position":3,"name":"Foi et télévision chrétienne &#8211; Journée de ressourcement mensuelle"}]},{"@type":"WebSite","@id":"https:\/\/ottawacornwall.ca\/#website","url":"https:\/\/ottawacornwall.ca\/","name":"Archdiocese of Ottawa-Cornwall","description":"Welcome to the  Ottawa-Cornwall Archdiocese!","publisher":{"@id":"https:\/\/ottawacornwall.ca\/#organization"},"potentialAction":[{"@type":"SearchAction","target":{"@type":"EntryPoint","urlTemplate":"https:\/\/ottawacornwall.ca\/?s={search_term_string}"},"query-input":{"@type":"PropertyValueSpecification","valueRequired":true,"valueName":"search_term_string"}}],"inLanguage":"fr-FR"},{"@type":"Organization","@id":"https:\/\/ottawacornwall.ca\/#organization","name":"Archdiocese of Ottawa-Cornwall","url":"https:\/\/ottawacornwall.ca\/","logo":{"@type":"ImageObject","inLanguage":"fr-FR","@id":"https:\/\/ottawacornwall.ca\/#\/schema\/logo\/image\/","url":"https:\/\/ottawacornwall.ca\/wp-content\/uploads\/2022\/11\/Archdiocese-Logo-Horizontal-Reverse-1.svg","contentUrl":"https:\/\/ottawacornwall.ca\/wp-content\/uploads\/2022\/11\/Archdiocese-Logo-Horizontal-Reverse-1.svg","caption":"Archdiocese of Ottawa-Cornwall"},"image":{"@id":"https:\/\/ottawacornwall.ca\/#\/schema\/logo\/image\/"}}]}</script>
<!-- / Yoast SEO plugin. -->

Foi et télévision chrétienne - Journée de ressourcement mensuelle - Archdiocese of Ottawa-Cornwall

FOI ET TÉLÉVISION CHRÉTIENNE &#8211; Une journée de ressourcement dont le thème est « Proclamer une année de grâce du Seigneur » (Lc 4,19) aura lieu le 18 janvier 2025 de 10 h à 16 h 30 à l&rsquo;église Saint-Gabriel, 55, rue Appleford, Ottawa, K1J 6T6, au sous-sol. Le conférencier sera Abbé Apollinaire Ntamabyaliro, curé de la paroisse Saint-Joseph d’Orléans. [&hellip;]
