{"id":27030,"date":"2025-01-30T13:30:37","date_gmt":"2025-01-30T18:30:37","guid":{"rendered":"https:\/\/wp268132.wpdns.ca\/?post_type=mec-events&#038;p=27030"},"modified":"2025-02-13T10:20:38","modified_gmt":"2025-02-13T15:20:38","slug":"transformer-son-deuil-4","status":"publish","type":"mec-events","link":"https:\/\/ottawacornwall.ca\/fr\/events\/transformer-son-deuil-4\/","title":{"rendered":"Transformer son deuil"},"content":{"rendered":"<p><strong>TRANSFORMER SON DEUIL<\/strong><\/p>\n<p><strong>\u00a0<\/strong>L\u2019unit\u00e9 pastorale <strong>Notre-Dame-de-la-Mer-Bleue <\/strong>offrira au <strong><u>printemps 2025<\/u><\/strong> un programme de soutien aux personnes endeuill\u00e9es de la communaut\u00e9 francophone d\u2019Orl\u00e9ans et des environs.<\/p>\n<p>Ce projet proposera une \u00e9coute empathique et des pistes pratiques pour composer avec les nombreuses facettes du deuil. Les rencontres auront lieu \u00e0 <u>l\u2019\u00c9glise Sainte-Marie <\/u>les jeudis<strong> 13, 20 <\/strong>et<strong> 27 mars <\/strong>ainsi que les jeudis <strong>3 <\/strong>et <strong>10 avril, en apr\u00e8s-midi, de 13h30 \u00e0 15h30.<\/strong><\/p>\n<p>Pour en conna\u00eetre davantage sur cette intervention d\u2019aide s\u2019adressant \u00e0 ceux et celles qui ont perdu un \u00eatre cher, bien vouloir communiquer avec le secr\u00e9tariat de la paroisse <strong>Sainte-Marie d\u2019Orl\u00e9ans. <\/strong>Vos coordonn\u00e9es seront achemin\u00e9es \u00e0 <u>Christiane Vinet, <em>Intervenante en situation de deuil<\/em>.<\/u><\/p>\n<p><strong>\u00a0<\/strong>(613) 830-9678<\/p>\n<p><a href=\"mailto:secretariat@saintemarieorleans.ca\">secretariat@saintemarieorleans.ca<\/a><\/p>\n","protected":false},"excerpt":{"rendered":"<p>TRANSFORMER SON DEUIL \u00a0L\u2019unit\u00e9 pastorale Notre-Dame-de-la-Mer-Bleue offrira au printemps 2025 un programme de soutien aux personnes endeuill\u00e9es de la communaut\u00e9 francophone d\u2019Orl\u00e9ans et des environs. Ce projet proposera une \u00e9coute empathique et des pistes pratiques pour composer avec les nombreuses facettes du deuil. Les rencontres auront lieu \u00e0 l\u2019\u00c9glise Sainte-Marie les jeudis 13, 20 et [&hellip;]<\/p>\n","protected":false},"author":11,"featured_media":27026,"comment_status":"closed","ping_status":"closed","template":"","mec_category":[],"mec_tag":[],"class_list":["post-27030","mec-events","type-mec-events","status-publish","has-post-thumbnail","hentry"],"acf":[],"yoast_head":"<!-- This site is optimized with the Yoast SEO plugin v27.4 - https:\/\/yoast.com\/product\/yoast-seo-wordpress\/ -->\n<title>Transformer son deuil - Archdiocese of Ottawa-Cornwall<\/title>\n<meta name=\"robots\" content=\"index, follow, max-snippet:-1, max-image-preview:large, max-video-preview:-1\" \/>\n<link rel=\"canonical\" href=\"https:\/\/ottawacornwall.ca\/fr\/events\/transformer-son-deuil-4\/\" \/>\n<meta property=\"og:locale\" content=\"fr_FR\" \/>\n<meta property=\"og:type\" content=\"article\" \/>\n<meta property=\"og:title\" content=\"Transformer son deuil - Archdiocese of Ottawa-Cornwall\" \/>\n<meta property=\"og:description\" content=\"TRANSFORMER SON DEUIL \u00a0L\u2019unit\u00e9 pastorale Notre-Dame-de-la-Mer-Bleue offrira au printemps 2025 un programme de soutien aux personnes endeuill\u00e9es de la communaut\u00e9 francophone d\u2019Orl\u00e9ans et des environs. Ce projet proposera une \u00e9coute empathique et des pistes pratiques pour composer avec les nombreuses facettes du deuil. Les rencontres auront lieu \u00e0 l\u2019\u00c9glise Sainte-Marie les jeudis 13, 20 et [&hellip;]\" \/>\n<meta property=\"og:url\" content=\"https:\/\/ottawacornwall.ca\/fr\/events\/transformer-son-deuil-4\/\" \/>\n<meta property=\"og:site_name\" content=\"Archdiocese of Ottawa-Cornwall\" \/>\n<meta property=\"article:modified_time\" content=\"2025-02-13T15:20:38+00:00\" \/>\n<meta property=\"og:image\" content=\"https:\/\/ottawacornwall.ca\/wp-content\/uploads\/2025\/01\/transformer-son-deuil.png\" \/>\n\t<meta property=\"og:image:width\" content=\"514\" \/>\n\t<meta property=\"og:image:height\" content=\"649\" \/>\n\t<meta property=\"og:image:type\" content=\"image\/png\" \/>\n<meta name=\"twitter:card\" content=\"summary_large_image\" \/>\n<meta name=\"twitter:label1\" content=\"Dur\u00e9e de lecture estim\u00e9e\" \/>\n\t<meta name=\"twitter:data1\" content=\"1 minute\" \/>\n<script type=\"application\/ld+json\" class=\"yoast-schema-graph\">{\"@context\":\"https:\\\/\\\/schema.org\",\"@graph\":[{\"@type\":\"WebPage\",\"@id\":\"https:\\\/\\\/ottawacornwall.ca\\\/fr\\\/events\\\/transformer-son-deuil-4\\\/\",\"url\":\"https:\\\/\\\/ottawacornwall.ca\\\/fr\\\/events\\\/transformer-son-deuil-4\\\/\",\"name\":\"Transformer son deuil - Archdiocese of Ottawa-Cornwall\",\"isPartOf\":{\"@id\":\"https:\\\/\\\/ottawacornwall.ca\\\/#website\"},\"primaryImageOfPage\":{\"@id\":\"https:\\\/\\\/ottawacornwall.ca\\\/fr\\\/events\\\/transformer-son-deuil-4\\\/#primaryimage\"},\"image\":{\"@id\":\"https:\\\/\\\/ottawacornwall.ca\\\/fr\\\/events\\\/transformer-son-deuil-4\\\/#primaryimage\"},\"thumbnailUrl\":\"https:\\\/\\\/ottawacornwall.ca\\\/wp-content\\\/uploads\\\/2025\\\/01\\\/transformer-son-deuil.png\",\"datePublished\":\"2025-01-30T18:30:37+00:00\",\"dateModified\":\"2025-02-13T15:20:38+00:00\",\"breadcrumb\":{\"@id\":\"https:\\\/\\\/ottawacornwall.ca\\\/fr\\\/events\\\/transformer-son-deuil-4\\\/#breadcrumb\"},\"inLanguage\":\"fr-FR\",\"potentialAction\":[{\"@type\":\"ReadAction\",\"target\":[\"https:\\\/\\\/ottawacornwall.ca\\\/fr\\\/events\\\/transformer-son-deuil-4\\\/\"]}]},{\"@type\":\"ImageObject\",\"inLanguage\":\"fr-FR\",\"@id\":\"https:\\\/\\\/ottawacornwall.ca\\\/fr\\\/events\\\/transformer-son-deuil-4\\\/#primaryimage\",\"url\":\"https:\\\/\\\/ottawacornwall.ca\\\/wp-content\\\/uploads\\\/2025\\\/01\\\/transformer-son-deuil.png\",\"contentUrl\":\"https:\\\/\\\/ottawacornwall.ca\\\/wp-content\\\/uploads\\\/2025\\\/01\\\/transformer-son-deuil.png\",\"width\":514,\"height\":649},{\"@type\":\"BreadcrumbList\",\"@id\":\"https:\\\/\\\/ottawacornwall.ca\\\/fr\\\/events\\\/transformer-son-deuil-4\\\/#breadcrumb\",\"itemListElement\":[{\"@type\":\"ListItem\",\"position\":1,\"name\":\"Home\",\"item\":\"https:\\\/\\\/ottawacornwall.ca\\\/fr\\\/\"},{\"@type\":\"ListItem\",\"position\":2,\"name\":\"Events\",\"item\":\"https:\\\/\\\/ottawacornwall.ca\\\/events\\\/\"},{\"@type\":\"ListItem\",\"position\":3,\"name\":\"Transformer son deuil\"}]},{\"@type\":\"WebSite\",\"@id\":\"https:\\\/\\\/ottawacornwall.ca\\\/#website\",\"url\":\"https:\\\/\\\/ottawacornwall.ca\\\/\",\"name\":\"Archdiocese of Ottawa-Cornwall\",\"description\":\"Welcome to the  Ottawa-Cornwall Archdiocese!\",\"publisher\":{\"@id\":\"https:\\\/\\\/ottawacornwall.ca\\\/#organization\"},\"potentialAction\":[{\"@type\":\"SearchAction\",\"target\":{\"@type\":\"EntryPoint\",\"urlTemplate\":\"https:\\\/\\\/ottawacornwall.ca\\\/?s={search_term_string}\"},\"query-input\":{\"@type\":\"PropertyValueSpecification\",\"valueRequired\":true,\"valueName\":\"search_term_string\"}}],\"inLanguage\":\"fr-FR\"},{\"@type\":\"Organization\",\"@id\":\"https:\\\/\\\/ottawacornwall.ca\\\/#organization\",\"name\":\"Archdiocese of Ottawa-Cornwall\",\"url\":\"https:\\\/\\\/ottawacornwall.ca\\\/\",\"logo\":{\"@type\":\"ImageObject\",\"inLanguage\":\"fr-FR\",\"@id\":\"https:\\\/\\\/ottawacornwall.ca\\\/#\\\/schema\\\/logo\\\/image\\\/\",\"url\":\"https:\\\/\\\/ottawacornwall.ca\\\/wp-content\\\/uploads\\\/2022\\\/11\\\/Archdiocese-Logo-Horizontal-Reverse-1.svg\",\"contentUrl\":\"https:\\\/\\\/ottawacornwall.ca\\\/wp-content\\\/uploads\\\/2022\\\/11\\\/Archdiocese-Logo-Horizontal-Reverse-1.svg\",\"caption\":\"Archdiocese of Ottawa-Cornwall\"},\"image\":{\"@id\":\"https:\\\/\\\/ottawacornwall.ca\\\/#\\\/schema\\\/logo\\\/image\\\/\"}}]}<\/script>\n<!-- \/ Yoast SEO plugin. -->","yoast_head_json":{"title":"Transformer son deuil - Archdiocese of Ottawa-Cornwall","robots":{"index":"index","follow":"follow","max-snippet":"max-snippet:-1","max-image-preview":"max-image-preview:large","max-video-preview":"max-video-preview:-1"},"canonical":"https:\/\/ottawacornwall.ca\/fr\/events\/transformer-son-deuil-4\/","og_locale":"fr_FR","og_type":"article","og_title":"Transformer son deuil - Archdiocese of Ottawa-Cornwall","og_description":"TRANSFORMER SON DEUIL \u00a0L\u2019unit\u00e9 pastorale Notre-Dame-de-la-Mer-Bleue offrira au printemps 2025 un programme de soutien aux personnes endeuill\u00e9es de la communaut\u00e9 francophone d\u2019Orl\u00e9ans et des environs. Ce projet proposera une \u00e9coute empathique et des pistes pratiques pour composer avec les nombreuses facettes du deuil. Les rencontres auront lieu \u00e0 l\u2019\u00c9glise Sainte-Marie les jeudis 13, 20 et [&hellip;]","og_url":"https:\/\/ottawacornwall.ca\/fr\/events\/transformer-son-deuil-4\/","og_site_name":"Archdiocese of Ottawa-Cornwall","article_modified_time":"2025-02-13T15:20:38+00:00","og_image":[{"width":514,"height":649,"url":"https:\/\/ottawacornwall.ca\/wp-content\/uploads\/2025\/01\/transformer-son-deuil.png","type":"image\/png"}],"twitter_card":"summary_large_image","twitter_misc":{"Dur\u00e9e de lecture estim\u00e9e":"1 minute"},"schema":{"@context":"https:\/\/schema.org","@graph":[{"@type":"WebPage","@id":"https:\/\/ottawacornwall.ca\/fr\/events\/transformer-son-deuil-4\/","url":"https:\/\/ottawacornwall.ca\/fr\/events\/transformer-son-deuil-4\/","name":"Transformer son deuil - Archdiocese of Ottawa-Cornwall","isPartOf":{"@id":"https:\/\/ottawacornwall.ca\/#website"},"primaryImageOfPage":{"@id":"https:\/\/ottawacornwall.ca\/fr\/events\/transformer-son-deuil-4\/#primaryimage"},"image":{"@id":"https:\/\/ottawacornwall.ca\/fr\/events\/transformer-son-deuil-4\/#primaryimage"},"thumbnailUrl":"https:\/\/ottawacornwall.ca\/wp-content\/uploads\/2025\/01\/transformer-son-deuil.png","datePublished":"2025-01-30T18:30:37+00:00","dateModified":"2025-02-13T15:20:38+00:00","breadcrumb":{"@id":"https:\/\/ottawacornwall.ca\/fr\/events\/transformer-son-deuil-4\/#breadcrumb"},"inLanguage":"fr-FR","potentialAction":[{"@type":"ReadAction","target":["https:\/\/ottawacornwall.ca\/fr\/events\/transformer-son-deuil-4\/"]}]},{"@type":"ImageObject","inLanguage":"fr-FR","@id":"https:\/\/ottawacornwall.ca\/fr\/events\/transformer-son-deuil-4\/#primaryimage","url":"https:\/\/ottawacornwall.ca\/wp-content\/uploads\/2025\/01\/transformer-son-deuil.png","contentUrl":"https:\/\/ottawacornwall.ca\/wp-content\/uploads\/2025\/01\/transformer-son-deuil.png","width":514,"height":649},{"@type":"BreadcrumbList","@id":"https:\/\/ottawacornwall.ca\/fr\/events\/transformer-son-deuil-4\/#breadcrumb","itemListElement":[{"@type":"ListItem","position":1,"name":"Home","item":"https:\/\/ottawacornwall.ca\/fr\/"},{"@type":"ListItem","position":2,"name":"Events","item":"https:\/\/ottawacornwall.ca\/events\/"},{"@type":"ListItem","position":3,"name":"Transformer son deuil"}]},{"@type":"WebSite","@id":"https:\/\/ottawacornwall.ca\/#website","url":"https:\/\/ottawacornwall.ca\/","name":"Archdiocese of Ottawa-Cornwall","description":"Welcome to the  Ottawa-Cornwall Archdiocese!","publisher":{"@id":"https:\/\/ottawacornwall.ca\/#organization"},"potentialAction":[{"@type":"SearchAction","target":{"@type":"EntryPoint","urlTemplate":"https:\/\/ottawacornwall.ca\/?s={search_term_string}"},"query-input":{"@type":"PropertyValueSpecification","valueRequired":true,"valueName":"search_term_string"}}],"inLanguage":"fr-FR"},{"@type":"Organization","@id":"https:\/\/ottawacornwall.ca\/#organization","name":"Archdiocese of Ottawa-Cornwall","url":"https:\/\/ottawacornwall.ca\/","logo":{"@type":"ImageObject","inLanguage":"fr-FR","@id":"https:\/\/ottawacornwall.ca\/#\/schema\/logo\/image\/","url":"https:\/\/ottawacornwall.ca\/wp-content\/uploads\/2022\/11\/Archdiocese-Logo-Horizontal-Reverse-1.svg","contentUrl":"https:\/\/ottawacornwall.ca\/wp-content\/uploads\/2022\/11\/Archdiocese-Logo-Horizontal-Reverse-1.svg","caption":"Archdiocese of Ottawa-Cornwall"},"image":{"@id":"https:\/\/ottawacornwall.ca\/#\/schema\/logo\/image\/"}}]}},"_links":{"self":[{"href":"https:\/\/ottawacornwall.ca\/fr\/wp-json\/wp\/v2\/mec-events\/27030","targetHints":{"allow":["GET"]}}],"collection":[{"href":"https:\/\/ottawacornwall.ca\/fr\/wp-json\/wp\/v2\/mec-events"}],"about":[{"href":"https:\/\/ottawacornwall.ca\/fr\/wp-json\/wp\/v2\/types\/mec-events"}],"author":[{"embeddable":true,"href":"https:\/\/ottawacornwall.ca\/fr\/wp-json\/wp\/v2\/users\/11"}],"replies":[{"embeddable":true,"href":"https:\/\/ottawacornwall.ca\/fr\/wp-json\/wp\/v2\/comments?post=27030"}],"wp:featuredmedia":[{"embeddable":true,"href":"https:\/\/ottawacornwall.ca\/fr\/wp-json\/wp\/v2\/media\/27026"}],"wp:attachment":[{"href":"https:\/\/ottawacornwall.ca\/fr\/wp-json\/wp\/v2\/media?parent=27030"}],"wp:term":[{"taxonomy":"mec_category","embeddable":true,"href":"https:\/\/ottawacornwall.ca\/fr\/wp-json\/wp\/v2\/mec_category?post=27030"},{"taxonomy":"mec_tag","embeddable":true,"href":"https:\/\/ottawacornwall.ca\/fr\/wp-json\/wp\/v2\/mec_tag?post=27030"}],"curies":[{"name":"wp","href":"https:\/\/api.w.org\/{rel}","templated":true}]}}

<p><strong>TRANSFORMER SON DEUIL</strong></p>
<p><strong> </strong>L’unité pastorale <strong>Notre-Dame-de-la-Mer-Bleue </strong>offrira au <strong><u>printemps 2025</u></strong> un programme de soutien aux personnes endeuillées de la communauté francophone d’Orléans et des environs.</p>
<p>Ce projet proposera une écoute empathique et des pistes pratiques pour composer avec les nombreuses facettes du deuil. Les rencontres auront lieu à <u>l’Église Sainte-Marie </u>les jeudis<strong> 13, 20 </strong>et<strong> 27 mars </strong>ainsi que les jeudis <strong>3 </strong>et <strong>10 avril, en après-midi, de 13h30 à 15h30.</strong></p>
<p>Pour en connaître davantage sur cette intervention d’aide s’adressant à ceux et celles qui ont perdu un être cher, bien vouloir communiquer avec le secrétariat de la paroisse <strong>Sainte-Marie d’Orléans. </strong>Vos coordonnées seront acheminées à <u>Christiane Vinet, <em>Intervenante en situation de deuil</em>.</u></p>
<p><strong> </strong>(613) 830-9678</p>
<p><a href="mailto:secretariat@saintemarieorleans.ca">secretariat@saintemarieorleans.ca</a></p>

<p>TRANSFORMER SON DEUIL  L’unité pastorale Notre-Dame-de-la-Mer-Bleue offrira au printemps 2025 un programme de soutien aux personnes endeuillées de la communauté francophone d’Orléans et des environs. Ce projet proposera une écoute empathique et des pistes pratiques pour composer avec les nombreuses facettes du deuil. Les rencontres auront lieu à l’Église Sainte-Marie les jeudis 13, 20 et [&hellip;]</p>

<!-- This site is optimized with the Yoast SEO plugin v27.4 - https://yoast.com/product/yoast-seo-wordpress/ -->
<title>Transformer son deuil - Archdiocese of Ottawa-Cornwall</title>
<meta name="robots" content="index, follow, max-snippet:-1, max-image-preview:large, max-video-preview:-1" />
<link rel="canonical" href="https://ottawacornwall.ca/fr/events/transformer-son-deuil-4/" />
<meta property="og:locale" content="fr_FR" />
<meta property="og:type" content="article" />
<meta property="og:title" content="Transformer son deuil - Archdiocese of Ottawa-Cornwall" />
<meta property="og:description" content="TRANSFORMER SON DEUIL  L’unité pastorale Notre-Dame-de-la-Mer-Bleue offrira au printemps 2025 un programme de soutien aux personnes endeuillées de la communauté francophone d’Orléans et des environs. Ce projet proposera une écoute empathique et des pistes pratiques pour composer avec les nombreuses facettes du deuil. Les rencontres auront lieu à l’Église Sainte-Marie les jeudis 13, 20 et [&hellip;]" />
<meta property="og:url" content="https://ottawacornwall.ca/fr/events/transformer-son-deuil-4/" />
<meta property="og:site_name" content="Archdiocese of Ottawa-Cornwall" />
<meta property="article:modified_time" content="2025-02-13T15:20:38+00:00" />
<meta property="og:image" content="https://ottawacornwall.ca/wp-content/uploads/2025/01/transformer-son-deuil.png" />
	<meta property="og:image:width" content="514" />
	<meta property="og:image:height" content="649" />
	<meta property="og:image:type" content="image/png" />
<meta name="twitter:card" content="summary_large_image" />
<meta name="twitter:label1" content="Durée de lecture estimée" />
	<meta name="twitter:data1" content="1 minute" />
<script type="application/ld+json" class="yoast-schema-graph">{"@context":"https:\/\/schema.org","@graph":[{"@type":"WebPage","@id":"https:\/\/ottawacornwall.ca\/fr\/events\/transformer-son-deuil-4\/","url":"https:\/\/ottawacornwall.ca\/fr\/events\/transformer-son-deuil-4\/","name":"Transformer son deuil - Archdiocese of Ottawa-Cornwall","isPartOf":{"@id":"https:\/\/ottawacornwall.ca\/#website"},"primaryImageOfPage":{"@id":"https:\/\/ottawacornwall.ca\/fr\/events\/transformer-son-deuil-4\/#primaryimage"},"image":{"@id":"https:\/\/ottawacornwall.ca\/fr\/events\/transformer-son-deuil-4\/#primaryimage"},"thumbnailUrl":"https:\/\/ottawacornwall.ca\/wp-content\/uploads\/2025\/01\/transformer-son-deuil.png","datePublished":"2025-01-30T18:30:37+00:00","dateModified":"2025-02-13T15:20:38+00:00","breadcrumb":{"@id":"https:\/\/ottawacornwall.ca\/fr\/events\/transformer-son-deuil-4\/#breadcrumb"},"inLanguage":"fr-FR","potentialAction":[{"@type":"ReadAction","target":["https:\/\/ottawacornwall.ca\/fr\/events\/transformer-son-deuil-4\/"]}]},{"@type":"ImageObject","inLanguage":"fr-FR","@id":"https:\/\/ottawacornwall.ca\/fr\/events\/transformer-son-deuil-4\/#primaryimage","url":"https:\/\/ottawacornwall.ca\/wp-content\/uploads\/2025\/01\/transformer-son-deuil.png","contentUrl":"https:\/\/ottawacornwall.ca\/wp-content\/uploads\/2025\/01\/transformer-son-deuil.png","width":514,"height":649},{"@type":"BreadcrumbList","@id":"https:\/\/ottawacornwall.ca\/fr\/events\/transformer-son-deuil-4\/#breadcrumb","itemListElement":[{"@type":"ListItem","position":1,"name":"Home","item":"https:\/\/ottawacornwall.ca\/fr\/"},{"@type":"ListItem","position":2,"name":"Events","item":"https:\/\/ottawacornwall.ca\/events\/"},{"@type":"ListItem","position":3,"name":"Transformer son deuil"}]},{"@type":"WebSite","@id":"https:\/\/ottawacornwall.ca\/#website","url":"https:\/\/ottawacornwall.ca\/","name":"Archdiocese of Ottawa-Cornwall","description":"Welcome to the  Ottawa-Cornwall Archdiocese!","publisher":{"@id":"https:\/\/ottawacornwall.ca\/#organization"},"potentialAction":[{"@type":"SearchAction","target":{"@type":"EntryPoint","urlTemplate":"https:\/\/ottawacornwall.ca\/?s={search_term_string}"},"query-input":{"@type":"PropertyValueSpecification","valueRequired":true,"valueName":"search_term_string"}}],"inLanguage":"fr-FR"},{"@type":"Organization","@id":"https:\/\/ottawacornwall.ca\/#organization","name":"Archdiocese of Ottawa-Cornwall","url":"https:\/\/ottawacornwall.ca\/","logo":{"@type":"ImageObject","inLanguage":"fr-FR","@id":"https:\/\/ottawacornwall.ca\/#\/schema\/logo\/image\/","url":"https:\/\/ottawacornwall.ca\/wp-content\/uploads\/2022\/11\/Archdiocese-Logo-Horizontal-Reverse-1.svg","contentUrl":"https:\/\/ottawacornwall.ca\/wp-content\/uploads\/2022\/11\/Archdiocese-Logo-Horizontal-Reverse-1.svg","caption":"Archdiocese of Ottawa-Cornwall"},"image":{"@id":"https:\/\/ottawacornwall.ca\/#\/schema\/logo\/image\/"}}]}</script>
<!-- / Yoast SEO plugin. -->

TRANSFORMER SON DEUIL  L’unité pastorale Notre-Dame-de-la-Mer-Bleue offrira au printemps 2025 un programme de soutien aux personnes endeuillées de la communauté francophone d’Orléans et des environs. Ce projet proposera une écoute empathique et des pistes pratiques pour composer avec les nombreuses facettes du deuil. Les rencontres auront lieu à l’Église Sainte-Marie les jeudis 13, 20 et [&hellip;]
