{"id":27689,"date":"2025-02-24T09:33:05","date_gmt":"2025-02-24T14:33:05","guid":{"rendered":"https:\/\/wp268132.wpdns.ca\/?post_type=mec-events&#038;p=27689"},"modified":"2025-02-24T09:33:05","modified_gmt":"2025-02-24T14:33:05","slug":"paroisse-saint-gabriel-retraite-de-careme-donnee-par-labbe-martin-kabanga","status":"publish","type":"mec-events","link":"https:\/\/ottawacornwall.ca\/fr\/events\/paroisse-saint-gabriel-retraite-de-careme-donnee-par-labbe-martin-kabanga\/","title":{"rendered":"PAROISSE SAINT-GABRIEL \u2013 Retraite de car\u00eame donn\u00e9e par l\u2019abb\u00e9 Martin Kabanga"},"content":{"rendered":"<p><b data-olk-copy-source=\"MessageBody\">Retraite de car\u00eame donn\u00e9e par l\u2019abb\u00e9 Martin Kabanga.<\/b>\u00a0Th\u00e8me\u00a0:\u00a0<b>P\u00e8lerins d\u2019esp\u00e9rance. L<\/b>a retraite aura lieu tous les mardis du 11 mars au 8 avril 2025 de 19 h \u00e0 20 h 30. Cinq diff\u00e9rents th\u00e8mes sur l\u2019esp\u00e9rance seront pr\u00e9sent\u00e9s. Deux possibilit\u00e9s sont offertes\u00a0: en pr\u00e9sentiel \u00e0 l\u2019\u00e9glise Saint-Gabriel, 55 rue Appleford, Ottawa OU en vid\u00e9oconf\u00e9rence. Voici le lien Zoom\u00a0:\u00a0<u><a id=\"LPlnkOWA9118cbe6-1bee-1bd0-94c8-a7850b4ae4a9\" class=\"x_x_x_OWAAutoLink\" title=\"https:\/\/us02web.zoom.us\/j\/86737120168?pwd=1iBTAKatqmCpxjLimxVpjc2Mk7wcRN.1\" href=\"https:\/\/us02web.zoom.us\/j\/86737120168?pwd=1iBTAKatqmCpxjLimxVpjc2Mk7wcRN.1\" target=\"_blank\" rel=\"noopener noreferrer\" data-linkindex=\"0\" data-auth=\"NotApplicable\">https:\/\/us02web.zoom.us\/j\/86737120168?pwd=1iBTAKatqmCpxjLimxVpjc2Mk7wcRN.1<\/a><\/u><\/p>\n<p><span data-olk-copy-source=\"MessageBody\">Le lien sera ouvert \u00e0 18 h 55. Pour plus d\u2019information\u00a0: Isabelle Frappier 613-297-0885.<\/span><\/p>\n","protected":false},"excerpt":{"rendered":"<p>Retraite de car\u00eame donn\u00e9e par l\u2019abb\u00e9 Martin Kabanga.\u00a0Th\u00e8me\u00a0:\u00a0P\u00e8lerins d\u2019esp\u00e9rance. La retraite aura lieu tous les mardis du 11 mars au 8 avril 2025 de 19 h \u00e0 20 h 30. Cinq diff\u00e9rents th\u00e8mes sur l\u2019esp\u00e9rance seront pr\u00e9sent\u00e9s. Deux possibilit\u00e9s sont offertes\u00a0: en pr\u00e9sentiel \u00e0 l\u2019\u00e9glise Saint-Gabriel, 55 rue Appleford, Ottawa OU en vid\u00e9oconf\u00e9rence. Voici le [&hellip;]<\/p>\n","protected":false},"author":24,"featured_media":0,"comment_status":"closed","ping_status":"closed","template":"","mec_category":[426],"mec_tag":[],"class_list":["post-27689","mec-events","type-mec-events","status-publish","hentry","mec_category-all-areas-fr"],"acf":[],"yoast_head":"<!-- This site is optimized with the Yoast SEO plugin v27.4 - https:\/\/yoast.com\/product\/yoast-seo-wordpress\/ -->\n<title>PAROISSE SAINT-GABRIEL \u2013 Retraite de car\u00eame donn\u00e9e par l\u2019abb\u00e9 Martin Kabanga - Archdiocese of Ottawa-Cornwall<\/title>\n<meta name=\"robots\" content=\"index, follow, max-snippet:-1, max-image-preview:large, max-video-preview:-1\" \/>\n<link rel=\"canonical\" href=\"https:\/\/ottawacornwall.ca\/fr\/events\/paroisse-saint-gabriel-retraite-de-careme-donnee-par-labbe-martin-kabanga\/\" \/>\n<meta property=\"og:locale\" content=\"fr_FR\" \/>\n<meta property=\"og:type\" content=\"article\" \/>\n<meta property=\"og:title\" content=\"PAROISSE SAINT-GABRIEL \u2013 Retraite de car\u00eame donn\u00e9e par l\u2019abb\u00e9 Martin Kabanga - Archdiocese of Ottawa-Cornwall\" \/>\n<meta property=\"og:description\" content=\"Retraite de car\u00eame donn\u00e9e par l\u2019abb\u00e9 Martin Kabanga.\u00a0Th\u00e8me\u00a0:\u00a0P\u00e8lerins d\u2019esp\u00e9rance. La retraite aura lieu tous les mardis du 11 mars au 8 avril 2025 de 19 h \u00e0 20 h 30. Cinq diff\u00e9rents th\u00e8mes sur l\u2019esp\u00e9rance seront pr\u00e9sent\u00e9s. Deux possibilit\u00e9s sont offertes\u00a0: en pr\u00e9sentiel \u00e0 l\u2019\u00e9glise Saint-Gabriel, 55 rue Appleford, Ottawa OU en vid\u00e9oconf\u00e9rence. Voici le [&hellip;]\" \/>\n<meta property=\"og:url\" content=\"https:\/\/ottawacornwall.ca\/fr\/events\/paroisse-saint-gabriel-retraite-de-careme-donnee-par-labbe-martin-kabanga\/\" \/>\n<meta property=\"og:site_name\" content=\"Archdiocese of Ottawa-Cornwall\" \/>\n<meta name=\"twitter:card\" content=\"summary_large_image\" \/>\n<meta name=\"twitter:label1\" content=\"Dur\u00e9e de lecture estim\u00e9e\" \/>\n\t<meta name=\"twitter:data1\" content=\"1 minute\" \/>\n<script type=\"application\/ld+json\" class=\"yoast-schema-graph\">{\"@context\":\"https:\\\/\\\/schema.org\",\"@graph\":[{\"@type\":\"WebPage\",\"@id\":\"https:\\\/\\\/ottawacornwall.ca\\\/fr\\\/events\\\/paroisse-saint-gabriel-retraite-de-careme-donnee-par-labbe-martin-kabanga\\\/\",\"url\":\"https:\\\/\\\/ottawacornwall.ca\\\/fr\\\/events\\\/paroisse-saint-gabriel-retraite-de-careme-donnee-par-labbe-martin-kabanga\\\/\",\"name\":\"PAROISSE SAINT-GABRIEL \u2013 Retraite de car\u00eame donn\u00e9e par l\u2019abb\u00e9 Martin Kabanga - Archdiocese of Ottawa-Cornwall\",\"isPartOf\":{\"@id\":\"https:\\\/\\\/ottawacornwall.ca\\\/#website\"},\"datePublished\":\"2025-02-24T14:33:05+00:00\",\"breadcrumb\":{\"@id\":\"https:\\\/\\\/ottawacornwall.ca\\\/fr\\\/events\\\/paroisse-saint-gabriel-retraite-de-careme-donnee-par-labbe-martin-kabanga\\\/#breadcrumb\"},\"inLanguage\":\"fr-FR\",\"potentialAction\":[{\"@type\":\"ReadAction\",\"target\":[\"https:\\\/\\\/ottawacornwall.ca\\\/fr\\\/events\\\/paroisse-saint-gabriel-retraite-de-careme-donnee-par-labbe-martin-kabanga\\\/\"]}]},{\"@type\":\"BreadcrumbList\",\"@id\":\"https:\\\/\\\/ottawacornwall.ca\\\/fr\\\/events\\\/paroisse-saint-gabriel-retraite-de-careme-donnee-par-labbe-martin-kabanga\\\/#breadcrumb\",\"itemListElement\":[{\"@type\":\"ListItem\",\"position\":1,\"name\":\"Home\",\"item\":\"https:\\\/\\\/ottawacornwall.ca\\\/fr\\\/\"},{\"@type\":\"ListItem\",\"position\":2,\"name\":\"Events\",\"item\":\"https:\\\/\\\/ottawacornwall.ca\\\/events\\\/\"},{\"@type\":\"ListItem\",\"position\":3,\"name\":\"PAROISSE SAINT-GABRIEL \u2013 Retraite de car\u00eame donn\u00e9e par l\u2019abb\u00e9 Martin Kabanga\"}]},{\"@type\":\"WebSite\",\"@id\":\"https:\\\/\\\/ottawacornwall.ca\\\/#website\",\"url\":\"https:\\\/\\\/ottawacornwall.ca\\\/\",\"name\":\"Archdiocese of Ottawa-Cornwall\",\"description\":\"Welcome to the  Ottawa-Cornwall Archdiocese!\",\"publisher\":{\"@id\":\"https:\\\/\\\/ottawacornwall.ca\\\/#organization\"},\"potentialAction\":[{\"@type\":\"SearchAction\",\"target\":{\"@type\":\"EntryPoint\",\"urlTemplate\":\"https:\\\/\\\/ottawacornwall.ca\\\/?s={search_term_string}\"},\"query-input\":{\"@type\":\"PropertyValueSpecification\",\"valueRequired\":true,\"valueName\":\"search_term_string\"}}],\"inLanguage\":\"fr-FR\"},{\"@type\":\"Organization\",\"@id\":\"https:\\\/\\\/ottawacornwall.ca\\\/#organization\",\"name\":\"Archdiocese of Ottawa-Cornwall\",\"url\":\"https:\\\/\\\/ottawacornwall.ca\\\/\",\"logo\":{\"@type\":\"ImageObject\",\"inLanguage\":\"fr-FR\",\"@id\":\"https:\\\/\\\/ottawacornwall.ca\\\/#\\\/schema\\\/logo\\\/image\\\/\",\"url\":\"https:\\\/\\\/ottawacornwall.ca\\\/wp-content\\\/uploads\\\/2022\\\/11\\\/Archdiocese-Logo-Horizontal-Reverse-1.svg\",\"contentUrl\":\"https:\\\/\\\/ottawacornwall.ca\\\/wp-content\\\/uploads\\\/2022\\\/11\\\/Archdiocese-Logo-Horizontal-Reverse-1.svg\",\"caption\":\"Archdiocese of Ottawa-Cornwall\"},\"image\":{\"@id\":\"https:\\\/\\\/ottawacornwall.ca\\\/#\\\/schema\\\/logo\\\/image\\\/\"}}]}<\/script>\n<!-- \/ Yoast SEO plugin. -->","yoast_head_json":{"title":"PAROISSE SAINT-GABRIEL \u2013 Retraite de car\u00eame donn\u00e9e par l\u2019abb\u00e9 Martin Kabanga - Archdiocese of Ottawa-Cornwall","robots":{"index":"index","follow":"follow","max-snippet":"max-snippet:-1","max-image-preview":"max-image-preview:large","max-video-preview":"max-video-preview:-1"},"canonical":"https:\/\/ottawacornwall.ca\/fr\/events\/paroisse-saint-gabriel-retraite-de-careme-donnee-par-labbe-martin-kabanga\/","og_locale":"fr_FR","og_type":"article","og_title":"PAROISSE SAINT-GABRIEL \u2013 Retraite de car\u00eame donn\u00e9e par l\u2019abb\u00e9 Martin Kabanga - Archdiocese of Ottawa-Cornwall","og_description":"Retraite de car\u00eame donn\u00e9e par l\u2019abb\u00e9 Martin Kabanga.\u00a0Th\u00e8me\u00a0:\u00a0P\u00e8lerins d\u2019esp\u00e9rance. La retraite aura lieu tous les mardis du 11 mars au 8 avril 2025 de 19 h \u00e0 20 h 30. Cinq diff\u00e9rents th\u00e8mes sur l\u2019esp\u00e9rance seront pr\u00e9sent\u00e9s. Deux possibilit\u00e9s sont offertes\u00a0: en pr\u00e9sentiel \u00e0 l\u2019\u00e9glise Saint-Gabriel, 55 rue Appleford, Ottawa OU en vid\u00e9oconf\u00e9rence. Voici le [&hellip;]","og_url":"https:\/\/ottawacornwall.ca\/fr\/events\/paroisse-saint-gabriel-retraite-de-careme-donnee-par-labbe-martin-kabanga\/","og_site_name":"Archdiocese of Ottawa-Cornwall","twitter_card":"summary_large_image","twitter_misc":{"Dur\u00e9e de lecture estim\u00e9e":"1 minute"},"schema":{"@context":"https:\/\/schema.org","@graph":[{"@type":"WebPage","@id":"https:\/\/ottawacornwall.ca\/fr\/events\/paroisse-saint-gabriel-retraite-de-careme-donnee-par-labbe-martin-kabanga\/","url":"https:\/\/ottawacornwall.ca\/fr\/events\/paroisse-saint-gabriel-retraite-de-careme-donnee-par-labbe-martin-kabanga\/","name":"PAROISSE SAINT-GABRIEL \u2013 Retraite de car\u00eame donn\u00e9e par l\u2019abb\u00e9 Martin Kabanga - Archdiocese of Ottawa-Cornwall","isPartOf":{"@id":"https:\/\/ottawacornwall.ca\/#website"},"datePublished":"2025-02-24T14:33:05+00:00","breadcrumb":{"@id":"https:\/\/ottawacornwall.ca\/fr\/events\/paroisse-saint-gabriel-retraite-de-careme-donnee-par-labbe-martin-kabanga\/#breadcrumb"},"inLanguage":"fr-FR","potentialAction":[{"@type":"ReadAction","target":["https:\/\/ottawacornwall.ca\/fr\/events\/paroisse-saint-gabriel-retraite-de-careme-donnee-par-labbe-martin-kabanga\/"]}]},{"@type":"BreadcrumbList","@id":"https:\/\/ottawacornwall.ca\/fr\/events\/paroisse-saint-gabriel-retraite-de-careme-donnee-par-labbe-martin-kabanga\/#breadcrumb","itemListElement":[{"@type":"ListItem","position":1,"name":"Home","item":"https:\/\/ottawacornwall.ca\/fr\/"},{"@type":"ListItem","position":2,"name":"Events","item":"https:\/\/ottawacornwall.ca\/events\/"},{"@type":"ListItem","position":3,"name":"PAROISSE SAINT-GABRIEL \u2013 Retraite de car\u00eame donn\u00e9e par l\u2019abb\u00e9 Martin Kabanga"}]},{"@type":"WebSite","@id":"https:\/\/ottawacornwall.ca\/#website","url":"https:\/\/ottawacornwall.ca\/","name":"Archdiocese of Ottawa-Cornwall","description":"Welcome to the  Ottawa-Cornwall Archdiocese!","publisher":{"@id":"https:\/\/ottawacornwall.ca\/#organization"},"potentialAction":[{"@type":"SearchAction","target":{"@type":"EntryPoint","urlTemplate":"https:\/\/ottawacornwall.ca\/?s={search_term_string}"},"query-input":{"@type":"PropertyValueSpecification","valueRequired":true,"valueName":"search_term_string"}}],"inLanguage":"fr-FR"},{"@type":"Organization","@id":"https:\/\/ottawacornwall.ca\/#organization","name":"Archdiocese of Ottawa-Cornwall","url":"https:\/\/ottawacornwall.ca\/","logo":{"@type":"ImageObject","inLanguage":"fr-FR","@id":"https:\/\/ottawacornwall.ca\/#\/schema\/logo\/image\/","url":"https:\/\/ottawacornwall.ca\/wp-content\/uploads\/2022\/11\/Archdiocese-Logo-Horizontal-Reverse-1.svg","contentUrl":"https:\/\/ottawacornwall.ca\/wp-content\/uploads\/2022\/11\/Archdiocese-Logo-Horizontal-Reverse-1.svg","caption":"Archdiocese of Ottawa-Cornwall"},"image":{"@id":"https:\/\/ottawacornwall.ca\/#\/schema\/logo\/image\/"}}]}},"_links":{"self":[{"href":"https:\/\/ottawacornwall.ca\/fr\/wp-json\/wp\/v2\/mec-events\/27689","targetHints":{"allow":["GET"]}}],"collection":[{"href":"https:\/\/ottawacornwall.ca\/fr\/wp-json\/wp\/v2\/mec-events"}],"about":[{"href":"https:\/\/ottawacornwall.ca\/fr\/wp-json\/wp\/v2\/types\/mec-events"}],"author":[{"embeddable":true,"href":"https:\/\/ottawacornwall.ca\/fr\/wp-json\/wp\/v2\/users\/24"}],"replies":[{"embeddable":true,"href":"https:\/\/ottawacornwall.ca\/fr\/wp-json\/wp\/v2\/comments?post=27689"}],"wp:attachment":[{"href":"https:\/\/ottawacornwall.ca\/fr\/wp-json\/wp\/v2\/media?parent=27689"}],"wp:term":[{"taxonomy":"mec_category","embeddable":true,"href":"https:\/\/ottawacornwall.ca\/fr\/wp-json\/wp\/v2\/mec_category?post=27689"},{"taxonomy":"mec_tag","embeddable":true,"href":"https:\/\/ottawacornwall.ca\/fr\/wp-json\/wp\/v2\/mec_tag?post=27689"}],"curies":[{"name":"wp","href":"https:\/\/api.w.org\/{rel}","templated":true}]}}

PAROISSE SAINT-GABRIEL – Retraite de carême donnée par l’abbé Martin Kabanga

<p><b data-olk-copy-source="MessageBody">Retraite de carême donnée par l’abbé Martin Kabanga.</b> Thème : <b>Pèlerins d’espérance. L</b>a retraite aura lieu tous les mardis du 11 mars au 8 avril 2025 de 19 h à 20 h 30. Cinq différents thèmes sur l’espérance seront présentés. Deux possibilités sont offertes : en présentiel à l’église Saint-Gabriel, 55 rue Appleford, Ottawa OU en vidéoconférence. Voici le lien Zoom : <u><a id="LPlnkOWA9118cbe6-1bee-1bd0-94c8-a7850b4ae4a9" class="x_x_x_OWAAutoLink" title="https://us02web.zoom.us/j/86737120168?pwd=1iBTAKatqmCpxjLimxVpjc2Mk7wcRN.1" href="https://us02web.zoom.us/j/86737120168?pwd=1iBTAKatqmCpxjLimxVpjc2Mk7wcRN.1" target="_blank" rel="noopener noreferrer" data-linkindex="0" data-auth="NotApplicable">https://us02web.zoom.us/j/86737120168?pwd=1iBTAKatqmCpxjLimxVpjc2Mk7wcRN.1</a></u></p>
<p><span data-olk-copy-source="MessageBody">Le lien sera ouvert à 18 h 55. Pour plus d’information : Isabelle Frappier 613-297-0885.</span></p>

<p>Retraite de carême donnée par l’abbé Martin Kabanga. Thème : Pèlerins d’espérance. La retraite aura lieu tous les mardis du 11 mars au 8 avril 2025 de 19 h à 20 h 30. Cinq différents thèmes sur l’espérance seront présentés. Deux possibilités sont offertes : en présentiel à l’église Saint-Gabriel, 55 rue Appleford, Ottawa OU en vidéoconférence. Voici le [&hellip;]</p>

<!-- This site is optimized with the Yoast SEO plugin v27.4 - https://yoast.com/product/yoast-seo-wordpress/ -->
<title>PAROISSE SAINT-GABRIEL – Retraite de carême donnée par l’abbé Martin Kabanga - Archdiocese of Ottawa-Cornwall</title>
<meta name="robots" content="index, follow, max-snippet:-1, max-image-preview:large, max-video-preview:-1" />
<link rel="canonical" href="https://ottawacornwall.ca/fr/events/paroisse-saint-gabriel-retraite-de-careme-donnee-par-labbe-martin-kabanga/" />
<meta property="og:locale" content="fr_FR" />
<meta property="og:type" content="article" />
<meta property="og:title" content="PAROISSE SAINT-GABRIEL – Retraite de carême donnée par l’abbé Martin Kabanga - Archdiocese of Ottawa-Cornwall" />
<meta property="og:description" content="Retraite de carême donnée par l’abbé Martin Kabanga. Thème : Pèlerins d’espérance. La retraite aura lieu tous les mardis du 11 mars au 8 avril 2025 de 19 h à 20 h 30. Cinq différents thèmes sur l’espérance seront présentés. Deux possibilités sont offertes : en présentiel à l’église Saint-Gabriel, 55 rue Appleford, Ottawa OU en vidéoconférence. Voici le [&hellip;]" />
<meta property="og:url" content="https://ottawacornwall.ca/fr/events/paroisse-saint-gabriel-retraite-de-careme-donnee-par-labbe-martin-kabanga/" />
<meta property="og:site_name" content="Archdiocese of Ottawa-Cornwall" />
<meta name="twitter:card" content="summary_large_image" />
<meta name="twitter:label1" content="Durée de lecture estimée" />
	<meta name="twitter:data1" content="1 minute" />
<script type="application/ld+json" class="yoast-schema-graph">{"@context":"https:\/\/schema.org","@graph":[{"@type":"WebPage","@id":"https:\/\/ottawacornwall.ca\/fr\/events\/paroisse-saint-gabriel-retraite-de-careme-donnee-par-labbe-martin-kabanga\/","url":"https:\/\/ottawacornwall.ca\/fr\/events\/paroisse-saint-gabriel-retraite-de-careme-donnee-par-labbe-martin-kabanga\/","name":"PAROISSE SAINT-GABRIEL – Retraite de carême donnée par l’abbé Martin Kabanga - Archdiocese of Ottawa-Cornwall","isPartOf":{"@id":"https:\/\/ottawacornwall.ca\/#website"},"datePublished":"2025-02-24T14:33:05+00:00","breadcrumb":{"@id":"https:\/\/ottawacornwall.ca\/fr\/events\/paroisse-saint-gabriel-retraite-de-careme-donnee-par-labbe-martin-kabanga\/#breadcrumb"},"inLanguage":"fr-FR","potentialAction":[{"@type":"ReadAction","target":["https:\/\/ottawacornwall.ca\/fr\/events\/paroisse-saint-gabriel-retraite-de-careme-donnee-par-labbe-martin-kabanga\/"]}]},{"@type":"BreadcrumbList","@id":"https:\/\/ottawacornwall.ca\/fr\/events\/paroisse-saint-gabriel-retraite-de-careme-donnee-par-labbe-martin-kabanga\/#breadcrumb","itemListElement":[{"@type":"ListItem","position":1,"name":"Home","item":"https:\/\/ottawacornwall.ca\/fr\/"},{"@type":"ListItem","position":2,"name":"Events","item":"https:\/\/ottawacornwall.ca\/events\/"},{"@type":"ListItem","position":3,"name":"PAROISSE SAINT-GABRIEL – Retraite de carême donnée par l’abbé Martin Kabanga"}]},{"@type":"WebSite","@id":"https:\/\/ottawacornwall.ca\/#website","url":"https:\/\/ottawacornwall.ca\/","name":"Archdiocese of Ottawa-Cornwall","description":"Welcome to the  Ottawa-Cornwall Archdiocese!","publisher":{"@id":"https:\/\/ottawacornwall.ca\/#organization"},"potentialAction":[{"@type":"SearchAction","target":{"@type":"EntryPoint","urlTemplate":"https:\/\/ottawacornwall.ca\/?s={search_term_string}"},"query-input":{"@type":"PropertyValueSpecification","valueRequired":true,"valueName":"search_term_string"}}],"inLanguage":"fr-FR"},{"@type":"Organization","@id":"https:\/\/ottawacornwall.ca\/#organization","name":"Archdiocese of Ottawa-Cornwall","url":"https:\/\/ottawacornwall.ca\/","logo":{"@type":"ImageObject","inLanguage":"fr-FR","@id":"https:\/\/ottawacornwall.ca\/#\/schema\/logo\/image\/","url":"https:\/\/ottawacornwall.ca\/wp-content\/uploads\/2022\/11\/Archdiocese-Logo-Horizontal-Reverse-1.svg","contentUrl":"https:\/\/ottawacornwall.ca\/wp-content\/uploads\/2022\/11\/Archdiocese-Logo-Horizontal-Reverse-1.svg","caption":"Archdiocese of Ottawa-Cornwall"},"image":{"@id":"https:\/\/ottawacornwall.ca\/#\/schema\/logo\/image\/"}}]}</script>
<!-- / Yoast SEO plugin. -->

PAROISSE SAINT-GABRIEL – Retraite de carême donnée par l’abbé Martin Kabanga - Archdiocese of Ottawa-Cornwall

Retraite de carême donnée par l’abbé Martin Kabanga. Thème : Pèlerins d’espérance. La retraite aura lieu tous les mardis du 11 mars au 8 avril 2025 de 19 h à 20 h 30. Cinq différents thèmes sur l’espérance seront présentés. Deux possibilités sont offertes : en présentiel à l’église Saint-Gabriel, 55 rue Appleford, Ottawa OU en vidéoconférence. Voici le [&hellip;]
