{"id":29649,"date":"2025-03-27T14:35:36","date_gmt":"2025-03-27T18:35:36","guid":{"rendered":"https:\/\/wp268132.wpdns.ca\/?post_type=mec-events&#038;p=29649"},"modified":"2025-03-27T14:35:36","modified_gmt":"2025-03-27T18:35:36","slug":"webinaire-a-ne-pas-manquer-carlo-acutis-modele-pour-les-jeunes-daujourdhui","status":"publish","type":"mec-events","link":"https:\/\/ottawacornwall.ca\/fr\/events\/webinaire-a-ne-pas-manquer-carlo-acutis-modele-pour-les-jeunes-daujourdhui\/","title":{"rendered":"Webinaire \u00e0 ne pas manquer : Carlo Acutis, mod\u00e8le pour les jeunes d&rsquo;aujourd\u2019hui"},"content":{"rendered":"<p>Les \u0152uvres pontificales missionnaires du Canada francophone et Mond\u2019Ami ont le plaisir de vous inviter \u00e0 leur webinaire du mois d\u2019avril. Ce mois-ci, \u00e0 l&rsquo;occasion de la canonisation de Carlo Acutis, pr\u00e9vue pour le 27 avril, en plein c\u0153ur du Jubil\u00e9 des jeunes, nous vous proposons un sujet inspirant. Mme Louise Normandeau viendra partager son t\u00e9moignage sur ce jeune saint et expliquer comment sa vie et son message continuent de toucher et d&rsquo;inspirer les g\u00e9n\u00e9rations actuelles.<\/p>\n<p><strong>Quand :<\/strong> Mercredi 2 avril, \u00e0 12h00 (Heure normale de l&rsquo;Est &#8211; EST)<\/p>\n<p><strong>Inscription :<\/strong> <a href=\"https:\/\/us02web.zoom.us\/webinar\/register\/WN_LOrEYvV1R4O5fCkpke4Ycw#\/registration\">https:\/\/us02web.zoom.us\/webinar\/register\/WN_LOrEYvV1R4O5fCkpke4Ycw#\/registration<\/a><\/p>\n<p>Ne manquez pas cette occasion unique de d\u00e9couvrir ce futur saint et de vous laisser inspirer par son message.<\/p>\n<p><strong>Pour tout contact :<\/strong><br \/>\nAline Bedros<br \/>\nTorchia Communications<br \/>\nT\u00e9l\u00e9phone : 514-250-2332<br \/>\nEmail : aline@torchiacom.com<br \/>\nSite web : <a href=\"http:\/\/www.torchiacom.com\">www.torchiacom.com<\/a><\/p>\n","protected":false},"excerpt":{"rendered":"<p>Les \u0152uvres pontificales missionnaires du Canada francophone et Mond\u2019Ami ont le plaisir de vous inviter \u00e0 leur webinaire du mois d\u2019avril. Ce mois-ci, \u00e0 l&rsquo;occasion de la canonisation de Carlo Acutis, pr\u00e9vue pour le 27 avril, en plein c\u0153ur du Jubil\u00e9 des jeunes, nous vous proposons un sujet inspirant. Mme Louise Normandeau viendra partager son [&hellip;]<\/p>\n","protected":false},"author":11,"featured_media":0,"comment_status":"closed","ping_status":"closed","template":"","mec_category":[],"mec_tag":[],"class_list":["post-29649","mec-events","type-mec-events","status-publish","hentry"],"acf":[],"yoast_head":"<!-- This site is optimized with the Yoast SEO plugin v27.4 - https:\/\/yoast.com\/product\/yoast-seo-wordpress\/ -->\n<title>Webinaire \u00e0 ne pas manquer : Carlo Acutis, mod\u00e8le pour les jeunes d&#039;aujourd\u2019hui - Archdiocese of Ottawa-Cornwall<\/title>\n<meta name=\"robots\" content=\"index, follow, max-snippet:-1, max-image-preview:large, max-video-preview:-1\" \/>\n<link rel=\"canonical\" href=\"https:\/\/ottawacornwall.ca\/fr\/events\/webinaire-a-ne-pas-manquer-carlo-acutis-modele-pour-les-jeunes-daujourdhui\/\" \/>\n<meta property=\"og:locale\" content=\"fr_FR\" \/>\n<meta property=\"og:type\" content=\"article\" \/>\n<meta property=\"og:title\" content=\"Webinaire \u00e0 ne pas manquer : Carlo Acutis, mod\u00e8le pour les jeunes d&#039;aujourd\u2019hui - Archdiocese of Ottawa-Cornwall\" \/>\n<meta property=\"og:description\" content=\"Les \u0152uvres pontificales missionnaires du Canada francophone et Mond\u2019Ami ont le plaisir de vous inviter \u00e0 leur webinaire du mois d\u2019avril. Ce mois-ci, \u00e0 l&rsquo;occasion de la canonisation de Carlo Acutis, pr\u00e9vue pour le 27 avril, en plein c\u0153ur du Jubil\u00e9 des jeunes, nous vous proposons un sujet inspirant. Mme Louise Normandeau viendra partager son [&hellip;]\" \/>\n<meta property=\"og:url\" content=\"https:\/\/ottawacornwall.ca\/fr\/events\/webinaire-a-ne-pas-manquer-carlo-acutis-modele-pour-les-jeunes-daujourdhui\/\" \/>\n<meta property=\"og:site_name\" content=\"Archdiocese of Ottawa-Cornwall\" \/>\n<meta name=\"twitter:card\" content=\"summary_large_image\" \/>\n<meta name=\"twitter:label1\" content=\"Dur\u00e9e de lecture estim\u00e9e\" \/>\n\t<meta name=\"twitter:data1\" content=\"1 minute\" \/>\n<script type=\"application\/ld+json\" class=\"yoast-schema-graph\">{\"@context\":\"https:\\\/\\\/schema.org\",\"@graph\":[{\"@type\":\"WebPage\",\"@id\":\"https:\\\/\\\/ottawacornwall.ca\\\/fr\\\/events\\\/webinaire-a-ne-pas-manquer-carlo-acutis-modele-pour-les-jeunes-daujourdhui\\\/\",\"url\":\"https:\\\/\\\/ottawacornwall.ca\\\/fr\\\/events\\\/webinaire-a-ne-pas-manquer-carlo-acutis-modele-pour-les-jeunes-daujourdhui\\\/\",\"name\":\"Webinaire \u00e0 ne pas manquer : Carlo Acutis, mod\u00e8le pour les jeunes d'aujourd\u2019hui - Archdiocese of Ottawa-Cornwall\",\"isPartOf\":{\"@id\":\"https:\\\/\\\/ottawacornwall.ca\\\/#website\"},\"datePublished\":\"2025-03-27T18:35:36+00:00\",\"breadcrumb\":{\"@id\":\"https:\\\/\\\/ottawacornwall.ca\\\/fr\\\/events\\\/webinaire-a-ne-pas-manquer-carlo-acutis-modele-pour-les-jeunes-daujourdhui\\\/#breadcrumb\"},\"inLanguage\":\"fr-FR\",\"potentialAction\":[{\"@type\":\"ReadAction\",\"target\":[\"https:\\\/\\\/ottawacornwall.ca\\\/fr\\\/events\\\/webinaire-a-ne-pas-manquer-carlo-acutis-modele-pour-les-jeunes-daujourdhui\\\/\"]}]},{\"@type\":\"BreadcrumbList\",\"@id\":\"https:\\\/\\\/ottawacornwall.ca\\\/fr\\\/events\\\/webinaire-a-ne-pas-manquer-carlo-acutis-modele-pour-les-jeunes-daujourdhui\\\/#breadcrumb\",\"itemListElement\":[{\"@type\":\"ListItem\",\"position\":1,\"name\":\"Home\",\"item\":\"https:\\\/\\\/ottawacornwall.ca\\\/fr\\\/\"},{\"@type\":\"ListItem\",\"position\":2,\"name\":\"Events\",\"item\":\"https:\\\/\\\/ottawacornwall.ca\\\/events\\\/\"},{\"@type\":\"ListItem\",\"position\":3,\"name\":\"Webinaire \u00e0 ne pas manquer : Carlo Acutis, mod\u00e8le pour les jeunes d&rsquo;aujourd\u2019hui\"}]},{\"@type\":\"WebSite\",\"@id\":\"https:\\\/\\\/ottawacornwall.ca\\\/#website\",\"url\":\"https:\\\/\\\/ottawacornwall.ca\\\/\",\"name\":\"Archdiocese of Ottawa-Cornwall\",\"description\":\"Welcome to the  Ottawa-Cornwall Archdiocese!\",\"publisher\":{\"@id\":\"https:\\\/\\\/ottawacornwall.ca\\\/#organization\"},\"potentialAction\":[{\"@type\":\"SearchAction\",\"target\":{\"@type\":\"EntryPoint\",\"urlTemplate\":\"https:\\\/\\\/ottawacornwall.ca\\\/?s={search_term_string}\"},\"query-input\":{\"@type\":\"PropertyValueSpecification\",\"valueRequired\":true,\"valueName\":\"search_term_string\"}}],\"inLanguage\":\"fr-FR\"},{\"@type\":\"Organization\",\"@id\":\"https:\\\/\\\/ottawacornwall.ca\\\/#organization\",\"name\":\"Archdiocese of Ottawa-Cornwall\",\"url\":\"https:\\\/\\\/ottawacornwall.ca\\\/\",\"logo\":{\"@type\":\"ImageObject\",\"inLanguage\":\"fr-FR\",\"@id\":\"https:\\\/\\\/ottawacornwall.ca\\\/#\\\/schema\\\/logo\\\/image\\\/\",\"url\":\"https:\\\/\\\/ottawacornwall.ca\\\/wp-content\\\/uploads\\\/2022\\\/11\\\/Archdiocese-Logo-Horizontal-Reverse-1.svg\",\"contentUrl\":\"https:\\\/\\\/ottawacornwall.ca\\\/wp-content\\\/uploads\\\/2022\\\/11\\\/Archdiocese-Logo-Horizontal-Reverse-1.svg\",\"caption\":\"Archdiocese of Ottawa-Cornwall\"},\"image\":{\"@id\":\"https:\\\/\\\/ottawacornwall.ca\\\/#\\\/schema\\\/logo\\\/image\\\/\"}}]}<\/script>\n<!-- \/ Yoast SEO plugin. -->","yoast_head_json":{"title":"Webinaire \u00e0 ne pas manquer : Carlo Acutis, mod\u00e8le pour les jeunes d'aujourd\u2019hui - Archdiocese of Ottawa-Cornwall","robots":{"index":"index","follow":"follow","max-snippet":"max-snippet:-1","max-image-preview":"max-image-preview:large","max-video-preview":"max-video-preview:-1"},"canonical":"https:\/\/ottawacornwall.ca\/fr\/events\/webinaire-a-ne-pas-manquer-carlo-acutis-modele-pour-les-jeunes-daujourdhui\/","og_locale":"fr_FR","og_type":"article","og_title":"Webinaire \u00e0 ne pas manquer : Carlo Acutis, mod\u00e8le pour les jeunes d'aujourd\u2019hui - Archdiocese of Ottawa-Cornwall","og_description":"Les \u0152uvres pontificales missionnaires du Canada francophone et Mond\u2019Ami ont le plaisir de vous inviter \u00e0 leur webinaire du mois d\u2019avril. Ce mois-ci, \u00e0 l&rsquo;occasion de la canonisation de Carlo Acutis, pr\u00e9vue pour le 27 avril, en plein c\u0153ur du Jubil\u00e9 des jeunes, nous vous proposons un sujet inspirant. Mme Louise Normandeau viendra partager son [&hellip;]","og_url":"https:\/\/ottawacornwall.ca\/fr\/events\/webinaire-a-ne-pas-manquer-carlo-acutis-modele-pour-les-jeunes-daujourdhui\/","og_site_name":"Archdiocese of Ottawa-Cornwall","twitter_card":"summary_large_image","twitter_misc":{"Dur\u00e9e de lecture estim\u00e9e":"1 minute"},"schema":{"@context":"https:\/\/schema.org","@graph":[{"@type":"WebPage","@id":"https:\/\/ottawacornwall.ca\/fr\/events\/webinaire-a-ne-pas-manquer-carlo-acutis-modele-pour-les-jeunes-daujourdhui\/","url":"https:\/\/ottawacornwall.ca\/fr\/events\/webinaire-a-ne-pas-manquer-carlo-acutis-modele-pour-les-jeunes-daujourdhui\/","name":"Webinaire \u00e0 ne pas manquer : Carlo Acutis, mod\u00e8le pour les jeunes d'aujourd\u2019hui - Archdiocese of Ottawa-Cornwall","isPartOf":{"@id":"https:\/\/ottawacornwall.ca\/#website"},"datePublished":"2025-03-27T18:35:36+00:00","breadcrumb":{"@id":"https:\/\/ottawacornwall.ca\/fr\/events\/webinaire-a-ne-pas-manquer-carlo-acutis-modele-pour-les-jeunes-daujourdhui\/#breadcrumb"},"inLanguage":"fr-FR","potentialAction":[{"@type":"ReadAction","target":["https:\/\/ottawacornwall.ca\/fr\/events\/webinaire-a-ne-pas-manquer-carlo-acutis-modele-pour-les-jeunes-daujourdhui\/"]}]},{"@type":"BreadcrumbList","@id":"https:\/\/ottawacornwall.ca\/fr\/events\/webinaire-a-ne-pas-manquer-carlo-acutis-modele-pour-les-jeunes-daujourdhui\/#breadcrumb","itemListElement":[{"@type":"ListItem","position":1,"name":"Home","item":"https:\/\/ottawacornwall.ca\/fr\/"},{"@type":"ListItem","position":2,"name":"Events","item":"https:\/\/ottawacornwall.ca\/events\/"},{"@type":"ListItem","position":3,"name":"Webinaire \u00e0 ne pas manquer : Carlo Acutis, mod\u00e8le pour les jeunes d&rsquo;aujourd\u2019hui"}]},{"@type":"WebSite","@id":"https:\/\/ottawacornwall.ca\/#website","url":"https:\/\/ottawacornwall.ca\/","name":"Archdiocese of Ottawa-Cornwall","description":"Welcome to the  Ottawa-Cornwall Archdiocese!","publisher":{"@id":"https:\/\/ottawacornwall.ca\/#organization"},"potentialAction":[{"@type":"SearchAction","target":{"@type":"EntryPoint","urlTemplate":"https:\/\/ottawacornwall.ca\/?s={search_term_string}"},"query-input":{"@type":"PropertyValueSpecification","valueRequired":true,"valueName":"search_term_string"}}],"inLanguage":"fr-FR"},{"@type":"Organization","@id":"https:\/\/ottawacornwall.ca\/#organization","name":"Archdiocese of Ottawa-Cornwall","url":"https:\/\/ottawacornwall.ca\/","logo":{"@type":"ImageObject","inLanguage":"fr-FR","@id":"https:\/\/ottawacornwall.ca\/#\/schema\/logo\/image\/","url":"https:\/\/ottawacornwall.ca\/wp-content\/uploads\/2022\/11\/Archdiocese-Logo-Horizontal-Reverse-1.svg","contentUrl":"https:\/\/ottawacornwall.ca\/wp-content\/uploads\/2022\/11\/Archdiocese-Logo-Horizontal-Reverse-1.svg","caption":"Archdiocese of Ottawa-Cornwall"},"image":{"@id":"https:\/\/ottawacornwall.ca\/#\/schema\/logo\/image\/"}}]}},"_links":{"self":[{"href":"https:\/\/ottawacornwall.ca\/fr\/wp-json\/wp\/v2\/mec-events\/29649","targetHints":{"allow":["GET"]}}],"collection":[{"href":"https:\/\/ottawacornwall.ca\/fr\/wp-json\/wp\/v2\/mec-events"}],"about":[{"href":"https:\/\/ottawacornwall.ca\/fr\/wp-json\/wp\/v2\/types\/mec-events"}],"author":[{"embeddable":true,"href":"https:\/\/ottawacornwall.ca\/fr\/wp-json\/wp\/v2\/users\/11"}],"replies":[{"embeddable":true,"href":"https:\/\/ottawacornwall.ca\/fr\/wp-json\/wp\/v2\/comments?post=29649"}],"wp:attachment":[{"href":"https:\/\/ottawacornwall.ca\/fr\/wp-json\/wp\/v2\/media?parent=29649"}],"wp:term":[{"taxonomy":"mec_category","embeddable":true,"href":"https:\/\/ottawacornwall.ca\/fr\/wp-json\/wp\/v2\/mec_category?post=29649"},{"taxonomy":"mec_tag","embeddable":true,"href":"https:\/\/ottawacornwall.ca\/fr\/wp-json\/wp\/v2\/mec_tag?post=29649"}],"curies":[{"name":"wp","href":"https:\/\/api.w.org\/{rel}","templated":true}]}}

Webinaire à ne pas manquer : Carlo Acutis, modèle pour les jeunes d&rsquo;aujourd’hui

<p>Les Œuvres pontificales missionnaires du Canada francophone et Mond’Ami ont le plaisir de vous inviter à leur webinaire du mois d’avril. Ce mois-ci, à l&rsquo;occasion de la canonisation de Carlo Acutis, prévue pour le 27 avril, en plein cœur du Jubilé des jeunes, nous vous proposons un sujet inspirant. Mme Louise Normandeau viendra partager son témoignage sur ce jeune saint et expliquer comment sa vie et son message continuent de toucher et d&rsquo;inspirer les générations actuelles.</p>
<p><strong>Quand :</strong> Mercredi 2 avril, à 12h00 (Heure normale de l&rsquo;Est &#8211; EST)</p>
<p><strong>Inscription :</strong> <a href="https://us02web.zoom.us/webinar/register/WN_LOrEYvV1R4O5fCkpke4Ycw#/registration">https://us02web.zoom.us/webinar/register/WN_LOrEYvV1R4O5fCkpke4Ycw#/registration</a></p>
<p>Ne manquez pas cette occasion unique de découvrir ce futur saint et de vous laisser inspirer par son message.</p>
<p><strong>Pour tout contact :</strong><br />
Aline Bedros<br />
Torchia Communications<br />
Téléphone : 514-250-2332<br />
Email : aline@torchiacom.com<br />
Site web : <a href="http://www.torchiacom.com">www.torchiacom.com</a></p>

<p>Les Œuvres pontificales missionnaires du Canada francophone et Mond’Ami ont le plaisir de vous inviter à leur webinaire du mois d’avril. Ce mois-ci, à l&rsquo;occasion de la canonisation de Carlo Acutis, prévue pour le 27 avril, en plein cœur du Jubilé des jeunes, nous vous proposons un sujet inspirant. Mme Louise Normandeau viendra partager son [&hellip;]</p>

<!-- This site is optimized with the Yoast SEO plugin v27.4 - https://yoast.com/product/yoast-seo-wordpress/ -->
<title>Webinaire à ne pas manquer : Carlo Acutis, modèle pour les jeunes d&#039;aujourd’hui - Archdiocese of Ottawa-Cornwall</title>
<meta name="robots" content="index, follow, max-snippet:-1, max-image-preview:large, max-video-preview:-1" />
<link rel="canonical" href="https://ottawacornwall.ca/fr/events/webinaire-a-ne-pas-manquer-carlo-acutis-modele-pour-les-jeunes-daujourdhui/" />
<meta property="og:locale" content="fr_FR" />
<meta property="og:type" content="article" />
<meta property="og:title" content="Webinaire à ne pas manquer : Carlo Acutis, modèle pour les jeunes d&#039;aujourd’hui - Archdiocese of Ottawa-Cornwall" />
<meta property="og:description" content="Les Œuvres pontificales missionnaires du Canada francophone et Mond’Ami ont le plaisir de vous inviter à leur webinaire du mois d’avril. Ce mois-ci, à l&rsquo;occasion de la canonisation de Carlo Acutis, prévue pour le 27 avril, en plein cœur du Jubilé des jeunes, nous vous proposons un sujet inspirant. Mme Louise Normandeau viendra partager son [&hellip;]" />
<meta property="og:url" content="https://ottawacornwall.ca/fr/events/webinaire-a-ne-pas-manquer-carlo-acutis-modele-pour-les-jeunes-daujourdhui/" />
<meta property="og:site_name" content="Archdiocese of Ottawa-Cornwall" />
<meta name="twitter:card" content="summary_large_image" />
<meta name="twitter:label1" content="Durée de lecture estimée" />
	<meta name="twitter:data1" content="1 minute" />
<script type="application/ld+json" class="yoast-schema-graph">{"@context":"https:\/\/schema.org","@graph":[{"@type":"WebPage","@id":"https:\/\/ottawacornwall.ca\/fr\/events\/webinaire-a-ne-pas-manquer-carlo-acutis-modele-pour-les-jeunes-daujourdhui\/","url":"https:\/\/ottawacornwall.ca\/fr\/events\/webinaire-a-ne-pas-manquer-carlo-acutis-modele-pour-les-jeunes-daujourdhui\/","name":"Webinaire à ne pas manquer : Carlo Acutis, modèle pour les jeunes d'aujourd’hui - Archdiocese of Ottawa-Cornwall","isPartOf":{"@id":"https:\/\/ottawacornwall.ca\/#website"},"datePublished":"2025-03-27T18:35:36+00:00","breadcrumb":{"@id":"https:\/\/ottawacornwall.ca\/fr\/events\/webinaire-a-ne-pas-manquer-carlo-acutis-modele-pour-les-jeunes-daujourdhui\/#breadcrumb"},"inLanguage":"fr-FR","potentialAction":[{"@type":"ReadAction","target":["https:\/\/ottawacornwall.ca\/fr\/events\/webinaire-a-ne-pas-manquer-carlo-acutis-modele-pour-les-jeunes-daujourdhui\/"]}]},{"@type":"BreadcrumbList","@id":"https:\/\/ottawacornwall.ca\/fr\/events\/webinaire-a-ne-pas-manquer-carlo-acutis-modele-pour-les-jeunes-daujourdhui\/#breadcrumb","itemListElement":[{"@type":"ListItem","position":1,"name":"Home","item":"https:\/\/ottawacornwall.ca\/fr\/"},{"@type":"ListItem","position":2,"name":"Events","item":"https:\/\/ottawacornwall.ca\/events\/"},{"@type":"ListItem","position":3,"name":"Webinaire à ne pas manquer : Carlo Acutis, modèle pour les jeunes d&rsquo;aujourd’hui"}]},{"@type":"WebSite","@id":"https:\/\/ottawacornwall.ca\/#website","url":"https:\/\/ottawacornwall.ca\/","name":"Archdiocese of Ottawa-Cornwall","description":"Welcome to the  Ottawa-Cornwall Archdiocese!","publisher":{"@id":"https:\/\/ottawacornwall.ca\/#organization"},"potentialAction":[{"@type":"SearchAction","target":{"@type":"EntryPoint","urlTemplate":"https:\/\/ottawacornwall.ca\/?s={search_term_string}"},"query-input":{"@type":"PropertyValueSpecification","valueRequired":true,"valueName":"search_term_string"}}],"inLanguage":"fr-FR"},{"@type":"Organization","@id":"https:\/\/ottawacornwall.ca\/#organization","name":"Archdiocese of Ottawa-Cornwall","url":"https:\/\/ottawacornwall.ca\/","logo":{"@type":"ImageObject","inLanguage":"fr-FR","@id":"https:\/\/ottawacornwall.ca\/#\/schema\/logo\/image\/","url":"https:\/\/ottawacornwall.ca\/wp-content\/uploads\/2022\/11\/Archdiocese-Logo-Horizontal-Reverse-1.svg","contentUrl":"https:\/\/ottawacornwall.ca\/wp-content\/uploads\/2022\/11\/Archdiocese-Logo-Horizontal-Reverse-1.svg","caption":"Archdiocese of Ottawa-Cornwall"},"image":{"@id":"https:\/\/ottawacornwall.ca\/#\/schema\/logo\/image\/"}}]}</script>
<!-- / Yoast SEO plugin. -->

Webinaire à ne pas manquer : Carlo Acutis, modèle pour les jeunes d'aujourd’hui - Archdiocese of Ottawa-Cornwall

Les Œuvres pontificales missionnaires du Canada francophone et Mond’Ami ont le plaisir de vous inviter à leur webinaire du mois d’avril. Ce mois-ci, à l&rsquo;occasion de la canonisation de Carlo Acutis, prévue pour le 27 avril, en plein cœur du Jubilé des jeunes, nous vous proposons un sujet inspirant. Mme Louise Normandeau viendra partager son [&hellip;]
