{"id":32402,"date":"2025-06-11T10:31:24","date_gmt":"2025-06-11T14:31:24","guid":{"rendered":"https:\/\/wp268132.wpdns.ca\/?post_type=mec-events&#038;p=32402"},"modified":"2025-06-11T10:31:24","modified_gmt":"2025-06-11T14:31:24","slug":"messe-plein-air-calvaire-green-valley","status":"publish","type":"mec-events","link":"https:\/\/ottawacornwall.ca\/fr\/events\/messe-plein-air-calvaire-green-valley\/","title":{"rendered":"Messe plein air-Calvaire, Green Valley"},"content":{"rendered":"<p><strong>C\u00e9l\u00e9brez l\u2019anniversaire de saint Jean-Baptiste<\/strong><\/p>\n<p>Rejoignez Mgr Yvan au Calvaire le mardi 24\u00a0juin alors que nous c\u00e9l\u00e9brons l\u2019anniversaire du cousin de J\u00e9sus, Jean-Baptiste. Ce sera l\u2019ouverture de la saison estivale du Calvaire 2025. On prie le Chemin de Croix \u00e0 18h30, suivies par la messe bilingue en plein air \u00e0 19h. Le Calvaire est situ\u00e9 au 4172, route 34 \u00e0 Green Valley derri\u00e8re la paroisse de Ste-Marie-de-l\u2019Assomption.<\/p>\n","protected":false},"excerpt":{"rendered":"<p>C\u00e9l\u00e9brez l\u2019anniversaire de saint Jean-Baptiste Rejoignez Mgr Yvan au Calvaire le mardi 24\u00a0juin alors que nous c\u00e9l\u00e9brons l\u2019anniversaire du cousin de J\u00e9sus, Jean-Baptiste. Ce sera l\u2019ouverture de la saison estivale du Calvaire 2025. On prie le Chemin de Croix \u00e0 18h30, suivies par la messe bilingue en plein air \u00e0 19h. Le Calvaire est situ\u00e9 [&hellip;]<\/p>\n","protected":false},"author":16,"featured_media":32403,"comment_status":"closed","ping_status":"closed","template":"","mec_category":[],"mec_tag":[],"class_list":["post-32402","mec-events","type-mec-events","status-publish","has-post-thumbnail","hentry"],"acf":[],"yoast_head":"<!-- This site is optimized with the Yoast SEO plugin v27.4 - https:\/\/yoast.com\/product\/yoast-seo-wordpress\/ -->\n<title>Messe plein air-Calvaire, Green Valley - Archdiocese of Ottawa-Cornwall<\/title>\n<meta name=\"robots\" content=\"index, follow, max-snippet:-1, max-image-preview:large, max-video-preview:-1\" \/>\n<link rel=\"canonical\" href=\"https:\/\/ottawacornwall.ca\/fr\/events\/messe-plein-air-calvaire-green-valley\/\" \/>\n<meta property=\"og:locale\" content=\"fr_FR\" \/>\n<meta property=\"og:type\" content=\"article\" \/>\n<meta property=\"og:title\" content=\"Messe plein air-Calvaire, Green Valley - Archdiocese of Ottawa-Cornwall\" \/>\n<meta property=\"og:description\" content=\"C\u00e9l\u00e9brez l\u2019anniversaire de saint Jean-Baptiste Rejoignez Mgr Yvan au Calvaire le mardi 24\u00a0juin alors que nous c\u00e9l\u00e9brons l\u2019anniversaire du cousin de J\u00e9sus, Jean-Baptiste. Ce sera l\u2019ouverture de la saison estivale du Calvaire 2025. On prie le Chemin de Croix \u00e0 18h30, suivies par la messe bilingue en plein air \u00e0 19h. Le Calvaire est situ\u00e9 [&hellip;]\" \/>\n<meta property=\"og:url\" content=\"https:\/\/ottawacornwall.ca\/fr\/events\/messe-plein-air-calvaire-green-valley\/\" \/>\n<meta property=\"og:site_name\" content=\"Archdiocese of Ottawa-Cornwall\" \/>\n<meta property=\"og:image\" content=\"https:\/\/ottawacornwall.ca\/wp-content\/uploads\/2025\/06\/Small-Calvaire-2025-663x1024.png\" \/>\n\t<meta property=\"og:image:width\" content=\"663\" \/>\n\t<meta property=\"og:image:height\" content=\"1024\" \/>\n\t<meta property=\"og:image:type\" content=\"image\/png\" \/>\n<meta name=\"twitter:card\" content=\"summary_large_image\" \/>\n<meta name=\"twitter:label1\" content=\"Dur\u00e9e de lecture estim\u00e9e\" \/>\n\t<meta name=\"twitter:data1\" content=\"1 minute\" \/>\n<script type=\"application\/ld+json\" class=\"yoast-schema-graph\">{\"@context\":\"https:\\\/\\\/schema.org\",\"@graph\":[{\"@type\":\"WebPage\",\"@id\":\"https:\\\/\\\/ottawacornwall.ca\\\/fr\\\/events\\\/messe-plein-air-calvaire-green-valley\\\/\",\"url\":\"https:\\\/\\\/ottawacornwall.ca\\\/fr\\\/events\\\/messe-plein-air-calvaire-green-valley\\\/\",\"name\":\"Messe plein air-Calvaire, Green Valley - Archdiocese of Ottawa-Cornwall\",\"isPartOf\":{\"@id\":\"https:\\\/\\\/ottawacornwall.ca\\\/#website\"},\"primaryImageOfPage\":{\"@id\":\"https:\\\/\\\/ottawacornwall.ca\\\/fr\\\/events\\\/messe-plein-air-calvaire-green-valley\\\/#primaryimage\"},\"image\":{\"@id\":\"https:\\\/\\\/ottawacornwall.ca\\\/fr\\\/events\\\/messe-plein-air-calvaire-green-valley\\\/#primaryimage\"},\"thumbnailUrl\":\"https:\\\/\\\/ottawacornwall.ca\\\/wp-content\\\/uploads\\\/2025\\\/06\\\/Small-Calvaire-2025.png\",\"datePublished\":\"2025-06-11T14:31:24+00:00\",\"breadcrumb\":{\"@id\":\"https:\\\/\\\/ottawacornwall.ca\\\/fr\\\/events\\\/messe-plein-air-calvaire-green-valley\\\/#breadcrumb\"},\"inLanguage\":\"fr-FR\",\"potentialAction\":[{\"@type\":\"ReadAction\",\"target\":[\"https:\\\/\\\/ottawacornwall.ca\\\/fr\\\/events\\\/messe-plein-air-calvaire-green-valley\\\/\"]}]},{\"@type\":\"ImageObject\",\"inLanguage\":\"fr-FR\",\"@id\":\"https:\\\/\\\/ottawacornwall.ca\\\/fr\\\/events\\\/messe-plein-air-calvaire-green-valley\\\/#primaryimage\",\"url\":\"https:\\\/\\\/ottawacornwall.ca\\\/wp-content\\\/uploads\\\/2025\\\/06\\\/Small-Calvaire-2025.png\",\"contentUrl\":\"https:\\\/\\\/ottawacornwall.ca\\\/wp-content\\\/uploads\\\/2025\\\/06\\\/Small-Calvaire-2025.png\",\"width\":1294,\"height\":2000},{\"@type\":\"BreadcrumbList\",\"@id\":\"https:\\\/\\\/ottawacornwall.ca\\\/fr\\\/events\\\/messe-plein-air-calvaire-green-valley\\\/#breadcrumb\",\"itemListElement\":[{\"@type\":\"ListItem\",\"position\":1,\"name\":\"Home\",\"item\":\"https:\\\/\\\/ottawacornwall.ca\\\/fr\\\/\"},{\"@type\":\"ListItem\",\"position\":2,\"name\":\"Events\",\"item\":\"https:\\\/\\\/ottawacornwall.ca\\\/events\\\/\"},{\"@type\":\"ListItem\",\"position\":3,\"name\":\"Messe plein air-Calvaire, Green Valley\"}]},{\"@type\":\"WebSite\",\"@id\":\"https:\\\/\\\/ottawacornwall.ca\\\/#website\",\"url\":\"https:\\\/\\\/ottawacornwall.ca\\\/\",\"name\":\"Archdiocese of Ottawa-Cornwall\",\"description\":\"Welcome to the  Ottawa-Cornwall Archdiocese!\",\"publisher\":{\"@id\":\"https:\\\/\\\/ottawacornwall.ca\\\/#organization\"},\"potentialAction\":[{\"@type\":\"SearchAction\",\"target\":{\"@type\":\"EntryPoint\",\"urlTemplate\":\"https:\\\/\\\/ottawacornwall.ca\\\/?s={search_term_string}\"},\"query-input\":{\"@type\":\"PropertyValueSpecification\",\"valueRequired\":true,\"valueName\":\"search_term_string\"}}],\"inLanguage\":\"fr-FR\"},{\"@type\":\"Organization\",\"@id\":\"https:\\\/\\\/ottawacornwall.ca\\\/#organization\",\"name\":\"Archdiocese of Ottawa-Cornwall\",\"url\":\"https:\\\/\\\/ottawacornwall.ca\\\/\",\"logo\":{\"@type\":\"ImageObject\",\"inLanguage\":\"fr-FR\",\"@id\":\"https:\\\/\\\/ottawacornwall.ca\\\/#\\\/schema\\\/logo\\\/image\\\/\",\"url\":\"https:\\\/\\\/ottawacornwall.ca\\\/wp-content\\\/uploads\\\/2022\\\/11\\\/Archdiocese-Logo-Horizontal-Reverse-1.svg\",\"contentUrl\":\"https:\\\/\\\/ottawacornwall.ca\\\/wp-content\\\/uploads\\\/2022\\\/11\\\/Archdiocese-Logo-Horizontal-Reverse-1.svg\",\"caption\":\"Archdiocese of Ottawa-Cornwall\"},\"image\":{\"@id\":\"https:\\\/\\\/ottawacornwall.ca\\\/#\\\/schema\\\/logo\\\/image\\\/\"}}]}<\/script>\n<!-- \/ Yoast SEO plugin. -->","yoast_head_json":{"title":"Messe plein air-Calvaire, Green Valley - Archdiocese of Ottawa-Cornwall","robots":{"index":"index","follow":"follow","max-snippet":"max-snippet:-1","max-image-preview":"max-image-preview:large","max-video-preview":"max-video-preview:-1"},"canonical":"https:\/\/ottawacornwall.ca\/fr\/events\/messe-plein-air-calvaire-green-valley\/","og_locale":"fr_FR","og_type":"article","og_title":"Messe plein air-Calvaire, Green Valley - Archdiocese of Ottawa-Cornwall","og_description":"C\u00e9l\u00e9brez l\u2019anniversaire de saint Jean-Baptiste Rejoignez Mgr Yvan au Calvaire le mardi 24\u00a0juin alors que nous c\u00e9l\u00e9brons l\u2019anniversaire du cousin de J\u00e9sus, Jean-Baptiste. Ce sera l\u2019ouverture de la saison estivale du Calvaire 2025. On prie le Chemin de Croix \u00e0 18h30, suivies par la messe bilingue en plein air \u00e0 19h. Le Calvaire est situ\u00e9 [&hellip;]","og_url":"https:\/\/ottawacornwall.ca\/fr\/events\/messe-plein-air-calvaire-green-valley\/","og_site_name":"Archdiocese of Ottawa-Cornwall","og_image":[{"width":663,"height":1024,"url":"https:\/\/ottawacornwall.ca\/wp-content\/uploads\/2025\/06\/Small-Calvaire-2025-663x1024.png","type":"image\/png"}],"twitter_card":"summary_large_image","twitter_misc":{"Dur\u00e9e de lecture estim\u00e9e":"1 minute"},"schema":{"@context":"https:\/\/schema.org","@graph":[{"@type":"WebPage","@id":"https:\/\/ottawacornwall.ca\/fr\/events\/messe-plein-air-calvaire-green-valley\/","url":"https:\/\/ottawacornwall.ca\/fr\/events\/messe-plein-air-calvaire-green-valley\/","name":"Messe plein air-Calvaire, Green Valley - Archdiocese of Ottawa-Cornwall","isPartOf":{"@id":"https:\/\/ottawacornwall.ca\/#website"},"primaryImageOfPage":{"@id":"https:\/\/ottawacornwall.ca\/fr\/events\/messe-plein-air-calvaire-green-valley\/#primaryimage"},"image":{"@id":"https:\/\/ottawacornwall.ca\/fr\/events\/messe-plein-air-calvaire-green-valley\/#primaryimage"},"thumbnailUrl":"https:\/\/ottawacornwall.ca\/wp-content\/uploads\/2025\/06\/Small-Calvaire-2025.png","datePublished":"2025-06-11T14:31:24+00:00","breadcrumb":{"@id":"https:\/\/ottawacornwall.ca\/fr\/events\/messe-plein-air-calvaire-green-valley\/#breadcrumb"},"inLanguage":"fr-FR","potentialAction":[{"@type":"ReadAction","target":["https:\/\/ottawacornwall.ca\/fr\/events\/messe-plein-air-calvaire-green-valley\/"]}]},{"@type":"ImageObject","inLanguage":"fr-FR","@id":"https:\/\/ottawacornwall.ca\/fr\/events\/messe-plein-air-calvaire-green-valley\/#primaryimage","url":"https:\/\/ottawacornwall.ca\/wp-content\/uploads\/2025\/06\/Small-Calvaire-2025.png","contentUrl":"https:\/\/ottawacornwall.ca\/wp-content\/uploads\/2025\/06\/Small-Calvaire-2025.png","width":1294,"height":2000},{"@type":"BreadcrumbList","@id":"https:\/\/ottawacornwall.ca\/fr\/events\/messe-plein-air-calvaire-green-valley\/#breadcrumb","itemListElement":[{"@type":"ListItem","position":1,"name":"Home","item":"https:\/\/ottawacornwall.ca\/fr\/"},{"@type":"ListItem","position":2,"name":"Events","item":"https:\/\/ottawacornwall.ca\/events\/"},{"@type":"ListItem","position":3,"name":"Messe plein air-Calvaire, Green Valley"}]},{"@type":"WebSite","@id":"https:\/\/ottawacornwall.ca\/#website","url":"https:\/\/ottawacornwall.ca\/","name":"Archdiocese of Ottawa-Cornwall","description":"Welcome to the  Ottawa-Cornwall Archdiocese!","publisher":{"@id":"https:\/\/ottawacornwall.ca\/#organization"},"potentialAction":[{"@type":"SearchAction","target":{"@type":"EntryPoint","urlTemplate":"https:\/\/ottawacornwall.ca\/?s={search_term_string}"},"query-input":{"@type":"PropertyValueSpecification","valueRequired":true,"valueName":"search_term_string"}}],"inLanguage":"fr-FR"},{"@type":"Organization","@id":"https:\/\/ottawacornwall.ca\/#organization","name":"Archdiocese of Ottawa-Cornwall","url":"https:\/\/ottawacornwall.ca\/","logo":{"@type":"ImageObject","inLanguage":"fr-FR","@id":"https:\/\/ottawacornwall.ca\/#\/schema\/logo\/image\/","url":"https:\/\/ottawacornwall.ca\/wp-content\/uploads\/2022\/11\/Archdiocese-Logo-Horizontal-Reverse-1.svg","contentUrl":"https:\/\/ottawacornwall.ca\/wp-content\/uploads\/2022\/11\/Archdiocese-Logo-Horizontal-Reverse-1.svg","caption":"Archdiocese of Ottawa-Cornwall"},"image":{"@id":"https:\/\/ottawacornwall.ca\/#\/schema\/logo\/image\/"}}]}},"_links":{"self":[{"href":"https:\/\/ottawacornwall.ca\/fr\/wp-json\/wp\/v2\/mec-events\/32402","targetHints":{"allow":["GET"]}}],"collection":[{"href":"https:\/\/ottawacornwall.ca\/fr\/wp-json\/wp\/v2\/mec-events"}],"about":[{"href":"https:\/\/ottawacornwall.ca\/fr\/wp-json\/wp\/v2\/types\/mec-events"}],"author":[{"embeddable":true,"href":"https:\/\/ottawacornwall.ca\/fr\/wp-json\/wp\/v2\/users\/16"}],"replies":[{"embeddable":true,"href":"https:\/\/ottawacornwall.ca\/fr\/wp-json\/wp\/v2\/comments?post=32402"}],"wp:featuredmedia":[{"embeddable":true,"href":"https:\/\/ottawacornwall.ca\/fr\/wp-json\/wp\/v2\/media\/32403"}],"wp:attachment":[{"href":"https:\/\/ottawacornwall.ca\/fr\/wp-json\/wp\/v2\/media?parent=32402"}],"wp:term":[{"taxonomy":"mec_category","embeddable":true,"href":"https:\/\/ottawacornwall.ca\/fr\/wp-json\/wp\/v2\/mec_category?post=32402"},{"taxonomy":"mec_tag","embeddable":true,"href":"https:\/\/ottawacornwall.ca\/fr\/wp-json\/wp\/v2\/mec_tag?post=32402"}],"curies":[{"name":"wp","href":"https:\/\/api.w.org\/{rel}","templated":true}]}}

<p><strong>Célébrez l’anniversaire de saint Jean-Baptiste</strong></p>
<p>Rejoignez Mgr Yvan au Calvaire le mardi 24 juin alors que nous célébrons l’anniversaire du cousin de Jésus, Jean-Baptiste. Ce sera l’ouverture de la saison estivale du Calvaire 2025. On prie le Chemin de Croix à 18h30, suivies par la messe bilingue en plein air à 19h. Le Calvaire est situé au 4172, route 34 à Green Valley derrière la paroisse de Ste-Marie-de-l’Assomption.</p>

<p>Célébrez l’anniversaire de saint Jean-Baptiste Rejoignez Mgr Yvan au Calvaire le mardi 24 juin alors que nous célébrons l’anniversaire du cousin de Jésus, Jean-Baptiste. Ce sera l’ouverture de la saison estivale du Calvaire 2025. On prie le Chemin de Croix à 18h30, suivies par la messe bilingue en plein air à 19h. Le Calvaire est situé [&hellip;]</p>

<!-- This site is optimized with the Yoast SEO plugin v27.4 - https://yoast.com/product/yoast-seo-wordpress/ -->
<title>Messe plein air-Calvaire, Green Valley - Archdiocese of Ottawa-Cornwall</title>
<meta name="robots" content="index, follow, max-snippet:-1, max-image-preview:large, max-video-preview:-1" />
<link rel="canonical" href="https://ottawacornwall.ca/fr/events/messe-plein-air-calvaire-green-valley/" />
<meta property="og:locale" content="fr_FR" />
<meta property="og:type" content="article" />
<meta property="og:title" content="Messe plein air-Calvaire, Green Valley - Archdiocese of Ottawa-Cornwall" />
<meta property="og:description" content="Célébrez l’anniversaire de saint Jean-Baptiste Rejoignez Mgr Yvan au Calvaire le mardi 24 juin alors que nous célébrons l’anniversaire du cousin de Jésus, Jean-Baptiste. Ce sera l’ouverture de la saison estivale du Calvaire 2025. On prie le Chemin de Croix à 18h30, suivies par la messe bilingue en plein air à 19h. Le Calvaire est situé [&hellip;]" />
<meta property="og:url" content="https://ottawacornwall.ca/fr/events/messe-plein-air-calvaire-green-valley/" />
<meta property="og:site_name" content="Archdiocese of Ottawa-Cornwall" />
<meta property="og:image" content="https://ottawacornwall.ca/wp-content/uploads/2025/06/Small-Calvaire-2025-663x1024.png" />
	<meta property="og:image:width" content="663" />
	<meta property="og:image:height" content="1024" />
	<meta property="og:image:type" content="image/png" />
<meta name="twitter:card" content="summary_large_image" />
<meta name="twitter:label1" content="Durée de lecture estimée" />
	<meta name="twitter:data1" content="1 minute" />
<script type="application/ld+json" class="yoast-schema-graph">{"@context":"https:\/\/schema.org","@graph":[{"@type":"WebPage","@id":"https:\/\/ottawacornwall.ca\/fr\/events\/messe-plein-air-calvaire-green-valley\/","url":"https:\/\/ottawacornwall.ca\/fr\/events\/messe-plein-air-calvaire-green-valley\/","name":"Messe plein air-Calvaire, Green Valley - Archdiocese of Ottawa-Cornwall","isPartOf":{"@id":"https:\/\/ottawacornwall.ca\/#website"},"primaryImageOfPage":{"@id":"https:\/\/ottawacornwall.ca\/fr\/events\/messe-plein-air-calvaire-green-valley\/#primaryimage"},"image":{"@id":"https:\/\/ottawacornwall.ca\/fr\/events\/messe-plein-air-calvaire-green-valley\/#primaryimage"},"thumbnailUrl":"https:\/\/ottawacornwall.ca\/wp-content\/uploads\/2025\/06\/Small-Calvaire-2025.png","datePublished":"2025-06-11T14:31:24+00:00","breadcrumb":{"@id":"https:\/\/ottawacornwall.ca\/fr\/events\/messe-plein-air-calvaire-green-valley\/#breadcrumb"},"inLanguage":"fr-FR","potentialAction":[{"@type":"ReadAction","target":["https:\/\/ottawacornwall.ca\/fr\/events\/messe-plein-air-calvaire-green-valley\/"]}]},{"@type":"ImageObject","inLanguage":"fr-FR","@id":"https:\/\/ottawacornwall.ca\/fr\/events\/messe-plein-air-calvaire-green-valley\/#primaryimage","url":"https:\/\/ottawacornwall.ca\/wp-content\/uploads\/2025\/06\/Small-Calvaire-2025.png","contentUrl":"https:\/\/ottawacornwall.ca\/wp-content\/uploads\/2025\/06\/Small-Calvaire-2025.png","width":1294,"height":2000},{"@type":"BreadcrumbList","@id":"https:\/\/ottawacornwall.ca\/fr\/events\/messe-plein-air-calvaire-green-valley\/#breadcrumb","itemListElement":[{"@type":"ListItem","position":1,"name":"Home","item":"https:\/\/ottawacornwall.ca\/fr\/"},{"@type":"ListItem","position":2,"name":"Events","item":"https:\/\/ottawacornwall.ca\/events\/"},{"@type":"ListItem","position":3,"name":"Messe plein air-Calvaire, Green Valley"}]},{"@type":"WebSite","@id":"https:\/\/ottawacornwall.ca\/#website","url":"https:\/\/ottawacornwall.ca\/","name":"Archdiocese of Ottawa-Cornwall","description":"Welcome to the  Ottawa-Cornwall Archdiocese!","publisher":{"@id":"https:\/\/ottawacornwall.ca\/#organization"},"potentialAction":[{"@type":"SearchAction","target":{"@type":"EntryPoint","urlTemplate":"https:\/\/ottawacornwall.ca\/?s={search_term_string}"},"query-input":{"@type":"PropertyValueSpecification","valueRequired":true,"valueName":"search_term_string"}}],"inLanguage":"fr-FR"},{"@type":"Organization","@id":"https:\/\/ottawacornwall.ca\/#organization","name":"Archdiocese of Ottawa-Cornwall","url":"https:\/\/ottawacornwall.ca\/","logo":{"@type":"ImageObject","inLanguage":"fr-FR","@id":"https:\/\/ottawacornwall.ca\/#\/schema\/logo\/image\/","url":"https:\/\/ottawacornwall.ca\/wp-content\/uploads\/2022\/11\/Archdiocese-Logo-Horizontal-Reverse-1.svg","contentUrl":"https:\/\/ottawacornwall.ca\/wp-content\/uploads\/2022\/11\/Archdiocese-Logo-Horizontal-Reverse-1.svg","caption":"Archdiocese of Ottawa-Cornwall"},"image":{"@id":"https:\/\/ottawacornwall.ca\/#\/schema\/logo\/image\/"}}]}</script>
<!-- / Yoast SEO plugin. -->

Célébrez l’anniversaire de saint Jean-Baptiste Rejoignez Mgr Yvan au Calvaire le mardi 24 juin alors que nous célébrons l’anniversaire du cousin de Jésus, Jean-Baptiste. Ce sera l’ouverture de la saison estivale du Calvaire 2025. On prie le Chemin de Croix à 18h30, suivies par la messe bilingue en plein air à 19h. Le Calvaire est situé [&hellip;]
