{"id":34969,"date":"2025-11-10T11:28:54","date_gmt":"2025-11-10T16:28:54","guid":{"rendered":"https:\/\/wp268132.wpdns.ca\/?post_type=mec-events&#038;p=34969"},"modified":"2025-11-10T11:28:57","modified_gmt":"2025-11-10T16:28:57","slug":"vepres-solennelles-2","status":"publish","type":"mec-events","link":"https:\/\/ottawacornwall.ca\/fr\/events\/vepres-solennelles-2\/","title":{"rendered":"V\u00eapres solennelles"},"content":{"rendered":"<p>\u00c0 l\u2019occasion de la f\u00eate de saint Fran\u00e7ois Xavier, patron des missionnaires, la communaut\u00e9 j\u00e9suite d\u2019Ottawa c\u00e9l\u00e9brera des v\u00eapres solennelles \u00e0 la cath\u00e9drale Notre-Dame. Tout le monde est invit\u00e9 \u00e0 se joindre aux j\u00e9suites pour prier pour les missionnaires et pour la croissance de l\u2019\u0153uvre missionnaire de l\u2019\u00c9glise.<\/p>\n","protected":false},"excerpt":{"rendered":"<p>\u00c0 l\u2019occasion de la f\u00eate de saint Fran\u00e7ois Xavier, patron des missionnaires, la communaut\u00e9 j\u00e9suite d\u2019Ottawa c\u00e9l\u00e9brera des v\u00eapres solennelles \u00e0 la cath\u00e9drale Notre-Dame. Tout le monde est invit\u00e9 \u00e0 se joindre aux j\u00e9suites pour prier pour les missionnaires et pour la croissance de l\u2019\u0153uvre missionnaire de l\u2019\u00c9glise.<\/p>\n","protected":false},"author":21,"featured_media":34968,"comment_status":"closed","ping_status":"closed","template":"","mec_category":[426],"mec_tag":[],"class_list":["post-34969","mec-events","type-mec-events","status-publish","has-post-thumbnail","hentry","mec_category-all-areas-fr"],"acf":[],"yoast_head":"<!-- This site is optimized with the Yoast SEO plugin v27.4 - https:\/\/yoast.com\/product\/yoast-seo-wordpress\/ -->\n<title>V\u00eapres solennelles - Archdiocese of Ottawa-Cornwall<\/title>\n<meta name=\"robots\" content=\"index, follow, max-snippet:-1, max-image-preview:large, max-video-preview:-1\" \/>\n<link rel=\"canonical\" href=\"https:\/\/ottawacornwall.ca\/fr\/events\/vepres-solennelles-2\/\" \/>\n<meta property=\"og:locale\" content=\"fr_FR\" \/>\n<meta property=\"og:type\" content=\"article\" \/>\n<meta property=\"og:title\" content=\"V\u00eapres solennelles - Archdiocese of Ottawa-Cornwall\" \/>\n<meta property=\"og:description\" content=\"\u00c0 l\u2019occasion de la f\u00eate de saint Fran\u00e7ois Xavier, patron des missionnaires, la communaut\u00e9 j\u00e9suite d\u2019Ottawa c\u00e9l\u00e9brera des v\u00eapres solennelles \u00e0 la cath\u00e9drale Notre-Dame. Tout le monde est invit\u00e9 \u00e0 se joindre aux j\u00e9suites pour prier pour les missionnaires et pour la croissance de l\u2019\u0153uvre missionnaire de l\u2019\u00c9glise.\" \/>\n<meta property=\"og:url\" content=\"https:\/\/ottawacornwall.ca\/fr\/events\/vepres-solennelles-2\/\" \/>\n<meta property=\"og:site_name\" content=\"Archdiocese of Ottawa-Cornwall\" \/>\n<meta property=\"article:modified_time\" content=\"2025-11-10T16:28:57+00:00\" \/>\n<meta property=\"og:image\" content=\"https:\/\/ottawacornwall.ca\/wp-content\/uploads\/2025\/11\/Vespers-Xavier-v2-2-scaled.png\" \/>\n\t<meta property=\"og:image:width\" content=\"2003\" \/>\n\t<meta property=\"og:image:height\" content=\"2560\" \/>\n\t<meta property=\"og:image:type\" content=\"image\/png\" \/>\n<meta name=\"twitter:card\" content=\"summary_large_image\" \/>\n<meta name=\"twitter:label1\" content=\"Dur\u00e9e de lecture estim\u00e9e\" \/>\n\t<meta name=\"twitter:data1\" content=\"1 minute\" \/>\n<script type=\"application\/ld+json\" class=\"yoast-schema-graph\">{\"@context\":\"https:\\\/\\\/schema.org\",\"@graph\":[{\"@type\":\"WebPage\",\"@id\":\"https:\\\/\\\/ottawacornwall.ca\\\/fr\\\/events\\\/vepres-solennelles-2\\\/\",\"url\":\"https:\\\/\\\/ottawacornwall.ca\\\/fr\\\/events\\\/vepres-solennelles-2\\\/\",\"name\":\"V\u00eapres solennelles - Archdiocese of Ottawa-Cornwall\",\"isPartOf\":{\"@id\":\"https:\\\/\\\/ottawacornwall.ca\\\/#website\"},\"primaryImageOfPage\":{\"@id\":\"https:\\\/\\\/ottawacornwall.ca\\\/fr\\\/events\\\/vepres-solennelles-2\\\/#primaryimage\"},\"image\":{\"@id\":\"https:\\\/\\\/ottawacornwall.ca\\\/fr\\\/events\\\/vepres-solennelles-2\\\/#primaryimage\"},\"thumbnailUrl\":\"https:\\\/\\\/ottawacornwall.ca\\\/wp-content\\\/uploads\\\/2025\\\/11\\\/Vespers-Xavier-v2-2-scaled.png\",\"datePublished\":\"2025-11-10T16:28:54+00:00\",\"dateModified\":\"2025-11-10T16:28:57+00:00\",\"breadcrumb\":{\"@id\":\"https:\\\/\\\/ottawacornwall.ca\\\/fr\\\/events\\\/vepres-solennelles-2\\\/#breadcrumb\"},\"inLanguage\":\"fr-FR\",\"potentialAction\":[{\"@type\":\"ReadAction\",\"target\":[\"https:\\\/\\\/ottawacornwall.ca\\\/fr\\\/events\\\/vepres-solennelles-2\\\/\"]}]},{\"@type\":\"ImageObject\",\"inLanguage\":\"fr-FR\",\"@id\":\"https:\\\/\\\/ottawacornwall.ca\\\/fr\\\/events\\\/vepres-solennelles-2\\\/#primaryimage\",\"url\":\"https:\\\/\\\/ottawacornwall.ca\\\/wp-content\\\/uploads\\\/2025\\\/11\\\/Vespers-Xavier-v2-2-scaled.png\",\"contentUrl\":\"https:\\\/\\\/ottawacornwall.ca\\\/wp-content\\\/uploads\\\/2025\\\/11\\\/Vespers-Xavier-v2-2-scaled.png\",\"width\":2003,\"height\":2560},{\"@type\":\"BreadcrumbList\",\"@id\":\"https:\\\/\\\/ottawacornwall.ca\\\/fr\\\/events\\\/vepres-solennelles-2\\\/#breadcrumb\",\"itemListElement\":[{\"@type\":\"ListItem\",\"position\":1,\"name\":\"Home\",\"item\":\"https:\\\/\\\/ottawacornwall.ca\\\/fr\\\/\"},{\"@type\":\"ListItem\",\"position\":2,\"name\":\"Events\",\"item\":\"https:\\\/\\\/ottawacornwall.ca\\\/events\\\/\"},{\"@type\":\"ListItem\",\"position\":3,\"name\":\"V\u00eapres solennelles\"}]},{\"@type\":\"WebSite\",\"@id\":\"https:\\\/\\\/ottawacornwall.ca\\\/#website\",\"url\":\"https:\\\/\\\/ottawacornwall.ca\\\/\",\"name\":\"Archdiocese of Ottawa-Cornwall\",\"description\":\"Welcome to the  Ottawa-Cornwall Archdiocese!\",\"publisher\":{\"@id\":\"https:\\\/\\\/ottawacornwall.ca\\\/#organization\"},\"potentialAction\":[{\"@type\":\"SearchAction\",\"target\":{\"@type\":\"EntryPoint\",\"urlTemplate\":\"https:\\\/\\\/ottawacornwall.ca\\\/?s={search_term_string}\"},\"query-input\":{\"@type\":\"PropertyValueSpecification\",\"valueRequired\":true,\"valueName\":\"search_term_string\"}}],\"inLanguage\":\"fr-FR\"},{\"@type\":\"Organization\",\"@id\":\"https:\\\/\\\/ottawacornwall.ca\\\/#organization\",\"name\":\"Archdiocese of Ottawa-Cornwall\",\"url\":\"https:\\\/\\\/ottawacornwall.ca\\\/\",\"logo\":{\"@type\":\"ImageObject\",\"inLanguage\":\"fr-FR\",\"@id\":\"https:\\\/\\\/ottawacornwall.ca\\\/#\\\/schema\\\/logo\\\/image\\\/\",\"url\":\"https:\\\/\\\/ottawacornwall.ca\\\/wp-content\\\/uploads\\\/2022\\\/11\\\/Archdiocese-Logo-Horizontal-Reverse-1.svg\",\"contentUrl\":\"https:\\\/\\\/ottawacornwall.ca\\\/wp-content\\\/uploads\\\/2022\\\/11\\\/Archdiocese-Logo-Horizontal-Reverse-1.svg\",\"caption\":\"Archdiocese of Ottawa-Cornwall\"},\"image\":{\"@id\":\"https:\\\/\\\/ottawacornwall.ca\\\/#\\\/schema\\\/logo\\\/image\\\/\"}}]}<\/script>\n<!-- \/ Yoast SEO plugin. -->","yoast_head_json":{"title":"V\u00eapres solennelles - Archdiocese of Ottawa-Cornwall","robots":{"index":"index","follow":"follow","max-snippet":"max-snippet:-1","max-image-preview":"max-image-preview:large","max-video-preview":"max-video-preview:-1"},"canonical":"https:\/\/ottawacornwall.ca\/fr\/events\/vepres-solennelles-2\/","og_locale":"fr_FR","og_type":"article","og_title":"V\u00eapres solennelles - Archdiocese of Ottawa-Cornwall","og_description":"\u00c0 l\u2019occasion de la f\u00eate de saint Fran\u00e7ois Xavier, patron des missionnaires, la communaut\u00e9 j\u00e9suite d\u2019Ottawa c\u00e9l\u00e9brera des v\u00eapres solennelles \u00e0 la cath\u00e9drale Notre-Dame. Tout le monde est invit\u00e9 \u00e0 se joindre aux j\u00e9suites pour prier pour les missionnaires et pour la croissance de l\u2019\u0153uvre missionnaire de l\u2019\u00c9glise.","og_url":"https:\/\/ottawacornwall.ca\/fr\/events\/vepres-solennelles-2\/","og_site_name":"Archdiocese of Ottawa-Cornwall","article_modified_time":"2025-11-10T16:28:57+00:00","og_image":[{"width":2003,"height":2560,"url":"https:\/\/ottawacornwall.ca\/wp-content\/uploads\/2025\/11\/Vespers-Xavier-v2-2-scaled.png","type":"image\/png"}],"twitter_card":"summary_large_image","twitter_misc":{"Dur\u00e9e de lecture estim\u00e9e":"1 minute"},"schema":{"@context":"https:\/\/schema.org","@graph":[{"@type":"WebPage","@id":"https:\/\/ottawacornwall.ca\/fr\/events\/vepres-solennelles-2\/","url":"https:\/\/ottawacornwall.ca\/fr\/events\/vepres-solennelles-2\/","name":"V\u00eapres solennelles - Archdiocese of Ottawa-Cornwall","isPartOf":{"@id":"https:\/\/ottawacornwall.ca\/#website"},"primaryImageOfPage":{"@id":"https:\/\/ottawacornwall.ca\/fr\/events\/vepres-solennelles-2\/#primaryimage"},"image":{"@id":"https:\/\/ottawacornwall.ca\/fr\/events\/vepres-solennelles-2\/#primaryimage"},"thumbnailUrl":"https:\/\/ottawacornwall.ca\/wp-content\/uploads\/2025\/11\/Vespers-Xavier-v2-2-scaled.png","datePublished":"2025-11-10T16:28:54+00:00","dateModified":"2025-11-10T16:28:57+00:00","breadcrumb":{"@id":"https:\/\/ottawacornwall.ca\/fr\/events\/vepres-solennelles-2\/#breadcrumb"},"inLanguage":"fr-FR","potentialAction":[{"@type":"ReadAction","target":["https:\/\/ottawacornwall.ca\/fr\/events\/vepres-solennelles-2\/"]}]},{"@type":"ImageObject","inLanguage":"fr-FR","@id":"https:\/\/ottawacornwall.ca\/fr\/events\/vepres-solennelles-2\/#primaryimage","url":"https:\/\/ottawacornwall.ca\/wp-content\/uploads\/2025\/11\/Vespers-Xavier-v2-2-scaled.png","contentUrl":"https:\/\/ottawacornwall.ca\/wp-content\/uploads\/2025\/11\/Vespers-Xavier-v2-2-scaled.png","width":2003,"height":2560},{"@type":"BreadcrumbList","@id":"https:\/\/ottawacornwall.ca\/fr\/events\/vepres-solennelles-2\/#breadcrumb","itemListElement":[{"@type":"ListItem","position":1,"name":"Home","item":"https:\/\/ottawacornwall.ca\/fr\/"},{"@type":"ListItem","position":2,"name":"Events","item":"https:\/\/ottawacornwall.ca\/events\/"},{"@type":"ListItem","position":3,"name":"V\u00eapres solennelles"}]},{"@type":"WebSite","@id":"https:\/\/ottawacornwall.ca\/#website","url":"https:\/\/ottawacornwall.ca\/","name":"Archdiocese of Ottawa-Cornwall","description":"Welcome to the  Ottawa-Cornwall Archdiocese!","publisher":{"@id":"https:\/\/ottawacornwall.ca\/#organization"},"potentialAction":[{"@type":"SearchAction","target":{"@type":"EntryPoint","urlTemplate":"https:\/\/ottawacornwall.ca\/?s={search_term_string}"},"query-input":{"@type":"PropertyValueSpecification","valueRequired":true,"valueName":"search_term_string"}}],"inLanguage":"fr-FR"},{"@type":"Organization","@id":"https:\/\/ottawacornwall.ca\/#organization","name":"Archdiocese of Ottawa-Cornwall","url":"https:\/\/ottawacornwall.ca\/","logo":{"@type":"ImageObject","inLanguage":"fr-FR","@id":"https:\/\/ottawacornwall.ca\/#\/schema\/logo\/image\/","url":"https:\/\/ottawacornwall.ca\/wp-content\/uploads\/2022\/11\/Archdiocese-Logo-Horizontal-Reverse-1.svg","contentUrl":"https:\/\/ottawacornwall.ca\/wp-content\/uploads\/2022\/11\/Archdiocese-Logo-Horizontal-Reverse-1.svg","caption":"Archdiocese of Ottawa-Cornwall"},"image":{"@id":"https:\/\/ottawacornwall.ca\/#\/schema\/logo\/image\/"}}]}},"_links":{"self":[{"href":"https:\/\/ottawacornwall.ca\/fr\/wp-json\/wp\/v2\/mec-events\/34969","targetHints":{"allow":["GET"]}}],"collection":[{"href":"https:\/\/ottawacornwall.ca\/fr\/wp-json\/wp\/v2\/mec-events"}],"about":[{"href":"https:\/\/ottawacornwall.ca\/fr\/wp-json\/wp\/v2\/types\/mec-events"}],"author":[{"embeddable":true,"href":"https:\/\/ottawacornwall.ca\/fr\/wp-json\/wp\/v2\/users\/21"}],"replies":[{"embeddable":true,"href":"https:\/\/ottawacornwall.ca\/fr\/wp-json\/wp\/v2\/comments?post=34969"}],"wp:featuredmedia":[{"embeddable":true,"href":"https:\/\/ottawacornwall.ca\/fr\/wp-json\/wp\/v2\/media\/34968"}],"wp:attachment":[{"href":"https:\/\/ottawacornwall.ca\/fr\/wp-json\/wp\/v2\/media?parent=34969"}],"wp:term":[{"taxonomy":"mec_category","embeddable":true,"href":"https:\/\/ottawacornwall.ca\/fr\/wp-json\/wp\/v2\/mec_category?post=34969"},{"taxonomy":"mec_tag","embeddable":true,"href":"https:\/\/ottawacornwall.ca\/fr\/wp-json\/wp\/v2\/mec_tag?post=34969"}],"curies":[{"name":"wp","href":"https:\/\/api.w.org\/{rel}","templated":true}]}}

Vêpres solennelles

<p>À l’occasion de la fête de saint François Xavier, patron des missionnaires, la communauté jésuite d’Ottawa célébrera des vêpres solennelles à la cathédrale Notre-Dame. Tout le monde est invité à se joindre aux jésuites pour prier pour les missionnaires et pour la croissance de l’œuvre missionnaire de l’Église.</p>

<!-- This site is optimized with the Yoast SEO plugin v27.4 - https://yoast.com/product/yoast-seo-wordpress/ -->
<title>Vêpres solennelles - Archdiocese of Ottawa-Cornwall</title>
<meta name="robots" content="index, follow, max-snippet:-1, max-image-preview:large, max-video-preview:-1" />
<link rel="canonical" href="https://ottawacornwall.ca/fr/events/vepres-solennelles-2/" />
<meta property="og:locale" content="fr_FR" />
<meta property="og:type" content="article" />
<meta property="og:title" content="Vêpres solennelles - Archdiocese of Ottawa-Cornwall" />
<meta property="og:description" content="À l’occasion de la fête de saint François Xavier, patron des missionnaires, la communauté jésuite d’Ottawa célébrera des vêpres solennelles à la cathédrale Notre-Dame. Tout le monde est invité à se joindre aux jésuites pour prier pour les missionnaires et pour la croissance de l’œuvre missionnaire de l’Église." />
<meta property="og:url" content="https://ottawacornwall.ca/fr/events/vepres-solennelles-2/" />
<meta property="og:site_name" content="Archdiocese of Ottawa-Cornwall" />
<meta property="article:modified_time" content="2025-11-10T16:28:57+00:00" />
<meta property="og:image" content="https://ottawacornwall.ca/wp-content/uploads/2025/11/Vespers-Xavier-v2-2-scaled.png" />
	<meta property="og:image:width" content="2003" />
	<meta property="og:image:height" content="2560" />
	<meta property="og:image:type" content="image/png" />
<meta name="twitter:card" content="summary_large_image" />
<meta name="twitter:label1" content="Durée de lecture estimée" />
	<meta name="twitter:data1" content="1 minute" />
<script type="application/ld+json" class="yoast-schema-graph">{"@context":"https:\/\/schema.org","@graph":[{"@type":"WebPage","@id":"https:\/\/ottawacornwall.ca\/fr\/events\/vepres-solennelles-2\/","url":"https:\/\/ottawacornwall.ca\/fr\/events\/vepres-solennelles-2\/","name":"Vêpres solennelles - Archdiocese of Ottawa-Cornwall","isPartOf":{"@id":"https:\/\/ottawacornwall.ca\/#website"},"primaryImageOfPage":{"@id":"https:\/\/ottawacornwall.ca\/fr\/events\/vepres-solennelles-2\/#primaryimage"},"image":{"@id":"https:\/\/ottawacornwall.ca\/fr\/events\/vepres-solennelles-2\/#primaryimage"},"thumbnailUrl":"https:\/\/ottawacornwall.ca\/wp-content\/uploads\/2025\/11\/Vespers-Xavier-v2-2-scaled.png","datePublished":"2025-11-10T16:28:54+00:00","dateModified":"2025-11-10T16:28:57+00:00","breadcrumb":{"@id":"https:\/\/ottawacornwall.ca\/fr\/events\/vepres-solennelles-2\/#breadcrumb"},"inLanguage":"fr-FR","potentialAction":[{"@type":"ReadAction","target":["https:\/\/ottawacornwall.ca\/fr\/events\/vepres-solennelles-2\/"]}]},{"@type":"ImageObject","inLanguage":"fr-FR","@id":"https:\/\/ottawacornwall.ca\/fr\/events\/vepres-solennelles-2\/#primaryimage","url":"https:\/\/ottawacornwall.ca\/wp-content\/uploads\/2025\/11\/Vespers-Xavier-v2-2-scaled.png","contentUrl":"https:\/\/ottawacornwall.ca\/wp-content\/uploads\/2025\/11\/Vespers-Xavier-v2-2-scaled.png","width":2003,"height":2560},{"@type":"BreadcrumbList","@id":"https:\/\/ottawacornwall.ca\/fr\/events\/vepres-solennelles-2\/#breadcrumb","itemListElement":[{"@type":"ListItem","position":1,"name":"Home","item":"https:\/\/ottawacornwall.ca\/fr\/"},{"@type":"ListItem","position":2,"name":"Events","item":"https:\/\/ottawacornwall.ca\/events\/"},{"@type":"ListItem","position":3,"name":"Vêpres solennelles"}]},{"@type":"WebSite","@id":"https:\/\/ottawacornwall.ca\/#website","url":"https:\/\/ottawacornwall.ca\/","name":"Archdiocese of Ottawa-Cornwall","description":"Welcome to the  Ottawa-Cornwall Archdiocese!","publisher":{"@id":"https:\/\/ottawacornwall.ca\/#organization"},"potentialAction":[{"@type":"SearchAction","target":{"@type":"EntryPoint","urlTemplate":"https:\/\/ottawacornwall.ca\/?s={search_term_string}"},"query-input":{"@type":"PropertyValueSpecification","valueRequired":true,"valueName":"search_term_string"}}],"inLanguage":"fr-FR"},{"@type":"Organization","@id":"https:\/\/ottawacornwall.ca\/#organization","name":"Archdiocese of Ottawa-Cornwall","url":"https:\/\/ottawacornwall.ca\/","logo":{"@type":"ImageObject","inLanguage":"fr-FR","@id":"https:\/\/ottawacornwall.ca\/#\/schema\/logo\/image\/","url":"https:\/\/ottawacornwall.ca\/wp-content\/uploads\/2022\/11\/Archdiocese-Logo-Horizontal-Reverse-1.svg","contentUrl":"https:\/\/ottawacornwall.ca\/wp-content\/uploads\/2022\/11\/Archdiocese-Logo-Horizontal-Reverse-1.svg","caption":"Archdiocese of Ottawa-Cornwall"},"image":{"@id":"https:\/\/ottawacornwall.ca\/#\/schema\/logo\/image\/"}}]}</script>
<!-- / Yoast SEO plugin. -->

Vêpres solennelles - Archdiocese of Ottawa-Cornwall

À l’occasion de la fête de saint François Xavier, patron des missionnaires, la communauté jésuite d’Ottawa célébrera des vêpres solennelles à la cathédrale Notre-Dame. Tout le monde est invité à se joindre aux jésuites pour prier pour les missionnaires et pour la croissance de l’œuvre missionnaire de l’Église.
