{"id":35068,"date":"2025-11-24T10:22:57","date_gmt":"2025-11-24T15:22:57","guid":{"rendered":"https:\/\/wp268132.wpdns.ca\/?post_type=mec-events&#038;p=35068"},"modified":"2025-11-24T10:22:57","modified_gmt":"2025-11-24T15:22:57","slug":"messe-pour-nos-malades-avec-sasmad","status":"publish","type":"mec-events","link":"https:\/\/ottawacornwall.ca\/fr\/events\/messe-pour-nos-malades-avec-sasmad\/","title":{"rendered":"Messe pour nos malades avec SASMAD"},"content":{"rendered":"<p>Pour les personnes qui en sentent le besoin, une occasion de c\u00e9l\u00e9brer le sacrement des malades ou de prier pour toutes les personnes malades de notre milieu. Cette c\u00e9l\u00e9bration sera int\u00e9gr\u00e9e \u00e0 la messe dominicale.<\/p>\n<p>En pr\u00e9sentiel et sur YouTube: https:\/\/www.youtube.com\/live\/g_ZnJKBy_Ug?si=V3NqHsji_mare0Az<\/p>\n","protected":false},"excerpt":{"rendered":"<p>Pour les personnes qui en sentent le besoin, une occasion de c\u00e9l\u00e9brer le sacrement des malades ou de prier pour toutes les personnes malades de notre milieu. Cette c\u00e9l\u00e9bration sera int\u00e9gr\u00e9e \u00e0 la messe dominicale. En pr\u00e9sentiel et sur YouTube: https:\/\/www.youtube.com\/live\/g_ZnJKBy_Ug?si=V3NqHsji_mare0Az<\/p>\n","protected":false},"author":21,"featured_media":35069,"comment_status":"closed","ping_status":"closed","template":"","mec_category":[426],"mec_tag":[],"class_list":["post-35068","mec-events","type-mec-events","status-publish","has-post-thumbnail","hentry","mec_category-all-areas-fr"],"acf":[],"yoast_head":"<!-- This site is optimized with the Yoast SEO plugin v27.4 - https:\/\/yoast.com\/product\/yoast-seo-wordpress\/ -->\n<title>Messe pour nos malades avec SASMAD - Archdiocese of Ottawa-Cornwall<\/title>\n<meta name=\"robots\" content=\"index, follow, max-snippet:-1, max-image-preview:large, max-video-preview:-1\" \/>\n<link rel=\"canonical\" href=\"https:\/\/ottawacornwall.ca\/fr\/events\/messe-pour-nos-malades-avec-sasmad\/\" \/>\n<meta property=\"og:locale\" content=\"fr_FR\" \/>\n<meta property=\"og:type\" content=\"article\" \/>\n<meta property=\"og:title\" content=\"Messe pour nos malades avec SASMAD - Archdiocese of Ottawa-Cornwall\" \/>\n<meta property=\"og:description\" content=\"Pour les personnes qui en sentent le besoin, une occasion de c\u00e9l\u00e9brer le sacrement des malades ou de prier pour toutes les personnes malades de notre milieu. Cette c\u00e9l\u00e9bration sera int\u00e9gr\u00e9e \u00e0 la messe dominicale. En pr\u00e9sentiel et sur YouTube: https:\/\/www.youtube.com\/live\/g_ZnJKBy_Ug?si=V3NqHsji_mare0Az\" \/>\n<meta property=\"og:url\" content=\"https:\/\/ottawacornwall.ca\/fr\/events\/messe-pour-nos-malades-avec-sasmad\/\" \/>\n<meta property=\"og:site_name\" content=\"Archdiocese of Ottawa-Cornwall\" \/>\n<meta property=\"og:image\" content=\"https:\/\/ottawacornwall.ca\/wp-content\/uploads\/2025\/11\/Capture-decran-2025-11-21-144536.png\" \/>\n\t<meta property=\"og:image:width\" content=\"1253\" \/>\n\t<meta property=\"og:image:height\" content=\"741\" \/>\n\t<meta property=\"og:image:type\" content=\"image\/png\" \/>\n<meta name=\"twitter:card\" content=\"summary_large_image\" \/>\n<meta name=\"twitter:label1\" content=\"Dur\u00e9e de lecture estim\u00e9e\" \/>\n\t<meta name=\"twitter:data1\" content=\"1 minute\" \/>\n<script type=\"application\/ld+json\" class=\"yoast-schema-graph\">{\"@context\":\"https:\\\/\\\/schema.org\",\"@graph\":[{\"@type\":\"WebPage\",\"@id\":\"https:\\\/\\\/ottawacornwall.ca\\\/fr\\\/events\\\/messe-pour-nos-malades-avec-sasmad\\\/\",\"url\":\"https:\\\/\\\/ottawacornwall.ca\\\/fr\\\/events\\\/messe-pour-nos-malades-avec-sasmad\\\/\",\"name\":\"Messe pour nos malades avec SASMAD - Archdiocese of Ottawa-Cornwall\",\"isPartOf\":{\"@id\":\"https:\\\/\\\/ottawacornwall.ca\\\/#website\"},\"primaryImageOfPage\":{\"@id\":\"https:\\\/\\\/ottawacornwall.ca\\\/fr\\\/events\\\/messe-pour-nos-malades-avec-sasmad\\\/#primaryimage\"},\"image\":{\"@id\":\"https:\\\/\\\/ottawacornwall.ca\\\/fr\\\/events\\\/messe-pour-nos-malades-avec-sasmad\\\/#primaryimage\"},\"thumbnailUrl\":\"https:\\\/\\\/ottawacornwall.ca\\\/wp-content\\\/uploads\\\/2025\\\/11\\\/Capture-decran-2025-11-21-144536.png\",\"datePublished\":\"2025-11-24T15:22:57+00:00\",\"breadcrumb\":{\"@id\":\"https:\\\/\\\/ottawacornwall.ca\\\/fr\\\/events\\\/messe-pour-nos-malades-avec-sasmad\\\/#breadcrumb\"},\"inLanguage\":\"fr-FR\",\"potentialAction\":[{\"@type\":\"ReadAction\",\"target\":[\"https:\\\/\\\/ottawacornwall.ca\\\/fr\\\/events\\\/messe-pour-nos-malades-avec-sasmad\\\/\"]}]},{\"@type\":\"ImageObject\",\"inLanguage\":\"fr-FR\",\"@id\":\"https:\\\/\\\/ottawacornwall.ca\\\/fr\\\/events\\\/messe-pour-nos-malades-avec-sasmad\\\/#primaryimage\",\"url\":\"https:\\\/\\\/ottawacornwall.ca\\\/wp-content\\\/uploads\\\/2025\\\/11\\\/Capture-decran-2025-11-21-144536.png\",\"contentUrl\":\"https:\\\/\\\/ottawacornwall.ca\\\/wp-content\\\/uploads\\\/2025\\\/11\\\/Capture-decran-2025-11-21-144536.png\",\"width\":1253,\"height\":741},{\"@type\":\"BreadcrumbList\",\"@id\":\"https:\\\/\\\/ottawacornwall.ca\\\/fr\\\/events\\\/messe-pour-nos-malades-avec-sasmad\\\/#breadcrumb\",\"itemListElement\":[{\"@type\":\"ListItem\",\"position\":1,\"name\":\"Home\",\"item\":\"https:\\\/\\\/ottawacornwall.ca\\\/fr\\\/\"},{\"@type\":\"ListItem\",\"position\":2,\"name\":\"Events\",\"item\":\"https:\\\/\\\/ottawacornwall.ca\\\/events\\\/\"},{\"@type\":\"ListItem\",\"position\":3,\"name\":\"Messe pour nos malades avec SASMAD\"}]},{\"@type\":\"WebSite\",\"@id\":\"https:\\\/\\\/ottawacornwall.ca\\\/#website\",\"url\":\"https:\\\/\\\/ottawacornwall.ca\\\/\",\"name\":\"Archdiocese of Ottawa-Cornwall\",\"description\":\"Welcome to the  Ottawa-Cornwall Archdiocese!\",\"publisher\":{\"@id\":\"https:\\\/\\\/ottawacornwall.ca\\\/#organization\"},\"potentialAction\":[{\"@type\":\"SearchAction\",\"target\":{\"@type\":\"EntryPoint\",\"urlTemplate\":\"https:\\\/\\\/ottawacornwall.ca\\\/?s={search_term_string}\"},\"query-input\":{\"@type\":\"PropertyValueSpecification\",\"valueRequired\":true,\"valueName\":\"search_term_string\"}}],\"inLanguage\":\"fr-FR\"},{\"@type\":\"Organization\",\"@id\":\"https:\\\/\\\/ottawacornwall.ca\\\/#organization\",\"name\":\"Archdiocese of Ottawa-Cornwall\",\"url\":\"https:\\\/\\\/ottawacornwall.ca\\\/\",\"logo\":{\"@type\":\"ImageObject\",\"inLanguage\":\"fr-FR\",\"@id\":\"https:\\\/\\\/ottawacornwall.ca\\\/#\\\/schema\\\/logo\\\/image\\\/\",\"url\":\"https:\\\/\\\/ottawacornwall.ca\\\/wp-content\\\/uploads\\\/2022\\\/11\\\/Archdiocese-Logo-Horizontal-Reverse-1.svg\",\"contentUrl\":\"https:\\\/\\\/ottawacornwall.ca\\\/wp-content\\\/uploads\\\/2022\\\/11\\\/Archdiocese-Logo-Horizontal-Reverse-1.svg\",\"caption\":\"Archdiocese of Ottawa-Cornwall\"},\"image\":{\"@id\":\"https:\\\/\\\/ottawacornwall.ca\\\/#\\\/schema\\\/logo\\\/image\\\/\"}}]}<\/script>\n<!-- \/ Yoast SEO plugin. -->","yoast_head_json":{"title":"Messe pour nos malades avec SASMAD - Archdiocese of Ottawa-Cornwall","robots":{"index":"index","follow":"follow","max-snippet":"max-snippet:-1","max-image-preview":"max-image-preview:large","max-video-preview":"max-video-preview:-1"},"canonical":"https:\/\/ottawacornwall.ca\/fr\/events\/messe-pour-nos-malades-avec-sasmad\/","og_locale":"fr_FR","og_type":"article","og_title":"Messe pour nos malades avec SASMAD - Archdiocese of Ottawa-Cornwall","og_description":"Pour les personnes qui en sentent le besoin, une occasion de c\u00e9l\u00e9brer le sacrement des malades ou de prier pour toutes les personnes malades de notre milieu. Cette c\u00e9l\u00e9bration sera int\u00e9gr\u00e9e \u00e0 la messe dominicale. En pr\u00e9sentiel et sur YouTube: https:\/\/www.youtube.com\/live\/g_ZnJKBy_Ug?si=V3NqHsji_mare0Az","og_url":"https:\/\/ottawacornwall.ca\/fr\/events\/messe-pour-nos-malades-avec-sasmad\/","og_site_name":"Archdiocese of Ottawa-Cornwall","og_image":[{"width":1253,"height":741,"url":"https:\/\/ottawacornwall.ca\/wp-content\/uploads\/2025\/11\/Capture-decran-2025-11-21-144536.png","type":"image\/png"}],"twitter_card":"summary_large_image","twitter_misc":{"Dur\u00e9e de lecture estim\u00e9e":"1 minute"},"schema":{"@context":"https:\/\/schema.org","@graph":[{"@type":"WebPage","@id":"https:\/\/ottawacornwall.ca\/fr\/events\/messe-pour-nos-malades-avec-sasmad\/","url":"https:\/\/ottawacornwall.ca\/fr\/events\/messe-pour-nos-malades-avec-sasmad\/","name":"Messe pour nos malades avec SASMAD - Archdiocese of Ottawa-Cornwall","isPartOf":{"@id":"https:\/\/ottawacornwall.ca\/#website"},"primaryImageOfPage":{"@id":"https:\/\/ottawacornwall.ca\/fr\/events\/messe-pour-nos-malades-avec-sasmad\/#primaryimage"},"image":{"@id":"https:\/\/ottawacornwall.ca\/fr\/events\/messe-pour-nos-malades-avec-sasmad\/#primaryimage"},"thumbnailUrl":"https:\/\/ottawacornwall.ca\/wp-content\/uploads\/2025\/11\/Capture-decran-2025-11-21-144536.png","datePublished":"2025-11-24T15:22:57+00:00","breadcrumb":{"@id":"https:\/\/ottawacornwall.ca\/fr\/events\/messe-pour-nos-malades-avec-sasmad\/#breadcrumb"},"inLanguage":"fr-FR","potentialAction":[{"@type":"ReadAction","target":["https:\/\/ottawacornwall.ca\/fr\/events\/messe-pour-nos-malades-avec-sasmad\/"]}]},{"@type":"ImageObject","inLanguage":"fr-FR","@id":"https:\/\/ottawacornwall.ca\/fr\/events\/messe-pour-nos-malades-avec-sasmad\/#primaryimage","url":"https:\/\/ottawacornwall.ca\/wp-content\/uploads\/2025\/11\/Capture-decran-2025-11-21-144536.png","contentUrl":"https:\/\/ottawacornwall.ca\/wp-content\/uploads\/2025\/11\/Capture-decran-2025-11-21-144536.png","width":1253,"height":741},{"@type":"BreadcrumbList","@id":"https:\/\/ottawacornwall.ca\/fr\/events\/messe-pour-nos-malades-avec-sasmad\/#breadcrumb","itemListElement":[{"@type":"ListItem","position":1,"name":"Home","item":"https:\/\/ottawacornwall.ca\/fr\/"},{"@type":"ListItem","position":2,"name":"Events","item":"https:\/\/ottawacornwall.ca\/events\/"},{"@type":"ListItem","position":3,"name":"Messe pour nos malades avec SASMAD"}]},{"@type":"WebSite","@id":"https:\/\/ottawacornwall.ca\/#website","url":"https:\/\/ottawacornwall.ca\/","name":"Archdiocese of Ottawa-Cornwall","description":"Welcome to the  Ottawa-Cornwall Archdiocese!","publisher":{"@id":"https:\/\/ottawacornwall.ca\/#organization"},"potentialAction":[{"@type":"SearchAction","target":{"@type":"EntryPoint","urlTemplate":"https:\/\/ottawacornwall.ca\/?s={search_term_string}"},"query-input":{"@type":"PropertyValueSpecification","valueRequired":true,"valueName":"search_term_string"}}],"inLanguage":"fr-FR"},{"@type":"Organization","@id":"https:\/\/ottawacornwall.ca\/#organization","name":"Archdiocese of Ottawa-Cornwall","url":"https:\/\/ottawacornwall.ca\/","logo":{"@type":"ImageObject","inLanguage":"fr-FR","@id":"https:\/\/ottawacornwall.ca\/#\/schema\/logo\/image\/","url":"https:\/\/ottawacornwall.ca\/wp-content\/uploads\/2022\/11\/Archdiocese-Logo-Horizontal-Reverse-1.svg","contentUrl":"https:\/\/ottawacornwall.ca\/wp-content\/uploads\/2022\/11\/Archdiocese-Logo-Horizontal-Reverse-1.svg","caption":"Archdiocese of Ottawa-Cornwall"},"image":{"@id":"https:\/\/ottawacornwall.ca\/#\/schema\/logo\/image\/"}}]}},"_links":{"self":[{"href":"https:\/\/ottawacornwall.ca\/fr\/wp-json\/wp\/v2\/mec-events\/35068","targetHints":{"allow":["GET"]}}],"collection":[{"href":"https:\/\/ottawacornwall.ca\/fr\/wp-json\/wp\/v2\/mec-events"}],"about":[{"href":"https:\/\/ottawacornwall.ca\/fr\/wp-json\/wp\/v2\/types\/mec-events"}],"author":[{"embeddable":true,"href":"https:\/\/ottawacornwall.ca\/fr\/wp-json\/wp\/v2\/users\/21"}],"replies":[{"embeddable":true,"href":"https:\/\/ottawacornwall.ca\/fr\/wp-json\/wp\/v2\/comments?post=35068"}],"wp:featuredmedia":[{"embeddable":true,"href":"https:\/\/ottawacornwall.ca\/fr\/wp-json\/wp\/v2\/media\/35069"}],"wp:attachment":[{"href":"https:\/\/ottawacornwall.ca\/fr\/wp-json\/wp\/v2\/media?parent=35068"}],"wp:term":[{"taxonomy":"mec_category","embeddable":true,"href":"https:\/\/ottawacornwall.ca\/fr\/wp-json\/wp\/v2\/mec_category?post=35068"},{"taxonomy":"mec_tag","embeddable":true,"href":"https:\/\/ottawacornwall.ca\/fr\/wp-json\/wp\/v2\/mec_tag?post=35068"}],"curies":[{"name":"wp","href":"https:\/\/api.w.org\/{rel}","templated":true}]}}

<p>Pour les personnes qui en sentent le besoin, une occasion de célébrer le sacrement des malades ou de prier pour toutes les personnes malades de notre milieu. Cette célébration sera intégrée à la messe dominicale.</p>
<p>En présentiel et sur YouTube: https://www.youtube.com/live/g_ZnJKBy_Ug?si=V3NqHsji_mare0Az</p>

<p>Pour les personnes qui en sentent le besoin, une occasion de célébrer le sacrement des malades ou de prier pour toutes les personnes malades de notre milieu. Cette célébration sera intégrée à la messe dominicale. En présentiel et sur YouTube: https://www.youtube.com/live/g_ZnJKBy_Ug?si=V3NqHsji_mare0Az</p>

<!-- This site is optimized with the Yoast SEO plugin v27.4 - https://yoast.com/product/yoast-seo-wordpress/ -->
<title>Messe pour nos malades avec SASMAD - Archdiocese of Ottawa-Cornwall</title>
<meta name="robots" content="index, follow, max-snippet:-1, max-image-preview:large, max-video-preview:-1" />
<link rel="canonical" href="https://ottawacornwall.ca/fr/events/messe-pour-nos-malades-avec-sasmad/" />
<meta property="og:locale" content="fr_FR" />
<meta property="og:type" content="article" />
<meta property="og:title" content="Messe pour nos malades avec SASMAD - Archdiocese of Ottawa-Cornwall" />
<meta property="og:description" content="Pour les personnes qui en sentent le besoin, une occasion de célébrer le sacrement des malades ou de prier pour toutes les personnes malades de notre milieu. Cette célébration sera intégrée à la messe dominicale. En présentiel et sur YouTube: https://www.youtube.com/live/g_ZnJKBy_Ug?si=V3NqHsji_mare0Az" />
<meta property="og:url" content="https://ottawacornwall.ca/fr/events/messe-pour-nos-malades-avec-sasmad/" />
<meta property="og:site_name" content="Archdiocese of Ottawa-Cornwall" />
<meta property="og:image" content="https://ottawacornwall.ca/wp-content/uploads/2025/11/Capture-decran-2025-11-21-144536.png" />
	<meta property="og:image:width" content="1253" />
	<meta property="og:image:height" content="741" />
	<meta property="og:image:type" content="image/png" />
<meta name="twitter:card" content="summary_large_image" />
<meta name="twitter:label1" content="Durée de lecture estimée" />
	<meta name="twitter:data1" content="1 minute" />
<script type="application/ld+json" class="yoast-schema-graph">{"@context":"https:\/\/schema.org","@graph":[{"@type":"WebPage","@id":"https:\/\/ottawacornwall.ca\/fr\/events\/messe-pour-nos-malades-avec-sasmad\/","url":"https:\/\/ottawacornwall.ca\/fr\/events\/messe-pour-nos-malades-avec-sasmad\/","name":"Messe pour nos malades avec SASMAD - Archdiocese of Ottawa-Cornwall","isPartOf":{"@id":"https:\/\/ottawacornwall.ca\/#website"},"primaryImageOfPage":{"@id":"https:\/\/ottawacornwall.ca\/fr\/events\/messe-pour-nos-malades-avec-sasmad\/#primaryimage"},"image":{"@id":"https:\/\/ottawacornwall.ca\/fr\/events\/messe-pour-nos-malades-avec-sasmad\/#primaryimage"},"thumbnailUrl":"https:\/\/ottawacornwall.ca\/wp-content\/uploads\/2025\/11\/Capture-decran-2025-11-21-144536.png","datePublished":"2025-11-24T15:22:57+00:00","breadcrumb":{"@id":"https:\/\/ottawacornwall.ca\/fr\/events\/messe-pour-nos-malades-avec-sasmad\/#breadcrumb"},"inLanguage":"fr-FR","potentialAction":[{"@type":"ReadAction","target":["https:\/\/ottawacornwall.ca\/fr\/events\/messe-pour-nos-malades-avec-sasmad\/"]}]},{"@type":"ImageObject","inLanguage":"fr-FR","@id":"https:\/\/ottawacornwall.ca\/fr\/events\/messe-pour-nos-malades-avec-sasmad\/#primaryimage","url":"https:\/\/ottawacornwall.ca\/wp-content\/uploads\/2025\/11\/Capture-decran-2025-11-21-144536.png","contentUrl":"https:\/\/ottawacornwall.ca\/wp-content\/uploads\/2025\/11\/Capture-decran-2025-11-21-144536.png","width":1253,"height":741},{"@type":"BreadcrumbList","@id":"https:\/\/ottawacornwall.ca\/fr\/events\/messe-pour-nos-malades-avec-sasmad\/#breadcrumb","itemListElement":[{"@type":"ListItem","position":1,"name":"Home","item":"https:\/\/ottawacornwall.ca\/fr\/"},{"@type":"ListItem","position":2,"name":"Events","item":"https:\/\/ottawacornwall.ca\/events\/"},{"@type":"ListItem","position":3,"name":"Messe pour nos malades avec SASMAD"}]},{"@type":"WebSite","@id":"https:\/\/ottawacornwall.ca\/#website","url":"https:\/\/ottawacornwall.ca\/","name":"Archdiocese of Ottawa-Cornwall","description":"Welcome to the  Ottawa-Cornwall Archdiocese!","publisher":{"@id":"https:\/\/ottawacornwall.ca\/#organization"},"potentialAction":[{"@type":"SearchAction","target":{"@type":"EntryPoint","urlTemplate":"https:\/\/ottawacornwall.ca\/?s={search_term_string}"},"query-input":{"@type":"PropertyValueSpecification","valueRequired":true,"valueName":"search_term_string"}}],"inLanguage":"fr-FR"},{"@type":"Organization","@id":"https:\/\/ottawacornwall.ca\/#organization","name":"Archdiocese of Ottawa-Cornwall","url":"https:\/\/ottawacornwall.ca\/","logo":{"@type":"ImageObject","inLanguage":"fr-FR","@id":"https:\/\/ottawacornwall.ca\/#\/schema\/logo\/image\/","url":"https:\/\/ottawacornwall.ca\/wp-content\/uploads\/2022\/11\/Archdiocese-Logo-Horizontal-Reverse-1.svg","contentUrl":"https:\/\/ottawacornwall.ca\/wp-content\/uploads\/2022\/11\/Archdiocese-Logo-Horizontal-Reverse-1.svg","caption":"Archdiocese of Ottawa-Cornwall"},"image":{"@id":"https:\/\/ottawacornwall.ca\/#\/schema\/logo\/image\/"}}]}</script>
<!-- / Yoast SEO plugin. -->

Pour les personnes qui en sentent le besoin, une occasion de célébrer le sacrement des malades ou de prier pour toutes les personnes malades de notre milieu. Cette célébration sera intégrée à la messe dominicale. En présentiel et sur YouTube: https://www.youtube.com/live/g_ZnJKBy_Ug?si=V3NqHsji_mare0Az
