{"id":35510,"date":"2026-01-05T11:39:15","date_gmt":"2026-01-05T16:39:15","guid":{"rendered":"https:\/\/ottawacornwall.ca\/?post_type=mec-events&#038;p=35510"},"modified":"2026-01-05T11:39:15","modified_gmt":"2026-01-05T16:39:15","slug":"presentation-de-la-nouvelle-vision-de-larchidiocese-ottawa-cornwall","status":"publish","type":"mec-events","link":"https:\/\/ottawacornwall.ca\/fr\/events\/presentation-de-la-nouvelle-vision-de-larchidiocese-ottawa-cornwall\/","title":{"rendered":"Pr\u00e9sentation de la nouvelle vision de l&rsquo;archidioc\u00e8se Ottawa-Cornwall"},"content":{"rendered":"<p data-start=\"180\" data-end=\"288\"><strong data-start=\"180\" data-end=\"254\">Vous connaissez la nouvelle vision de l\u2019archidioc\u00e8se Ottawa-Cornwall ?<\/strong><br data-start=\"254\" data-end=\"257\" \/>Vous en avez entendu parler ?<\/p>\n<p data-start=\"290\" data-end=\"487\">Mgr <strong data-start=\"294\" data-end=\"316\">Yvan Mathieu, s.m.<\/strong>, \u00e9v\u00eaque auxiliaire d\u2019Ottawa-Cornwall, viendra <strong data-start=\"363\" data-end=\"407\">pr\u00e9senter cette vision en trois ateliers<\/strong> au <strong data-start=\"411\" data-end=\"449\">sous-sol de l\u2019\u00e9glise Saint-Gabriel<\/strong>, 55 rue Appleford, Ottawa, K1J 6T6.<\/p>\n<p data-start=\"489\" data-end=\"713\"><strong data-start=\"489\" data-end=\"536\">Pourquoi est-il important de la conna\u00eetre ?<\/strong><br data-start=\"536\" data-end=\"539\" \/>Le pasteur ne peut guider son troupeau que s\u2019il a une id\u00e9e claire de ce qu\u2019il veut accomplir.<br data-start=\"632\" data-end=\"635\" \/>Le fid\u00e8le ne peut suivre que s\u2019il comprend ce que son pasteur attend de lui.<\/p>\n<h3 data-start=\"715\" data-end=\"760\">Date et th\u00e8me de chacune des rencontres :<\/h3>\n<ul data-start=\"761\" data-end=\"916\">\n<li data-start=\"761\" data-end=\"816\">\n<p data-start=\"763\" data-end=\"816\"><strong data-start=\"763\" data-end=\"789\">14 janvier 2026 \u00e0 19 h<\/strong> \u2013 Avance vers les autres<\/p>\n<\/li>\n<li data-start=\"817\" data-end=\"870\">\n<p data-start=\"819\" data-end=\"870\"><strong data-start=\"819\" data-end=\"845\">11 f\u00e9vrier 2026 \u00e0 19 h<\/strong> \u2013 Avance en profondeur<\/p>\n<\/li>\n<li data-start=\"871\" data-end=\"916\">\n<p data-start=\"873\" data-end=\"916\"><strong data-start=\"873\" data-end=\"896\">8 avril 2026 \u00e0 19 h<\/strong> \u2013 Avance ensemble<\/p>\n<\/li>\n<\/ul>\n<p data-start=\"918\" data-end=\"955\"><strong data-start=\"918\" data-end=\"953\">Toutes et tous sont bienvenus !<\/strong><\/p>\n","protected":false},"excerpt":{"rendered":"<p>Vous connaissez la nouvelle vision de l\u2019archidioc\u00e8se Ottawa-Cornwall ?Vous en avez entendu parler ? Mgr Yvan Mathieu, s.m., \u00e9v\u00eaque auxiliaire d\u2019Ottawa-Cornwall, viendra pr\u00e9senter cette vision en trois ateliers au sous-sol de l\u2019\u00e9glise Saint-Gabriel, 55 rue Appleford, Ottawa, K1J 6T6. Pourquoi est-il important de la conna\u00eetre ?Le pasteur ne peut guider son troupeau que s\u2019il a [&hellip;]<\/p>\n","protected":false},"author":1,"featured_media":0,"comment_status":"closed","ping_status":"closed","template":"","mec_category":[],"mec_tag":[],"class_list":["post-35510","mec-events","type-mec-events","status-publish","hentry"],"acf":[],"yoast_head":"<!-- This site is optimized with the Yoast SEO plugin v27.4 - https:\/\/yoast.com\/product\/yoast-seo-wordpress\/ -->\n<title>Pr\u00e9sentation de la nouvelle vision de l&#039;archidioc\u00e8se Ottawa-Cornwall - Archdiocese of Ottawa-Cornwall<\/title>\n<meta name=\"robots\" content=\"index, follow, max-snippet:-1, max-image-preview:large, max-video-preview:-1\" \/>\n<link rel=\"canonical\" href=\"https:\/\/ottawacornwall.ca\/fr\/events\/presentation-de-la-nouvelle-vision-de-larchidiocese-ottawa-cornwall\/\" \/>\n<meta property=\"og:locale\" content=\"fr_FR\" \/>\n<meta property=\"og:type\" content=\"article\" \/>\n<meta property=\"og:title\" content=\"Pr\u00e9sentation de la nouvelle vision de l&#039;archidioc\u00e8se Ottawa-Cornwall - Archdiocese of Ottawa-Cornwall\" \/>\n<meta property=\"og:description\" content=\"Vous connaissez la nouvelle vision de l\u2019archidioc\u00e8se Ottawa-Cornwall ?Vous en avez entendu parler ? Mgr Yvan Mathieu, s.m., \u00e9v\u00eaque auxiliaire d\u2019Ottawa-Cornwall, viendra pr\u00e9senter cette vision en trois ateliers au sous-sol de l\u2019\u00e9glise Saint-Gabriel, 55 rue Appleford, Ottawa, K1J 6T6. Pourquoi est-il important de la conna\u00eetre ?Le pasteur ne peut guider son troupeau que s\u2019il a [&hellip;]\" \/>\n<meta property=\"og:url\" content=\"https:\/\/ottawacornwall.ca\/fr\/events\/presentation-de-la-nouvelle-vision-de-larchidiocese-ottawa-cornwall\/\" \/>\n<meta property=\"og:site_name\" content=\"Archdiocese of Ottawa-Cornwall\" \/>\n<meta name=\"twitter:card\" content=\"summary_large_image\" \/>\n<meta name=\"twitter:label1\" content=\"Dur\u00e9e de lecture estim\u00e9e\" \/>\n\t<meta name=\"twitter:data1\" content=\"1 minute\" \/>\n<script type=\"application\/ld+json\" class=\"yoast-schema-graph\">{\"@context\":\"https:\\\/\\\/schema.org\",\"@graph\":[{\"@type\":\"WebPage\",\"@id\":\"https:\\\/\\\/ottawacornwall.ca\\\/fr\\\/events\\\/presentation-de-la-nouvelle-vision-de-larchidiocese-ottawa-cornwall\\\/\",\"url\":\"https:\\\/\\\/ottawacornwall.ca\\\/fr\\\/events\\\/presentation-de-la-nouvelle-vision-de-larchidiocese-ottawa-cornwall\\\/\",\"name\":\"Pr\u00e9sentation de la nouvelle vision de l'archidioc\u00e8se Ottawa-Cornwall - Archdiocese of Ottawa-Cornwall\",\"isPartOf\":{\"@id\":\"https:\\\/\\\/ottawacornwall.ca\\\/#website\"},\"datePublished\":\"2026-01-05T16:39:15+00:00\",\"breadcrumb\":{\"@id\":\"https:\\\/\\\/ottawacornwall.ca\\\/fr\\\/events\\\/presentation-de-la-nouvelle-vision-de-larchidiocese-ottawa-cornwall\\\/#breadcrumb\"},\"inLanguage\":\"fr-FR\",\"potentialAction\":[{\"@type\":\"ReadAction\",\"target\":[\"https:\\\/\\\/ottawacornwall.ca\\\/fr\\\/events\\\/presentation-de-la-nouvelle-vision-de-larchidiocese-ottawa-cornwall\\\/\"]}]},{\"@type\":\"BreadcrumbList\",\"@id\":\"https:\\\/\\\/ottawacornwall.ca\\\/fr\\\/events\\\/presentation-de-la-nouvelle-vision-de-larchidiocese-ottawa-cornwall\\\/#breadcrumb\",\"itemListElement\":[{\"@type\":\"ListItem\",\"position\":1,\"name\":\"Home\",\"item\":\"https:\\\/\\\/ottawacornwall.ca\\\/fr\\\/\"},{\"@type\":\"ListItem\",\"position\":2,\"name\":\"Events\",\"item\":\"https:\\\/\\\/ottawacornwall.ca\\\/events\\\/\"},{\"@type\":\"ListItem\",\"position\":3,\"name\":\"Pr\u00e9sentation de la nouvelle vision de l&rsquo;archidioc\u00e8se Ottawa-Cornwall\"}]},{\"@type\":\"WebSite\",\"@id\":\"https:\\\/\\\/ottawacornwall.ca\\\/#website\",\"url\":\"https:\\\/\\\/ottawacornwall.ca\\\/\",\"name\":\"Archdiocese of Ottawa-Cornwall\",\"description\":\"Welcome to the  Ottawa-Cornwall Archdiocese!\",\"publisher\":{\"@id\":\"https:\\\/\\\/ottawacornwall.ca\\\/#organization\"},\"potentialAction\":[{\"@type\":\"SearchAction\",\"target\":{\"@type\":\"EntryPoint\",\"urlTemplate\":\"https:\\\/\\\/ottawacornwall.ca\\\/?s={search_term_string}\"},\"query-input\":{\"@type\":\"PropertyValueSpecification\",\"valueRequired\":true,\"valueName\":\"search_term_string\"}}],\"inLanguage\":\"fr-FR\"},{\"@type\":\"Organization\",\"@id\":\"https:\\\/\\\/ottawacornwall.ca\\\/#organization\",\"name\":\"Archdiocese of Ottawa-Cornwall\",\"url\":\"https:\\\/\\\/ottawacornwall.ca\\\/\",\"logo\":{\"@type\":\"ImageObject\",\"inLanguage\":\"fr-FR\",\"@id\":\"https:\\\/\\\/ottawacornwall.ca\\\/#\\\/schema\\\/logo\\\/image\\\/\",\"url\":\"https:\\\/\\\/ottawacornwall.ca\\\/wp-content\\\/uploads\\\/2022\\\/11\\\/Archdiocese-Logo-Horizontal-Reverse-1.svg\",\"contentUrl\":\"https:\\\/\\\/ottawacornwall.ca\\\/wp-content\\\/uploads\\\/2022\\\/11\\\/Archdiocese-Logo-Horizontal-Reverse-1.svg\",\"caption\":\"Archdiocese of Ottawa-Cornwall\"},\"image\":{\"@id\":\"https:\\\/\\\/ottawacornwall.ca\\\/#\\\/schema\\\/logo\\\/image\\\/\"}}]}<\/script>\n<!-- \/ Yoast SEO plugin. -->","yoast_head_json":{"title":"Pr\u00e9sentation de la nouvelle vision de l'archidioc\u00e8se Ottawa-Cornwall - Archdiocese of Ottawa-Cornwall","robots":{"index":"index","follow":"follow","max-snippet":"max-snippet:-1","max-image-preview":"max-image-preview:large","max-video-preview":"max-video-preview:-1"},"canonical":"https:\/\/ottawacornwall.ca\/fr\/events\/presentation-de-la-nouvelle-vision-de-larchidiocese-ottawa-cornwall\/","og_locale":"fr_FR","og_type":"article","og_title":"Pr\u00e9sentation de la nouvelle vision de l'archidioc\u00e8se Ottawa-Cornwall - Archdiocese of Ottawa-Cornwall","og_description":"Vous connaissez la nouvelle vision de l\u2019archidioc\u00e8se Ottawa-Cornwall ?Vous en avez entendu parler ? Mgr Yvan Mathieu, s.m., \u00e9v\u00eaque auxiliaire d\u2019Ottawa-Cornwall, viendra pr\u00e9senter cette vision en trois ateliers au sous-sol de l\u2019\u00e9glise Saint-Gabriel, 55 rue Appleford, Ottawa, K1J 6T6. Pourquoi est-il important de la conna\u00eetre ?Le pasteur ne peut guider son troupeau que s\u2019il a [&hellip;]","og_url":"https:\/\/ottawacornwall.ca\/fr\/events\/presentation-de-la-nouvelle-vision-de-larchidiocese-ottawa-cornwall\/","og_site_name":"Archdiocese of Ottawa-Cornwall","twitter_card":"summary_large_image","twitter_misc":{"Dur\u00e9e de lecture estim\u00e9e":"1 minute"},"schema":{"@context":"https:\/\/schema.org","@graph":[{"@type":"WebPage","@id":"https:\/\/ottawacornwall.ca\/fr\/events\/presentation-de-la-nouvelle-vision-de-larchidiocese-ottawa-cornwall\/","url":"https:\/\/ottawacornwall.ca\/fr\/events\/presentation-de-la-nouvelle-vision-de-larchidiocese-ottawa-cornwall\/","name":"Pr\u00e9sentation de la nouvelle vision de l'archidioc\u00e8se Ottawa-Cornwall - Archdiocese of Ottawa-Cornwall","isPartOf":{"@id":"https:\/\/ottawacornwall.ca\/#website"},"datePublished":"2026-01-05T16:39:15+00:00","breadcrumb":{"@id":"https:\/\/ottawacornwall.ca\/fr\/events\/presentation-de-la-nouvelle-vision-de-larchidiocese-ottawa-cornwall\/#breadcrumb"},"inLanguage":"fr-FR","potentialAction":[{"@type":"ReadAction","target":["https:\/\/ottawacornwall.ca\/fr\/events\/presentation-de-la-nouvelle-vision-de-larchidiocese-ottawa-cornwall\/"]}]},{"@type":"BreadcrumbList","@id":"https:\/\/ottawacornwall.ca\/fr\/events\/presentation-de-la-nouvelle-vision-de-larchidiocese-ottawa-cornwall\/#breadcrumb","itemListElement":[{"@type":"ListItem","position":1,"name":"Home","item":"https:\/\/ottawacornwall.ca\/fr\/"},{"@type":"ListItem","position":2,"name":"Events","item":"https:\/\/ottawacornwall.ca\/events\/"},{"@type":"ListItem","position":3,"name":"Pr\u00e9sentation de la nouvelle vision de l&rsquo;archidioc\u00e8se Ottawa-Cornwall"}]},{"@type":"WebSite","@id":"https:\/\/ottawacornwall.ca\/#website","url":"https:\/\/ottawacornwall.ca\/","name":"Archdiocese of Ottawa-Cornwall","description":"Welcome to the  Ottawa-Cornwall Archdiocese!","publisher":{"@id":"https:\/\/ottawacornwall.ca\/#organization"},"potentialAction":[{"@type":"SearchAction","target":{"@type":"EntryPoint","urlTemplate":"https:\/\/ottawacornwall.ca\/?s={search_term_string}"},"query-input":{"@type":"PropertyValueSpecification","valueRequired":true,"valueName":"search_term_string"}}],"inLanguage":"fr-FR"},{"@type":"Organization","@id":"https:\/\/ottawacornwall.ca\/#organization","name":"Archdiocese of Ottawa-Cornwall","url":"https:\/\/ottawacornwall.ca\/","logo":{"@type":"ImageObject","inLanguage":"fr-FR","@id":"https:\/\/ottawacornwall.ca\/#\/schema\/logo\/image\/","url":"https:\/\/ottawacornwall.ca\/wp-content\/uploads\/2022\/11\/Archdiocese-Logo-Horizontal-Reverse-1.svg","contentUrl":"https:\/\/ottawacornwall.ca\/wp-content\/uploads\/2022\/11\/Archdiocese-Logo-Horizontal-Reverse-1.svg","caption":"Archdiocese of Ottawa-Cornwall"},"image":{"@id":"https:\/\/ottawacornwall.ca\/#\/schema\/logo\/image\/"}}]}},"_links":{"self":[{"href":"https:\/\/ottawacornwall.ca\/fr\/wp-json\/wp\/v2\/mec-events\/35510","targetHints":{"allow":["GET"]}}],"collection":[{"href":"https:\/\/ottawacornwall.ca\/fr\/wp-json\/wp\/v2\/mec-events"}],"about":[{"href":"https:\/\/ottawacornwall.ca\/fr\/wp-json\/wp\/v2\/types\/mec-events"}],"author":[{"embeddable":true,"href":"https:\/\/ottawacornwall.ca\/fr\/wp-json\/wp\/v2\/users\/1"}],"replies":[{"embeddable":true,"href":"https:\/\/ottawacornwall.ca\/fr\/wp-json\/wp\/v2\/comments?post=35510"}],"wp:attachment":[{"href":"https:\/\/ottawacornwall.ca\/fr\/wp-json\/wp\/v2\/media?parent=35510"}],"wp:term":[{"taxonomy":"mec_category","embeddable":true,"href":"https:\/\/ottawacornwall.ca\/fr\/wp-json\/wp\/v2\/mec_category?post=35510"},{"taxonomy":"mec_tag","embeddable":true,"href":"https:\/\/ottawacornwall.ca\/fr\/wp-json\/wp\/v2\/mec_tag?post=35510"}],"curies":[{"name":"wp","href":"https:\/\/api.w.org\/{rel}","templated":true}]}}

Présentation de la nouvelle vision de l&rsquo;archidiocèse Ottawa-Cornwall

<p data-start="180" data-end="288"><strong data-start="180" data-end="254">Vous connaissez la nouvelle vision de l’archidiocèse Ottawa-Cornwall ?</strong><br data-start="254" data-end="257" />Vous en avez entendu parler ?</p>
<p data-start="290" data-end="487">Mgr <strong data-start="294" data-end="316">Yvan Mathieu, s.m.</strong>, évêque auxiliaire d’Ottawa-Cornwall, viendra <strong data-start="363" data-end="407">présenter cette vision en trois ateliers</strong> au <strong data-start="411" data-end="449">sous-sol de l’église Saint-Gabriel</strong>, 55 rue Appleford, Ottawa, K1J 6T6.</p>
<p data-start="489" data-end="713"><strong data-start="489" data-end="536">Pourquoi est-il important de la connaître ?</strong><br data-start="536" data-end="539" />Le pasteur ne peut guider son troupeau que s’il a une idée claire de ce qu’il veut accomplir.<br data-start="632" data-end="635" />Le fidèle ne peut suivre que s’il comprend ce que son pasteur attend de lui.</p>
<h3 data-start="715" data-end="760">Date et thème de chacune des rencontres :</h3>
<ul data-start="761" data-end="916">
<li data-start="761" data-end="816">
<p data-start="763" data-end="816"><strong data-start="763" data-end="789">14 janvier 2026 à 19 h</strong> – Avance vers les autres</p>
</li>
<li data-start="817" data-end="870">
<p data-start="819" data-end="870"><strong data-start="819" data-end="845">11 février 2026 à 19 h</strong> – Avance en profondeur</p>
</li>
<li data-start="871" data-end="916">
<p data-start="873" data-end="916"><strong data-start="873" data-end="896">8 avril 2026 à 19 h</strong> – Avance ensemble</p>
</li>
</ul>
<p data-start="918" data-end="955"><strong data-start="918" data-end="953">Toutes et tous sont bienvenus !</strong></p>

<p>Vous connaissez la nouvelle vision de l’archidiocèse Ottawa-Cornwall ?Vous en avez entendu parler ? Mgr Yvan Mathieu, s.m., évêque auxiliaire d’Ottawa-Cornwall, viendra présenter cette vision en trois ateliers au sous-sol de l’église Saint-Gabriel, 55 rue Appleford, Ottawa, K1J 6T6. Pourquoi est-il important de la connaître ?Le pasteur ne peut guider son troupeau que s’il a [&hellip;]</p>

<!-- This site is optimized with the Yoast SEO plugin v27.4 - https://yoast.com/product/yoast-seo-wordpress/ -->
<title>Présentation de la nouvelle vision de l&#039;archidiocèse Ottawa-Cornwall - Archdiocese of Ottawa-Cornwall</title>
<meta name="robots" content="index, follow, max-snippet:-1, max-image-preview:large, max-video-preview:-1" />
<link rel="canonical" href="https://ottawacornwall.ca/fr/events/presentation-de-la-nouvelle-vision-de-larchidiocese-ottawa-cornwall/" />
<meta property="og:locale" content="fr_FR" />
<meta property="og:type" content="article" />
<meta property="og:title" content="Présentation de la nouvelle vision de l&#039;archidiocèse Ottawa-Cornwall - Archdiocese of Ottawa-Cornwall" />
<meta property="og:description" content="Vous connaissez la nouvelle vision de l’archidiocèse Ottawa-Cornwall ?Vous en avez entendu parler ? Mgr Yvan Mathieu, s.m., évêque auxiliaire d’Ottawa-Cornwall, viendra présenter cette vision en trois ateliers au sous-sol de l’église Saint-Gabriel, 55 rue Appleford, Ottawa, K1J 6T6. Pourquoi est-il important de la connaître ?Le pasteur ne peut guider son troupeau que s’il a [&hellip;]" />
<meta property="og:url" content="https://ottawacornwall.ca/fr/events/presentation-de-la-nouvelle-vision-de-larchidiocese-ottawa-cornwall/" />
<meta property="og:site_name" content="Archdiocese of Ottawa-Cornwall" />
<meta name="twitter:card" content="summary_large_image" />
<meta name="twitter:label1" content="Durée de lecture estimée" />
	<meta name="twitter:data1" content="1 minute" />
<script type="application/ld+json" class="yoast-schema-graph">{"@context":"https:\/\/schema.org","@graph":[{"@type":"WebPage","@id":"https:\/\/ottawacornwall.ca\/fr\/events\/presentation-de-la-nouvelle-vision-de-larchidiocese-ottawa-cornwall\/","url":"https:\/\/ottawacornwall.ca\/fr\/events\/presentation-de-la-nouvelle-vision-de-larchidiocese-ottawa-cornwall\/","name":"Présentation de la nouvelle vision de l'archidiocèse Ottawa-Cornwall - Archdiocese of Ottawa-Cornwall","isPartOf":{"@id":"https:\/\/ottawacornwall.ca\/#website"},"datePublished":"2026-01-05T16:39:15+00:00","breadcrumb":{"@id":"https:\/\/ottawacornwall.ca\/fr\/events\/presentation-de-la-nouvelle-vision-de-larchidiocese-ottawa-cornwall\/#breadcrumb"},"inLanguage":"fr-FR","potentialAction":[{"@type":"ReadAction","target":["https:\/\/ottawacornwall.ca\/fr\/events\/presentation-de-la-nouvelle-vision-de-larchidiocese-ottawa-cornwall\/"]}]},{"@type":"BreadcrumbList","@id":"https:\/\/ottawacornwall.ca\/fr\/events\/presentation-de-la-nouvelle-vision-de-larchidiocese-ottawa-cornwall\/#breadcrumb","itemListElement":[{"@type":"ListItem","position":1,"name":"Home","item":"https:\/\/ottawacornwall.ca\/fr\/"},{"@type":"ListItem","position":2,"name":"Events","item":"https:\/\/ottawacornwall.ca\/events\/"},{"@type":"ListItem","position":3,"name":"Présentation de la nouvelle vision de l&rsquo;archidiocèse Ottawa-Cornwall"}]},{"@type":"WebSite","@id":"https:\/\/ottawacornwall.ca\/#website","url":"https:\/\/ottawacornwall.ca\/","name":"Archdiocese of Ottawa-Cornwall","description":"Welcome to the  Ottawa-Cornwall Archdiocese!","publisher":{"@id":"https:\/\/ottawacornwall.ca\/#organization"},"potentialAction":[{"@type":"SearchAction","target":{"@type":"EntryPoint","urlTemplate":"https:\/\/ottawacornwall.ca\/?s={search_term_string}"},"query-input":{"@type":"PropertyValueSpecification","valueRequired":true,"valueName":"search_term_string"}}],"inLanguage":"fr-FR"},{"@type":"Organization","@id":"https:\/\/ottawacornwall.ca\/#organization","name":"Archdiocese of Ottawa-Cornwall","url":"https:\/\/ottawacornwall.ca\/","logo":{"@type":"ImageObject","inLanguage":"fr-FR","@id":"https:\/\/ottawacornwall.ca\/#\/schema\/logo\/image\/","url":"https:\/\/ottawacornwall.ca\/wp-content\/uploads\/2022\/11\/Archdiocese-Logo-Horizontal-Reverse-1.svg","contentUrl":"https:\/\/ottawacornwall.ca\/wp-content\/uploads\/2022\/11\/Archdiocese-Logo-Horizontal-Reverse-1.svg","caption":"Archdiocese of Ottawa-Cornwall"},"image":{"@id":"https:\/\/ottawacornwall.ca\/#\/schema\/logo\/image\/"}}]}</script>
<!-- / Yoast SEO plugin. -->

Présentation de la nouvelle vision de l'archidiocèse Ottawa-Cornwall - Archdiocese of Ottawa-Cornwall

Vous connaissez la nouvelle vision de l’archidiocèse Ottawa-Cornwall ?Vous en avez entendu parler ? Mgr Yvan Mathieu, s.m., évêque auxiliaire d’Ottawa-Cornwall, viendra présenter cette vision en trois ateliers au sous-sol de l’église Saint-Gabriel, 55 rue Appleford, Ottawa, K1J 6T6. Pourquoi est-il important de la connaître ?Le pasteur ne peut guider son troupeau que s’il a [&hellip;]
