{"id":36380,"date":"2026-01-28T09:23:51","date_gmt":"2026-01-28T14:23:51","guid":{"rendered":"https:\/\/ottawacornwall.ca\/?post_type=mec-events&#038;p=36380"},"modified":"2026-01-28T09:23:51","modified_gmt":"2026-01-28T14:23:51","slug":"presentation-de-la-nouvelle-vision-de-larchidiocese-ottawa-cornwall-4","status":"publish","type":"mec-events","link":"https:\/\/ottawacornwall.ca\/fr\/events\/presentation-de-la-nouvelle-vision-de-larchidiocese-ottawa-cornwall-4\/","title":{"rendered":"Pr\u00e9sentation de la nouvelle vision de l&rsquo;archidioc\u00e8se Ottawa-Cornwall"},"content":{"rendered":"<p><strong>Mgr Yvan Mathieu<\/strong>, s.m., \u00e9v\u00eaque auxiliaire d\u2019Ottawa-Cornwall, viendra pr\u00e9senter la deuxi\u00e8me de 3 conf\u00e9rences\/ateliers \u00e0<strong> l\u2019\u00e9glise Saint-Gabriel<\/strong>, 55 rue Appleford, Ottawa, K1J 6T6 et <strong>sur Zoom<\/strong>. Mgr Mathieu nous am\u00e8ne \u00e0 comprendre le fondement biblique des trois axes de la nouvelle vision\u00a0: avancer vers les autres, avancer en profondeur et avancer ensemble. Ayant compris que nous sommes appel\u00e9s \u00e0 collaborer avec Dieu, <strong>le th\u00e8me de la 2<sup>e<\/sup> conf\u00e9rence<\/strong>\u00a0: Entrer en alliance avec Dieu\u00a0: le parcours d\u2019Abraham. <strong>Zoom link<\/strong>:\u00a0<a href=\"https:\/\/us02web.zoom.us\/j\/87308921193?pwd=vomr7Aw8Ok0zOECutQuYOnjITcL9g3.1\" data-olk-copy-source=\"MailCompose\">https:\/\/us02web.zoom.us\/j\/87308921193?pwd=vomr7Aw8Ok0zOECutQuYOnjITcL9g3.1<\/a><\/p>\n<p><strong>Tous sont bienvenus.<\/strong><\/p>\n","protected":false},"excerpt":{"rendered":"<p>Mgr Yvan Mathieu, s.m., \u00e9v\u00eaque auxiliaire d\u2019Ottawa-Cornwall, viendra pr\u00e9senter la deuxi\u00e8me de 3 conf\u00e9rences\/ateliers \u00e0 l\u2019\u00e9glise Saint-Gabriel, 55 rue Appleford, Ottawa, K1J 6T6 et sur Zoom. Mgr Mathieu nous am\u00e8ne \u00e0 comprendre le fondement biblique des trois axes de la nouvelle vision\u00a0: avancer vers les autres, avancer en profondeur et avancer ensemble. Ayant compris que [&hellip;]<\/p>\n","protected":false},"author":1,"featured_media":0,"comment_status":"closed","ping_status":"closed","template":"","mec_category":[],"mec_tag":[],"class_list":["post-36380","mec-events","type-mec-events","status-publish","hentry"],"acf":[],"yoast_head":"<!-- This site is optimized with the Yoast SEO plugin v27.4 - https:\/\/yoast.com\/product\/yoast-seo-wordpress\/ -->\n<title>Pr\u00e9sentation de la nouvelle vision de l&#039;archidioc\u00e8se Ottawa-Cornwall - Archdiocese of Ottawa-Cornwall<\/title>\n<meta name=\"robots\" content=\"index, follow, max-snippet:-1, max-image-preview:large, max-video-preview:-1\" \/>\n<link rel=\"canonical\" href=\"https:\/\/ottawacornwall.ca\/fr\/events\/presentation-de-la-nouvelle-vision-de-larchidiocese-ottawa-cornwall-4\/\" \/>\n<meta property=\"og:locale\" content=\"fr_FR\" \/>\n<meta property=\"og:type\" content=\"article\" \/>\n<meta property=\"og:title\" content=\"Pr\u00e9sentation de la nouvelle vision de l&#039;archidioc\u00e8se Ottawa-Cornwall - Archdiocese of Ottawa-Cornwall\" \/>\n<meta property=\"og:description\" content=\"Mgr Yvan Mathieu, s.m., \u00e9v\u00eaque auxiliaire d\u2019Ottawa-Cornwall, viendra pr\u00e9senter la deuxi\u00e8me de 3 conf\u00e9rences\/ateliers \u00e0 l\u2019\u00e9glise Saint-Gabriel, 55 rue Appleford, Ottawa, K1J 6T6 et sur Zoom. Mgr Mathieu nous am\u00e8ne \u00e0 comprendre le fondement biblique des trois axes de la nouvelle vision\u00a0: avancer vers les autres, avancer en profondeur et avancer ensemble. Ayant compris que [&hellip;]\" \/>\n<meta property=\"og:url\" content=\"https:\/\/ottawacornwall.ca\/fr\/events\/presentation-de-la-nouvelle-vision-de-larchidiocese-ottawa-cornwall-4\/\" \/>\n<meta property=\"og:site_name\" content=\"Archdiocese of Ottawa-Cornwall\" \/>\n<meta name=\"twitter:card\" content=\"summary_large_image\" \/>\n<meta name=\"twitter:label1\" content=\"Dur\u00e9e de lecture estim\u00e9e\" \/>\n\t<meta name=\"twitter:data1\" content=\"1 minute\" \/>\n<script type=\"application\/ld+json\" class=\"yoast-schema-graph\">{\"@context\":\"https:\\\/\\\/schema.org\",\"@graph\":[{\"@type\":\"WebPage\",\"@id\":\"https:\\\/\\\/ottawacornwall.ca\\\/fr\\\/events\\\/presentation-de-la-nouvelle-vision-de-larchidiocese-ottawa-cornwall-4\\\/\",\"url\":\"https:\\\/\\\/ottawacornwall.ca\\\/fr\\\/events\\\/presentation-de-la-nouvelle-vision-de-larchidiocese-ottawa-cornwall-4\\\/\",\"name\":\"Pr\u00e9sentation de la nouvelle vision de l'archidioc\u00e8se Ottawa-Cornwall - Archdiocese of Ottawa-Cornwall\",\"isPartOf\":{\"@id\":\"https:\\\/\\\/ottawacornwall.ca\\\/#website\"},\"datePublished\":\"2026-01-28T14:23:51+00:00\",\"breadcrumb\":{\"@id\":\"https:\\\/\\\/ottawacornwall.ca\\\/fr\\\/events\\\/presentation-de-la-nouvelle-vision-de-larchidiocese-ottawa-cornwall-4\\\/#breadcrumb\"},\"inLanguage\":\"fr-FR\",\"potentialAction\":[{\"@type\":\"ReadAction\",\"target\":[\"https:\\\/\\\/ottawacornwall.ca\\\/fr\\\/events\\\/presentation-de-la-nouvelle-vision-de-larchidiocese-ottawa-cornwall-4\\\/\"]}]},{\"@type\":\"BreadcrumbList\",\"@id\":\"https:\\\/\\\/ottawacornwall.ca\\\/fr\\\/events\\\/presentation-de-la-nouvelle-vision-de-larchidiocese-ottawa-cornwall-4\\\/#breadcrumb\",\"itemListElement\":[{\"@type\":\"ListItem\",\"position\":1,\"name\":\"Home\",\"item\":\"https:\\\/\\\/ottawacornwall.ca\\\/fr\\\/\"},{\"@type\":\"ListItem\",\"position\":2,\"name\":\"Events\",\"item\":\"https:\\\/\\\/ottawacornwall.ca\\\/events\\\/\"},{\"@type\":\"ListItem\",\"position\":3,\"name\":\"Pr\u00e9sentation de la nouvelle vision de l&rsquo;archidioc\u00e8se Ottawa-Cornwall\"}]},{\"@type\":\"WebSite\",\"@id\":\"https:\\\/\\\/ottawacornwall.ca\\\/#website\",\"url\":\"https:\\\/\\\/ottawacornwall.ca\\\/\",\"name\":\"Archdiocese of Ottawa-Cornwall\",\"description\":\"Welcome to the  Ottawa-Cornwall Archdiocese!\",\"publisher\":{\"@id\":\"https:\\\/\\\/ottawacornwall.ca\\\/#organization\"},\"potentialAction\":[{\"@type\":\"SearchAction\",\"target\":{\"@type\":\"EntryPoint\",\"urlTemplate\":\"https:\\\/\\\/ottawacornwall.ca\\\/?s={search_term_string}\"},\"query-input\":{\"@type\":\"PropertyValueSpecification\",\"valueRequired\":true,\"valueName\":\"search_term_string\"}}],\"inLanguage\":\"fr-FR\"},{\"@type\":\"Organization\",\"@id\":\"https:\\\/\\\/ottawacornwall.ca\\\/#organization\",\"name\":\"Archdiocese of Ottawa-Cornwall\",\"url\":\"https:\\\/\\\/ottawacornwall.ca\\\/\",\"logo\":{\"@type\":\"ImageObject\",\"inLanguage\":\"fr-FR\",\"@id\":\"https:\\\/\\\/ottawacornwall.ca\\\/#\\\/schema\\\/logo\\\/image\\\/\",\"url\":\"https:\\\/\\\/ottawacornwall.ca\\\/wp-content\\\/uploads\\\/2022\\\/11\\\/Archdiocese-Logo-Horizontal-Reverse-1.svg\",\"contentUrl\":\"https:\\\/\\\/ottawacornwall.ca\\\/wp-content\\\/uploads\\\/2022\\\/11\\\/Archdiocese-Logo-Horizontal-Reverse-1.svg\",\"caption\":\"Archdiocese of Ottawa-Cornwall\"},\"image\":{\"@id\":\"https:\\\/\\\/ottawacornwall.ca\\\/#\\\/schema\\\/logo\\\/image\\\/\"}}]}<\/script>\n<!-- \/ Yoast SEO plugin. -->","yoast_head_json":{"title":"Pr\u00e9sentation de la nouvelle vision de l'archidioc\u00e8se Ottawa-Cornwall - Archdiocese of Ottawa-Cornwall","robots":{"index":"index","follow":"follow","max-snippet":"max-snippet:-1","max-image-preview":"max-image-preview:large","max-video-preview":"max-video-preview:-1"},"canonical":"https:\/\/ottawacornwall.ca\/fr\/events\/presentation-de-la-nouvelle-vision-de-larchidiocese-ottawa-cornwall-4\/","og_locale":"fr_FR","og_type":"article","og_title":"Pr\u00e9sentation de la nouvelle vision de l'archidioc\u00e8se Ottawa-Cornwall - Archdiocese of Ottawa-Cornwall","og_description":"Mgr Yvan Mathieu, s.m., \u00e9v\u00eaque auxiliaire d\u2019Ottawa-Cornwall, viendra pr\u00e9senter la deuxi\u00e8me de 3 conf\u00e9rences\/ateliers \u00e0 l\u2019\u00e9glise Saint-Gabriel, 55 rue Appleford, Ottawa, K1J 6T6 et sur Zoom. Mgr Mathieu nous am\u00e8ne \u00e0 comprendre le fondement biblique des trois axes de la nouvelle vision\u00a0: avancer vers les autres, avancer en profondeur et avancer ensemble. Ayant compris que [&hellip;]","og_url":"https:\/\/ottawacornwall.ca\/fr\/events\/presentation-de-la-nouvelle-vision-de-larchidiocese-ottawa-cornwall-4\/","og_site_name":"Archdiocese of Ottawa-Cornwall","twitter_card":"summary_large_image","twitter_misc":{"Dur\u00e9e de lecture estim\u00e9e":"1 minute"},"schema":{"@context":"https:\/\/schema.org","@graph":[{"@type":"WebPage","@id":"https:\/\/ottawacornwall.ca\/fr\/events\/presentation-de-la-nouvelle-vision-de-larchidiocese-ottawa-cornwall-4\/","url":"https:\/\/ottawacornwall.ca\/fr\/events\/presentation-de-la-nouvelle-vision-de-larchidiocese-ottawa-cornwall-4\/","name":"Pr\u00e9sentation de la nouvelle vision de l'archidioc\u00e8se Ottawa-Cornwall - Archdiocese of Ottawa-Cornwall","isPartOf":{"@id":"https:\/\/ottawacornwall.ca\/#website"},"datePublished":"2026-01-28T14:23:51+00:00","breadcrumb":{"@id":"https:\/\/ottawacornwall.ca\/fr\/events\/presentation-de-la-nouvelle-vision-de-larchidiocese-ottawa-cornwall-4\/#breadcrumb"},"inLanguage":"fr-FR","potentialAction":[{"@type":"ReadAction","target":["https:\/\/ottawacornwall.ca\/fr\/events\/presentation-de-la-nouvelle-vision-de-larchidiocese-ottawa-cornwall-4\/"]}]},{"@type":"BreadcrumbList","@id":"https:\/\/ottawacornwall.ca\/fr\/events\/presentation-de-la-nouvelle-vision-de-larchidiocese-ottawa-cornwall-4\/#breadcrumb","itemListElement":[{"@type":"ListItem","position":1,"name":"Home","item":"https:\/\/ottawacornwall.ca\/fr\/"},{"@type":"ListItem","position":2,"name":"Events","item":"https:\/\/ottawacornwall.ca\/events\/"},{"@type":"ListItem","position":3,"name":"Pr\u00e9sentation de la nouvelle vision de l&rsquo;archidioc\u00e8se Ottawa-Cornwall"}]},{"@type":"WebSite","@id":"https:\/\/ottawacornwall.ca\/#website","url":"https:\/\/ottawacornwall.ca\/","name":"Archdiocese of Ottawa-Cornwall","description":"Welcome to the  Ottawa-Cornwall Archdiocese!","publisher":{"@id":"https:\/\/ottawacornwall.ca\/#organization"},"potentialAction":[{"@type":"SearchAction","target":{"@type":"EntryPoint","urlTemplate":"https:\/\/ottawacornwall.ca\/?s={search_term_string}"},"query-input":{"@type":"PropertyValueSpecification","valueRequired":true,"valueName":"search_term_string"}}],"inLanguage":"fr-FR"},{"@type":"Organization","@id":"https:\/\/ottawacornwall.ca\/#organization","name":"Archdiocese of Ottawa-Cornwall","url":"https:\/\/ottawacornwall.ca\/","logo":{"@type":"ImageObject","inLanguage":"fr-FR","@id":"https:\/\/ottawacornwall.ca\/#\/schema\/logo\/image\/","url":"https:\/\/ottawacornwall.ca\/wp-content\/uploads\/2022\/11\/Archdiocese-Logo-Horizontal-Reverse-1.svg","contentUrl":"https:\/\/ottawacornwall.ca\/wp-content\/uploads\/2022\/11\/Archdiocese-Logo-Horizontal-Reverse-1.svg","caption":"Archdiocese of Ottawa-Cornwall"},"image":{"@id":"https:\/\/ottawacornwall.ca\/#\/schema\/logo\/image\/"}}]}},"_links":{"self":[{"href":"https:\/\/ottawacornwall.ca\/fr\/wp-json\/wp\/v2\/mec-events\/36380","targetHints":{"allow":["GET"]}}],"collection":[{"href":"https:\/\/ottawacornwall.ca\/fr\/wp-json\/wp\/v2\/mec-events"}],"about":[{"href":"https:\/\/ottawacornwall.ca\/fr\/wp-json\/wp\/v2\/types\/mec-events"}],"author":[{"embeddable":true,"href":"https:\/\/ottawacornwall.ca\/fr\/wp-json\/wp\/v2\/users\/1"}],"replies":[{"embeddable":true,"href":"https:\/\/ottawacornwall.ca\/fr\/wp-json\/wp\/v2\/comments?post=36380"}],"wp:attachment":[{"href":"https:\/\/ottawacornwall.ca\/fr\/wp-json\/wp\/v2\/media?parent=36380"}],"wp:term":[{"taxonomy":"mec_category","embeddable":true,"href":"https:\/\/ottawacornwall.ca\/fr\/wp-json\/wp\/v2\/mec_category?post=36380"},{"taxonomy":"mec_tag","embeddable":true,"href":"https:\/\/ottawacornwall.ca\/fr\/wp-json\/wp\/v2\/mec_tag?post=36380"}],"curies":[{"name":"wp","href":"https:\/\/api.w.org\/{rel}","templated":true}]}}

Présentation de la nouvelle vision de l&rsquo;archidiocèse Ottawa-Cornwall

<p><strong>Mgr Yvan Mathieu</strong>, s.m., évêque auxiliaire d’Ottawa-Cornwall, viendra présenter la deuxième de 3 conférences/ateliers à<strong> l’église Saint-Gabriel</strong>, 55 rue Appleford, Ottawa, K1J 6T6 et <strong>sur Zoom</strong>. Mgr Mathieu nous amène à comprendre le fondement biblique des trois axes de la nouvelle vision : avancer vers les autres, avancer en profondeur et avancer ensemble. Ayant compris que nous sommes appelés à collaborer avec Dieu, <strong>le thème de la 2<sup>e</sup> conférence</strong> : Entrer en alliance avec Dieu : le parcours d’Abraham. <strong>Zoom link</strong>: <a href="https://us02web.zoom.us/j/87308921193?pwd=vomr7Aw8Ok0zOECutQuYOnjITcL9g3.1" data-olk-copy-source="MailCompose">https://us02web.zoom.us/j/87308921193?pwd=vomr7Aw8Ok0zOECutQuYOnjITcL9g3.1</a></p>
<p><strong>Tous sont bienvenus.</strong></p>

<p>Mgr Yvan Mathieu, s.m., évêque auxiliaire d’Ottawa-Cornwall, viendra présenter la deuxième de 3 conférences/ateliers à l’église Saint-Gabriel, 55 rue Appleford, Ottawa, K1J 6T6 et sur Zoom. Mgr Mathieu nous amène à comprendre le fondement biblique des trois axes de la nouvelle vision : avancer vers les autres, avancer en profondeur et avancer ensemble. Ayant compris que [&hellip;]</p>

<!-- This site is optimized with the Yoast SEO plugin v27.4 - https://yoast.com/product/yoast-seo-wordpress/ -->
<title>Présentation de la nouvelle vision de l&#039;archidiocèse Ottawa-Cornwall - Archdiocese of Ottawa-Cornwall</title>
<meta name="robots" content="index, follow, max-snippet:-1, max-image-preview:large, max-video-preview:-1" />
<link rel="canonical" href="https://ottawacornwall.ca/fr/events/presentation-de-la-nouvelle-vision-de-larchidiocese-ottawa-cornwall-4/" />
<meta property="og:locale" content="fr_FR" />
<meta property="og:type" content="article" />
<meta property="og:title" content="Présentation de la nouvelle vision de l&#039;archidiocèse Ottawa-Cornwall - Archdiocese of Ottawa-Cornwall" />
<meta property="og:description" content="Mgr Yvan Mathieu, s.m., évêque auxiliaire d’Ottawa-Cornwall, viendra présenter la deuxième de 3 conférences/ateliers à l’église Saint-Gabriel, 55 rue Appleford, Ottawa, K1J 6T6 et sur Zoom. Mgr Mathieu nous amène à comprendre le fondement biblique des trois axes de la nouvelle vision : avancer vers les autres, avancer en profondeur et avancer ensemble. Ayant compris que [&hellip;]" />
<meta property="og:url" content="https://ottawacornwall.ca/fr/events/presentation-de-la-nouvelle-vision-de-larchidiocese-ottawa-cornwall-4/" />
<meta property="og:site_name" content="Archdiocese of Ottawa-Cornwall" />
<meta name="twitter:card" content="summary_large_image" />
<meta name="twitter:label1" content="Durée de lecture estimée" />
	<meta name="twitter:data1" content="1 minute" />
<script type="application/ld+json" class="yoast-schema-graph">{"@context":"https:\/\/schema.org","@graph":[{"@type":"WebPage","@id":"https:\/\/ottawacornwall.ca\/fr\/events\/presentation-de-la-nouvelle-vision-de-larchidiocese-ottawa-cornwall-4\/","url":"https:\/\/ottawacornwall.ca\/fr\/events\/presentation-de-la-nouvelle-vision-de-larchidiocese-ottawa-cornwall-4\/","name":"Présentation de la nouvelle vision de l'archidiocèse Ottawa-Cornwall - Archdiocese of Ottawa-Cornwall","isPartOf":{"@id":"https:\/\/ottawacornwall.ca\/#website"},"datePublished":"2026-01-28T14:23:51+00:00","breadcrumb":{"@id":"https:\/\/ottawacornwall.ca\/fr\/events\/presentation-de-la-nouvelle-vision-de-larchidiocese-ottawa-cornwall-4\/#breadcrumb"},"inLanguage":"fr-FR","potentialAction":[{"@type":"ReadAction","target":["https:\/\/ottawacornwall.ca\/fr\/events\/presentation-de-la-nouvelle-vision-de-larchidiocese-ottawa-cornwall-4\/"]}]},{"@type":"BreadcrumbList","@id":"https:\/\/ottawacornwall.ca\/fr\/events\/presentation-de-la-nouvelle-vision-de-larchidiocese-ottawa-cornwall-4\/#breadcrumb","itemListElement":[{"@type":"ListItem","position":1,"name":"Home","item":"https:\/\/ottawacornwall.ca\/fr\/"},{"@type":"ListItem","position":2,"name":"Events","item":"https:\/\/ottawacornwall.ca\/events\/"},{"@type":"ListItem","position":3,"name":"Présentation de la nouvelle vision de l&rsquo;archidiocèse Ottawa-Cornwall"}]},{"@type":"WebSite","@id":"https:\/\/ottawacornwall.ca\/#website","url":"https:\/\/ottawacornwall.ca\/","name":"Archdiocese of Ottawa-Cornwall","description":"Welcome to the  Ottawa-Cornwall Archdiocese!","publisher":{"@id":"https:\/\/ottawacornwall.ca\/#organization"},"potentialAction":[{"@type":"SearchAction","target":{"@type":"EntryPoint","urlTemplate":"https:\/\/ottawacornwall.ca\/?s={search_term_string}"},"query-input":{"@type":"PropertyValueSpecification","valueRequired":true,"valueName":"search_term_string"}}],"inLanguage":"fr-FR"},{"@type":"Organization","@id":"https:\/\/ottawacornwall.ca\/#organization","name":"Archdiocese of Ottawa-Cornwall","url":"https:\/\/ottawacornwall.ca\/","logo":{"@type":"ImageObject","inLanguage":"fr-FR","@id":"https:\/\/ottawacornwall.ca\/#\/schema\/logo\/image\/","url":"https:\/\/ottawacornwall.ca\/wp-content\/uploads\/2022\/11\/Archdiocese-Logo-Horizontal-Reverse-1.svg","contentUrl":"https:\/\/ottawacornwall.ca\/wp-content\/uploads\/2022\/11\/Archdiocese-Logo-Horizontal-Reverse-1.svg","caption":"Archdiocese of Ottawa-Cornwall"},"image":{"@id":"https:\/\/ottawacornwall.ca\/#\/schema\/logo\/image\/"}}]}</script>
<!-- / Yoast SEO plugin. -->

Présentation de la nouvelle vision de l'archidiocèse Ottawa-Cornwall - Archdiocese of Ottawa-Cornwall

Mgr Yvan Mathieu, s.m., évêque auxiliaire d’Ottawa-Cornwall, viendra présenter la deuxième de 3 conférences/ateliers à l’église Saint-Gabriel, 55 rue Appleford, Ottawa, K1J 6T6 et sur Zoom. Mgr Mathieu nous amène à comprendre le fondement biblique des trois axes de la nouvelle vision : avancer vers les autres, avancer en profondeur et avancer ensemble. Ayant compris que [&hellip;]
