{"id":38255,"date":"2026-03-16T09:41:39","date_gmt":"2026-03-16T13:41:39","guid":{"rendered":"https:\/\/ottawacornwall.ca\/?post_type=mec-events&#038;p=38255"},"modified":"2026-03-16T09:58:55","modified_gmt":"2026-03-16T13:58:55","slug":"triduum-et-fete-de-saint-joseph-a-la-paroisse-saint-joseph-orleans","status":"publish","type":"mec-events","link":"https:\/\/ottawacornwall.ca\/fr\/events\/triduum-et-fete-de-saint-joseph-a-la-paroisse-saint-joseph-orleans\/","title":{"rendered":"Triduum et f\u00eate de Saint Joseph \u00e0 la Paroisse Saint Joseph, Orl\u00e9ans\u00a0"},"content":{"rendered":"<p>La f\u00eate de Saint Joseph est un \u00e9v\u00e9nement tr\u00e8s important au Canada et dans notre paroisse en particulier. Pour cela, un Triduum \u00e0 notre saint Patron est organis\u00e9 comme suit:<\/p>\n<p>&#8211; Le\u00a0<strong>mardi 17 mars :<\/strong>\u00a018h30, chapelet ordinaire anim\u00e9 par le Groupe de pri\u00e8re ; 19h, la sainte messe.<\/p>\n<p>&#8211; Le\u00a0<strong>mercredi 18 mars :<\/strong>\u00a018h, chapelet de Saint Joseph anim\u00e9 par les diacres ; 18h30 \u00e0 18h55, enseignement par le diacre Wilner ; 19h, la sainte messe anim\u00e9e par la l\u00e9gion de Marie.<\/p>\n<p>&#8211; <strong>jeudi 19 mars:<\/strong>\u00a0<strong>Solennit\u00e9 de Saint Joseph:<\/strong> 18h, chapelet m\u00e9dit\u00e9 anim\u00e9 par la L\u00e9gion de Marie et le comit\u00e9 de D\u00e9votions et f\u00eates, puis la litanie \u00e0 Saint Joseph suivie de la pri\u00e8re des V\u00eapres. \u00c0 19h, la sainte messe sera pr\u00e9sid\u00e9e par Mgr Marcel Damphousse, archev\u00eaque d\u2019Ottawa-Cornwall, et anim\u00e9e par la chorale paroissiale. Apr\u00e8s cette messe, tout le monde est invit\u00e9 dans la salle paroissiale pour un partage de vin et fromage.<\/p>\n<p>Venez nombreux f\u00eater notre saint patron!<\/p>\n","protected":false},"excerpt":{"rendered":"<p>La f\u00eate de Saint Joseph est un \u00e9v\u00e9nement tr\u00e8s important au Canada et dans notre paroisse en particulier. Pour cela, un Triduum \u00e0 notre saint Patron est organis\u00e9 comme suit: &#8211; Le\u00a0mardi 17 mars :\u00a018h30, chapelet ordinaire anim\u00e9 par le Groupe de pri\u00e8re ; 19h, la sainte messe. &#8211; Le\u00a0mercredi 18 mars :\u00a018h, chapelet de [&hellip;]<\/p>\n","protected":false},"author":84,"featured_media":0,"comment_status":"closed","ping_status":"closed","template":"","mec_category":[426],"mec_tag":[],"class_list":["post-38255","mec-events","type-mec-events","status-publish","hentry","mec_category-all-areas-fr"],"acf":[],"yoast_head":"<!-- This site is optimized with the Yoast SEO plugin v27.4 - https:\/\/yoast.com\/product\/yoast-seo-wordpress\/ -->\n<title>Triduum et f\u00eate de Saint Joseph \u00e0 la Paroisse Saint Joseph, Orl\u00e9ans\u00a0 - Archdiocese of Ottawa-Cornwall<\/title>\n<meta name=\"robots\" content=\"index, follow, max-snippet:-1, max-image-preview:large, max-video-preview:-1\" \/>\n<link rel=\"canonical\" href=\"https:\/\/ottawacornwall.ca\/fr\/events\/triduum-et-fete-de-saint-joseph-a-la-paroisse-saint-joseph-orleans\/\" \/>\n<meta property=\"og:locale\" content=\"fr_FR\" \/>\n<meta property=\"og:type\" content=\"article\" \/>\n<meta property=\"og:title\" content=\"Triduum et f\u00eate de Saint Joseph \u00e0 la Paroisse Saint Joseph, Orl\u00e9ans\u00a0 - Archdiocese of Ottawa-Cornwall\" \/>\n<meta property=\"og:description\" content=\"La f\u00eate de Saint Joseph est un \u00e9v\u00e9nement tr\u00e8s important au Canada et dans notre paroisse en particulier. Pour cela, un Triduum \u00e0 notre saint Patron est organis\u00e9 comme suit: &#8211; Le\u00a0mardi 17 mars :\u00a018h30, chapelet ordinaire anim\u00e9 par le Groupe de pri\u00e8re ; 19h, la sainte messe. &#8211; Le\u00a0mercredi 18 mars :\u00a018h, chapelet de [&hellip;]\" \/>\n<meta property=\"og:url\" content=\"https:\/\/ottawacornwall.ca\/fr\/events\/triduum-et-fete-de-saint-joseph-a-la-paroisse-saint-joseph-orleans\/\" \/>\n<meta property=\"og:site_name\" content=\"Archdiocese of Ottawa-Cornwall\" \/>\n<meta property=\"article:modified_time\" content=\"2026-03-16T13:58:55+00:00\" \/>\n<meta name=\"twitter:card\" content=\"summary_large_image\" \/>\n<meta name=\"twitter:label1\" content=\"Dur\u00e9e de lecture estim\u00e9e\" \/>\n\t<meta name=\"twitter:data1\" content=\"1 minute\" \/>\n<script type=\"application\/ld+json\" class=\"yoast-schema-graph\">{\"@context\":\"https:\\\/\\\/schema.org\",\"@graph\":[{\"@type\":\"WebPage\",\"@id\":\"https:\\\/\\\/ottawacornwall.ca\\\/fr\\\/events\\\/triduum-et-fete-de-saint-joseph-a-la-paroisse-saint-joseph-orleans\\\/\",\"url\":\"https:\\\/\\\/ottawacornwall.ca\\\/fr\\\/events\\\/triduum-et-fete-de-saint-joseph-a-la-paroisse-saint-joseph-orleans\\\/\",\"name\":\"Triduum et f\u00eate de Saint Joseph \u00e0 la Paroisse Saint Joseph, Orl\u00e9ans\u00a0 - Archdiocese of Ottawa-Cornwall\",\"isPartOf\":{\"@id\":\"https:\\\/\\\/ottawacornwall.ca\\\/#website\"},\"datePublished\":\"2026-03-16T13:41:39+00:00\",\"dateModified\":\"2026-03-16T13:58:55+00:00\",\"breadcrumb\":{\"@id\":\"https:\\\/\\\/ottawacornwall.ca\\\/fr\\\/events\\\/triduum-et-fete-de-saint-joseph-a-la-paroisse-saint-joseph-orleans\\\/#breadcrumb\"},\"inLanguage\":\"fr-FR\",\"potentialAction\":[{\"@type\":\"ReadAction\",\"target\":[\"https:\\\/\\\/ottawacornwall.ca\\\/fr\\\/events\\\/triduum-et-fete-de-saint-joseph-a-la-paroisse-saint-joseph-orleans\\\/\"]}]},{\"@type\":\"BreadcrumbList\",\"@id\":\"https:\\\/\\\/ottawacornwall.ca\\\/fr\\\/events\\\/triduum-et-fete-de-saint-joseph-a-la-paroisse-saint-joseph-orleans\\\/#breadcrumb\",\"itemListElement\":[{\"@type\":\"ListItem\",\"position\":1,\"name\":\"Home\",\"item\":\"https:\\\/\\\/ottawacornwall.ca\\\/fr\\\/\"},{\"@type\":\"ListItem\",\"position\":2,\"name\":\"Events\",\"item\":\"https:\\\/\\\/ottawacornwall.ca\\\/events\\\/\"},{\"@type\":\"ListItem\",\"position\":3,\"name\":\"Triduum et f\u00eate de Saint Joseph \u00e0 la Paroisse Saint Joseph, Orl\u00e9ans\u00a0\"}]},{\"@type\":\"WebSite\",\"@id\":\"https:\\\/\\\/ottawacornwall.ca\\\/#website\",\"url\":\"https:\\\/\\\/ottawacornwall.ca\\\/\",\"name\":\"Archdiocese of Ottawa-Cornwall\",\"description\":\"Welcome to the  Ottawa-Cornwall Archdiocese!\",\"publisher\":{\"@id\":\"https:\\\/\\\/ottawacornwall.ca\\\/#organization\"},\"potentialAction\":[{\"@type\":\"SearchAction\",\"target\":{\"@type\":\"EntryPoint\",\"urlTemplate\":\"https:\\\/\\\/ottawacornwall.ca\\\/?s={search_term_string}\"},\"query-input\":{\"@type\":\"PropertyValueSpecification\",\"valueRequired\":true,\"valueName\":\"search_term_string\"}}],\"inLanguage\":\"fr-FR\"},{\"@type\":\"Organization\",\"@id\":\"https:\\\/\\\/ottawacornwall.ca\\\/#organization\",\"name\":\"Archdiocese of Ottawa-Cornwall\",\"url\":\"https:\\\/\\\/ottawacornwall.ca\\\/\",\"logo\":{\"@type\":\"ImageObject\",\"inLanguage\":\"fr-FR\",\"@id\":\"https:\\\/\\\/ottawacornwall.ca\\\/#\\\/schema\\\/logo\\\/image\\\/\",\"url\":\"https:\\\/\\\/ottawacornwall.ca\\\/wp-content\\\/uploads\\\/2022\\\/11\\\/Archdiocese-Logo-Horizontal-Reverse-1.svg\",\"contentUrl\":\"https:\\\/\\\/ottawacornwall.ca\\\/wp-content\\\/uploads\\\/2022\\\/11\\\/Archdiocese-Logo-Horizontal-Reverse-1.svg\",\"caption\":\"Archdiocese of Ottawa-Cornwall\"},\"image\":{\"@id\":\"https:\\\/\\\/ottawacornwall.ca\\\/#\\\/schema\\\/logo\\\/image\\\/\"}}]}<\/script>\n<!-- \/ Yoast SEO plugin. -->","yoast_head_json":{"title":"Triduum et f\u00eate de Saint Joseph \u00e0 la Paroisse Saint Joseph, Orl\u00e9ans\u00a0 - Archdiocese of Ottawa-Cornwall","robots":{"index":"index","follow":"follow","max-snippet":"max-snippet:-1","max-image-preview":"max-image-preview:large","max-video-preview":"max-video-preview:-1"},"canonical":"https:\/\/ottawacornwall.ca\/fr\/events\/triduum-et-fete-de-saint-joseph-a-la-paroisse-saint-joseph-orleans\/","og_locale":"fr_FR","og_type":"article","og_title":"Triduum et f\u00eate de Saint Joseph \u00e0 la Paroisse Saint Joseph, Orl\u00e9ans\u00a0 - Archdiocese of Ottawa-Cornwall","og_description":"La f\u00eate de Saint Joseph est un \u00e9v\u00e9nement tr\u00e8s important au Canada et dans notre paroisse en particulier. Pour cela, un Triduum \u00e0 notre saint Patron est organis\u00e9 comme suit: &#8211; Le\u00a0mardi 17 mars :\u00a018h30, chapelet ordinaire anim\u00e9 par le Groupe de pri\u00e8re ; 19h, la sainte messe. &#8211; Le\u00a0mercredi 18 mars :\u00a018h, chapelet de [&hellip;]","og_url":"https:\/\/ottawacornwall.ca\/fr\/events\/triduum-et-fete-de-saint-joseph-a-la-paroisse-saint-joseph-orleans\/","og_site_name":"Archdiocese of Ottawa-Cornwall","article_modified_time":"2026-03-16T13:58:55+00:00","twitter_card":"summary_large_image","twitter_misc":{"Dur\u00e9e de lecture estim\u00e9e":"1 minute"},"schema":{"@context":"https:\/\/schema.org","@graph":[{"@type":"WebPage","@id":"https:\/\/ottawacornwall.ca\/fr\/events\/triduum-et-fete-de-saint-joseph-a-la-paroisse-saint-joseph-orleans\/","url":"https:\/\/ottawacornwall.ca\/fr\/events\/triduum-et-fete-de-saint-joseph-a-la-paroisse-saint-joseph-orleans\/","name":"Triduum et f\u00eate de Saint Joseph \u00e0 la Paroisse Saint Joseph, Orl\u00e9ans\u00a0 - Archdiocese of Ottawa-Cornwall","isPartOf":{"@id":"https:\/\/ottawacornwall.ca\/#website"},"datePublished":"2026-03-16T13:41:39+00:00","dateModified":"2026-03-16T13:58:55+00:00","breadcrumb":{"@id":"https:\/\/ottawacornwall.ca\/fr\/events\/triduum-et-fete-de-saint-joseph-a-la-paroisse-saint-joseph-orleans\/#breadcrumb"},"inLanguage":"fr-FR","potentialAction":[{"@type":"ReadAction","target":["https:\/\/ottawacornwall.ca\/fr\/events\/triduum-et-fete-de-saint-joseph-a-la-paroisse-saint-joseph-orleans\/"]}]},{"@type":"BreadcrumbList","@id":"https:\/\/ottawacornwall.ca\/fr\/events\/triduum-et-fete-de-saint-joseph-a-la-paroisse-saint-joseph-orleans\/#breadcrumb","itemListElement":[{"@type":"ListItem","position":1,"name":"Home","item":"https:\/\/ottawacornwall.ca\/fr\/"},{"@type":"ListItem","position":2,"name":"Events","item":"https:\/\/ottawacornwall.ca\/events\/"},{"@type":"ListItem","position":3,"name":"Triduum et f\u00eate de Saint Joseph \u00e0 la Paroisse Saint Joseph, Orl\u00e9ans\u00a0"}]},{"@type":"WebSite","@id":"https:\/\/ottawacornwall.ca\/#website","url":"https:\/\/ottawacornwall.ca\/","name":"Archdiocese of Ottawa-Cornwall","description":"Welcome to the  Ottawa-Cornwall Archdiocese!","publisher":{"@id":"https:\/\/ottawacornwall.ca\/#organization"},"potentialAction":[{"@type":"SearchAction","target":{"@type":"EntryPoint","urlTemplate":"https:\/\/ottawacornwall.ca\/?s={search_term_string}"},"query-input":{"@type":"PropertyValueSpecification","valueRequired":true,"valueName":"search_term_string"}}],"inLanguage":"fr-FR"},{"@type":"Organization","@id":"https:\/\/ottawacornwall.ca\/#organization","name":"Archdiocese of Ottawa-Cornwall","url":"https:\/\/ottawacornwall.ca\/","logo":{"@type":"ImageObject","inLanguage":"fr-FR","@id":"https:\/\/ottawacornwall.ca\/#\/schema\/logo\/image\/","url":"https:\/\/ottawacornwall.ca\/wp-content\/uploads\/2022\/11\/Archdiocese-Logo-Horizontal-Reverse-1.svg","contentUrl":"https:\/\/ottawacornwall.ca\/wp-content\/uploads\/2022\/11\/Archdiocese-Logo-Horizontal-Reverse-1.svg","caption":"Archdiocese of Ottawa-Cornwall"},"image":{"@id":"https:\/\/ottawacornwall.ca\/#\/schema\/logo\/image\/"}}]}},"_links":{"self":[{"href":"https:\/\/ottawacornwall.ca\/fr\/wp-json\/wp\/v2\/mec-events\/38255","targetHints":{"allow":["GET"]}}],"collection":[{"href":"https:\/\/ottawacornwall.ca\/fr\/wp-json\/wp\/v2\/mec-events"}],"about":[{"href":"https:\/\/ottawacornwall.ca\/fr\/wp-json\/wp\/v2\/types\/mec-events"}],"author":[{"embeddable":true,"href":"https:\/\/ottawacornwall.ca\/fr\/wp-json\/wp\/v2\/users\/84"}],"replies":[{"embeddable":true,"href":"https:\/\/ottawacornwall.ca\/fr\/wp-json\/wp\/v2\/comments?post=38255"}],"wp:attachment":[{"href":"https:\/\/ottawacornwall.ca\/fr\/wp-json\/wp\/v2\/media?parent=38255"}],"wp:term":[{"taxonomy":"mec_category","embeddable":true,"href":"https:\/\/ottawacornwall.ca\/fr\/wp-json\/wp\/v2\/mec_category?post=38255"},{"taxonomy":"mec_tag","embeddable":true,"href":"https:\/\/ottawacornwall.ca\/fr\/wp-json\/wp\/v2\/mec_tag?post=38255"}],"curies":[{"name":"wp","href":"https:\/\/api.w.org\/{rel}","templated":true}]}}

Triduum et fête de Saint Joseph à la Paroisse Saint Joseph, Orléans

<p>La fête de Saint Joseph est un événement très important au Canada et dans notre paroisse en particulier. Pour cela, un Triduum à notre saint Patron est organisé comme suit:</p>
<p>&#8211; Le <strong>mardi 17 mars :</strong> 18h30, chapelet ordinaire animé par le Groupe de prière ; 19h, la sainte messe.</p>
<p>&#8211; Le <strong>mercredi 18 mars :</strong> 18h, chapelet de Saint Joseph animé par les diacres ; 18h30 à 18h55, enseignement par le diacre Wilner ; 19h, la sainte messe animée par la légion de Marie.</p>
<p>&#8211; <strong>jeudi 19 mars:</strong> <strong>Solennité de Saint Joseph:</strong> 18h, chapelet médité animé par la Légion de Marie et le comité de Dévotions et fêtes, puis la litanie à Saint Joseph suivie de la prière des Vêpres. À 19h, la sainte messe sera présidée par Mgr Marcel Damphousse, archevêque d’Ottawa-Cornwall, et animée par la chorale paroissiale. Après cette messe, tout le monde est invité dans la salle paroissiale pour un partage de vin et fromage.</p>
<p>Venez nombreux fêter notre saint patron!</p>

<p>La fête de Saint Joseph est un événement très important au Canada et dans notre paroisse en particulier. Pour cela, un Triduum à notre saint Patron est organisé comme suit: &#8211; Le mardi 17 mars : 18h30, chapelet ordinaire animé par le Groupe de prière ; 19h, la sainte messe. &#8211; Le mercredi 18 mars : 18h, chapelet de [&hellip;]</p>

<!-- This site is optimized with the Yoast SEO plugin v27.4 - https://yoast.com/product/yoast-seo-wordpress/ -->
<title>Triduum et fête de Saint Joseph à la Paroisse Saint Joseph, Orléans  - Archdiocese of Ottawa-Cornwall</title>
<meta name="robots" content="index, follow, max-snippet:-1, max-image-preview:large, max-video-preview:-1" />
<link rel="canonical" href="https://ottawacornwall.ca/fr/events/triduum-et-fete-de-saint-joseph-a-la-paroisse-saint-joseph-orleans/" />
<meta property="og:locale" content="fr_FR" />
<meta property="og:type" content="article" />
<meta property="og:title" content="Triduum et fête de Saint Joseph à la Paroisse Saint Joseph, Orléans  - Archdiocese of Ottawa-Cornwall" />
<meta property="og:description" content="La fête de Saint Joseph est un événement très important au Canada et dans notre paroisse en particulier. Pour cela, un Triduum à notre saint Patron est organisé comme suit: &#8211; Le mardi 17 mars : 18h30, chapelet ordinaire animé par le Groupe de prière ; 19h, la sainte messe. &#8211; Le mercredi 18 mars : 18h, chapelet de [&hellip;]" />
<meta property="og:url" content="https://ottawacornwall.ca/fr/events/triduum-et-fete-de-saint-joseph-a-la-paroisse-saint-joseph-orleans/" />
<meta property="og:site_name" content="Archdiocese of Ottawa-Cornwall" />
<meta property="article:modified_time" content="2026-03-16T13:58:55+00:00" />
<meta name="twitter:card" content="summary_large_image" />
<meta name="twitter:label1" content="Durée de lecture estimée" />
	<meta name="twitter:data1" content="1 minute" />
<script type="application/ld+json" class="yoast-schema-graph">{"@context":"https:\/\/schema.org","@graph":[{"@type":"WebPage","@id":"https:\/\/ottawacornwall.ca\/fr\/events\/triduum-et-fete-de-saint-joseph-a-la-paroisse-saint-joseph-orleans\/","url":"https:\/\/ottawacornwall.ca\/fr\/events\/triduum-et-fete-de-saint-joseph-a-la-paroisse-saint-joseph-orleans\/","name":"Triduum et fête de Saint Joseph à la Paroisse Saint Joseph, Orléans  - Archdiocese of Ottawa-Cornwall","isPartOf":{"@id":"https:\/\/ottawacornwall.ca\/#website"},"datePublished":"2026-03-16T13:41:39+00:00","dateModified":"2026-03-16T13:58:55+00:00","breadcrumb":{"@id":"https:\/\/ottawacornwall.ca\/fr\/events\/triduum-et-fete-de-saint-joseph-a-la-paroisse-saint-joseph-orleans\/#breadcrumb"},"inLanguage":"fr-FR","potentialAction":[{"@type":"ReadAction","target":["https:\/\/ottawacornwall.ca\/fr\/events\/triduum-et-fete-de-saint-joseph-a-la-paroisse-saint-joseph-orleans\/"]}]},{"@type":"BreadcrumbList","@id":"https:\/\/ottawacornwall.ca\/fr\/events\/triduum-et-fete-de-saint-joseph-a-la-paroisse-saint-joseph-orleans\/#breadcrumb","itemListElement":[{"@type":"ListItem","position":1,"name":"Home","item":"https:\/\/ottawacornwall.ca\/fr\/"},{"@type":"ListItem","position":2,"name":"Events","item":"https:\/\/ottawacornwall.ca\/events\/"},{"@type":"ListItem","position":3,"name":"Triduum et fête de Saint Joseph à la Paroisse Saint Joseph, Orléans "}]},{"@type":"WebSite","@id":"https:\/\/ottawacornwall.ca\/#website","url":"https:\/\/ottawacornwall.ca\/","name":"Archdiocese of Ottawa-Cornwall","description":"Welcome to the  Ottawa-Cornwall Archdiocese!","publisher":{"@id":"https:\/\/ottawacornwall.ca\/#organization"},"potentialAction":[{"@type":"SearchAction","target":{"@type":"EntryPoint","urlTemplate":"https:\/\/ottawacornwall.ca\/?s={search_term_string}"},"query-input":{"@type":"PropertyValueSpecification","valueRequired":true,"valueName":"search_term_string"}}],"inLanguage":"fr-FR"},{"@type":"Organization","@id":"https:\/\/ottawacornwall.ca\/#organization","name":"Archdiocese of Ottawa-Cornwall","url":"https:\/\/ottawacornwall.ca\/","logo":{"@type":"ImageObject","inLanguage":"fr-FR","@id":"https:\/\/ottawacornwall.ca\/#\/schema\/logo\/image\/","url":"https:\/\/ottawacornwall.ca\/wp-content\/uploads\/2022\/11\/Archdiocese-Logo-Horizontal-Reverse-1.svg","contentUrl":"https:\/\/ottawacornwall.ca\/wp-content\/uploads\/2022\/11\/Archdiocese-Logo-Horizontal-Reverse-1.svg","caption":"Archdiocese of Ottawa-Cornwall"},"image":{"@id":"https:\/\/ottawacornwall.ca\/#\/schema\/logo\/image\/"}}]}</script>
<!-- / Yoast SEO plugin. -->

Triduum et fête de Saint Joseph à la Paroisse Saint Joseph, Orléans  - Archdiocese of Ottawa-Cornwall

La fête de Saint Joseph est un événement très important au Canada et dans notre paroisse en particulier. Pour cela, un Triduum à notre saint Patron est organisé comme suit: &#8211; Le mardi 17 mars : 18h30, chapelet ordinaire animé par le Groupe de prière ; 19h, la sainte messe. &#8211; Le mercredi 18 mars : 18h, chapelet de [&hellip;]
