{"id":38410,"date":"2026-03-30T10:01:14","date_gmt":"2026-03-30T14:01:14","guid":{"rendered":"https:\/\/ottawacornwall.ca\/?post_type=mec-events&#038;p=38410"},"modified":"2026-03-30T10:03:30","modified_gmt":"2026-03-30T14:03:30","slug":"la-nouvelle-vision-de-larchidiocese-ottawa-cornwall","status":"publish","type":"mec-events","link":"https:\/\/ottawacornwall.ca\/fr\/events\/la-nouvelle-vision-de-larchidiocese-ottawa-cornwall\/","title":{"rendered":"La nouvelle vision de l\u2019archidioc\u00e8se Ottawa-Cornwall"},"content":{"rendered":"<p data-start=\"155\" data-end=\"260\">Connaissez-vous la nouvelle vision de l\u2019archidioc\u00e8se d\u2019Ottawa-Cornwall? En avez-vous d\u00e9j\u00e0 entendu parler?<\/p>\n<p data-start=\"262\" data-end=\"479\">Mgr Yvan Mathieu, s.m., \u00e9v\u00eaque auxiliaire d\u2019Ottawa-Cornwall, vous invite \u00e0 la d\u00e9couvrir \u00e0 travers une s\u00e9rie de trois ateliers qui se tiendront au sous-sol de l\u2019\u00e9glise Sainte-Genevi\u00e8ve (825, avenue Canterbury, Ottawa).<\/p>\n<p data-start=\"481\" data-end=\"517\"><strong data-start=\"481\" data-end=\"517\">Dates et th\u00e8mes des rencontres :<\/strong><\/p>\n<ul data-start=\"518\" data-end=\"738\">\n<li data-section-id=\"6zcjri\" data-start=\"518\" data-end=\"591\"><strong data-start=\"520\" data-end=\"561\">Jeudi 9 avril 2026, de 19 h \u00e0 20 h 30<\/strong><br data-start=\"561\" data-end=\"564\" \/><em data-start=\"566\" data-end=\"591\">Avancer vers les autres<\/em><\/li>\n<li data-section-id=\"dnqxpo\" data-start=\"592\" data-end=\"667\"><strong data-start=\"594\" data-end=\"639\">Mercredi 15 avril 2026, de 19 h \u00e0 20 h 30<\/strong><br data-start=\"639\" data-end=\"642\" \/><em data-start=\"644\" data-end=\"667\">Avancer en profondeur<\/em><\/li>\n<li data-section-id=\"9bnw9g\" data-start=\"668\" data-end=\"738\"><strong data-start=\"670\" data-end=\"715\">Mercredi 22 avril 2026, de 19 h \u00e0 20 h 30<\/strong><br data-start=\"715\" data-end=\"718\" \/><em data-start=\"720\" data-end=\"738\">Avancer ensemble<\/em><\/li>\n<\/ul>\n<p data-start=\"740\" data-end=\"841\">Toutes et tous sont les bienvenus ! Venez nombreux participer \u00e0 ces temps de r\u00e9flexion et de partage.<\/p>\n<p data-start=\"843\" data-end=\"993\"><strong data-start=\"843\" data-end=\"860\">Entr\u00e9e libre.<\/strong><br data-start=\"860\" data-end=\"863\" \/>Une contribution volontaire sous forme de denr\u00e9e non p\u00e9rissable pour la Soci\u00e9t\u00e9 Saint-Vincent de Paul serait grandement appr\u00e9ci\u00e9e.<\/p>\n<p><b>\u00a0<\/b><\/p>\n","protected":false},"excerpt":{"rendered":"<p>Connaissez-vous la nouvelle vision de l\u2019archidioc\u00e8se d\u2019Ottawa-Cornwall? En avez-vous d\u00e9j\u00e0 entendu parler? Mgr Yvan Mathieu, s.m., \u00e9v\u00eaque auxiliaire d\u2019Ottawa-Cornwall, vous invite \u00e0 la d\u00e9couvrir \u00e0 travers une s\u00e9rie de trois ateliers qui se tiendront au sous-sol de l\u2019\u00e9glise Sainte-Genevi\u00e8ve (825, avenue Canterbury, Ottawa). Dates et th\u00e8mes des rencontres : Jeudi 9 avril 2026, de 19 [&hellip;]<\/p>\n","protected":false},"author":1,"featured_media":0,"comment_status":"closed","ping_status":"closed","template":"","mec_category":[],"mec_tag":[],"class_list":["post-38410","mec-events","type-mec-events","status-publish","hentry"],"acf":[],"yoast_head":"<!-- This site is optimized with the Yoast SEO plugin v27.4 - https:\/\/yoast.com\/product\/yoast-seo-wordpress\/ -->\n<title>La nouvelle vision de l\u2019archidioc\u00e8se Ottawa-Cornwall - Archdiocese of Ottawa-Cornwall<\/title>\n<meta name=\"robots\" content=\"index, follow, max-snippet:-1, max-image-preview:large, max-video-preview:-1\" \/>\n<link rel=\"canonical\" href=\"https:\/\/ottawacornwall.ca\/fr\/events\/la-nouvelle-vision-de-larchidiocese-ottawa-cornwall\/\" \/>\n<meta property=\"og:locale\" content=\"fr_FR\" \/>\n<meta property=\"og:type\" content=\"article\" \/>\n<meta property=\"og:title\" content=\"La nouvelle vision de l\u2019archidioc\u00e8se Ottawa-Cornwall - Archdiocese of Ottawa-Cornwall\" \/>\n<meta property=\"og:description\" content=\"Connaissez-vous la nouvelle vision de l\u2019archidioc\u00e8se d\u2019Ottawa-Cornwall? En avez-vous d\u00e9j\u00e0 entendu parler? Mgr Yvan Mathieu, s.m., \u00e9v\u00eaque auxiliaire d\u2019Ottawa-Cornwall, vous invite \u00e0 la d\u00e9couvrir \u00e0 travers une s\u00e9rie de trois ateliers qui se tiendront au sous-sol de l\u2019\u00e9glise Sainte-Genevi\u00e8ve (825, avenue Canterbury, Ottawa). Dates et th\u00e8mes des rencontres : Jeudi 9 avril 2026, de 19 [&hellip;]\" \/>\n<meta property=\"og:url\" content=\"https:\/\/ottawacornwall.ca\/fr\/events\/la-nouvelle-vision-de-larchidiocese-ottawa-cornwall\/\" \/>\n<meta property=\"og:site_name\" content=\"Archdiocese of Ottawa-Cornwall\" \/>\n<meta property=\"article:modified_time\" content=\"2026-03-30T14:03:30+00:00\" \/>\n<meta name=\"twitter:card\" content=\"summary_large_image\" \/>\n<meta name=\"twitter:label1\" content=\"Dur\u00e9e de lecture estim\u00e9e\" \/>\n\t<meta name=\"twitter:data1\" content=\"1 minute\" \/>\n<script type=\"application\/ld+json\" class=\"yoast-schema-graph\">{\"@context\":\"https:\\\/\\\/schema.org\",\"@graph\":[{\"@type\":\"WebPage\",\"@id\":\"https:\\\/\\\/ottawacornwall.ca\\\/fr\\\/events\\\/la-nouvelle-vision-de-larchidiocese-ottawa-cornwall\\\/\",\"url\":\"https:\\\/\\\/ottawacornwall.ca\\\/fr\\\/events\\\/la-nouvelle-vision-de-larchidiocese-ottawa-cornwall\\\/\",\"name\":\"La nouvelle vision de l\u2019archidioc\u00e8se Ottawa-Cornwall - Archdiocese of Ottawa-Cornwall\",\"isPartOf\":{\"@id\":\"https:\\\/\\\/ottawacornwall.ca\\\/#website\"},\"datePublished\":\"2026-03-30T14:01:14+00:00\",\"dateModified\":\"2026-03-30T14:03:30+00:00\",\"breadcrumb\":{\"@id\":\"https:\\\/\\\/ottawacornwall.ca\\\/fr\\\/events\\\/la-nouvelle-vision-de-larchidiocese-ottawa-cornwall\\\/#breadcrumb\"},\"inLanguage\":\"fr-FR\",\"potentialAction\":[{\"@type\":\"ReadAction\",\"target\":[\"https:\\\/\\\/ottawacornwall.ca\\\/fr\\\/events\\\/la-nouvelle-vision-de-larchidiocese-ottawa-cornwall\\\/\"]}]},{\"@type\":\"BreadcrumbList\",\"@id\":\"https:\\\/\\\/ottawacornwall.ca\\\/fr\\\/events\\\/la-nouvelle-vision-de-larchidiocese-ottawa-cornwall\\\/#breadcrumb\",\"itemListElement\":[{\"@type\":\"ListItem\",\"position\":1,\"name\":\"Home\",\"item\":\"https:\\\/\\\/ottawacornwall.ca\\\/fr\\\/\"},{\"@type\":\"ListItem\",\"position\":2,\"name\":\"Events\",\"item\":\"https:\\\/\\\/ottawacornwall.ca\\\/events\\\/\"},{\"@type\":\"ListItem\",\"position\":3,\"name\":\"La nouvelle vision de l\u2019archidioc\u00e8se Ottawa-Cornwall\"}]},{\"@type\":\"WebSite\",\"@id\":\"https:\\\/\\\/ottawacornwall.ca\\\/#website\",\"url\":\"https:\\\/\\\/ottawacornwall.ca\\\/\",\"name\":\"Archdiocese of Ottawa-Cornwall\",\"description\":\"Welcome to the  Ottawa-Cornwall Archdiocese!\",\"publisher\":{\"@id\":\"https:\\\/\\\/ottawacornwall.ca\\\/#organization\"},\"potentialAction\":[{\"@type\":\"SearchAction\",\"target\":{\"@type\":\"EntryPoint\",\"urlTemplate\":\"https:\\\/\\\/ottawacornwall.ca\\\/?s={search_term_string}\"},\"query-input\":{\"@type\":\"PropertyValueSpecification\",\"valueRequired\":true,\"valueName\":\"search_term_string\"}}],\"inLanguage\":\"fr-FR\"},{\"@type\":\"Organization\",\"@id\":\"https:\\\/\\\/ottawacornwall.ca\\\/#organization\",\"name\":\"Archdiocese of Ottawa-Cornwall\",\"url\":\"https:\\\/\\\/ottawacornwall.ca\\\/\",\"logo\":{\"@type\":\"ImageObject\",\"inLanguage\":\"fr-FR\",\"@id\":\"https:\\\/\\\/ottawacornwall.ca\\\/#\\\/schema\\\/logo\\\/image\\\/\",\"url\":\"https:\\\/\\\/ottawacornwall.ca\\\/wp-content\\\/uploads\\\/2022\\\/11\\\/Archdiocese-Logo-Horizontal-Reverse-1.svg\",\"contentUrl\":\"https:\\\/\\\/ottawacornwall.ca\\\/wp-content\\\/uploads\\\/2022\\\/11\\\/Archdiocese-Logo-Horizontal-Reverse-1.svg\",\"caption\":\"Archdiocese of Ottawa-Cornwall\"},\"image\":{\"@id\":\"https:\\\/\\\/ottawacornwall.ca\\\/#\\\/schema\\\/logo\\\/image\\\/\"}}]}<\/script>\n<!-- \/ Yoast SEO plugin. -->","yoast_head_json":{"title":"La nouvelle vision de l\u2019archidioc\u00e8se Ottawa-Cornwall - Archdiocese of Ottawa-Cornwall","robots":{"index":"index","follow":"follow","max-snippet":"max-snippet:-1","max-image-preview":"max-image-preview:large","max-video-preview":"max-video-preview:-1"},"canonical":"https:\/\/ottawacornwall.ca\/fr\/events\/la-nouvelle-vision-de-larchidiocese-ottawa-cornwall\/","og_locale":"fr_FR","og_type":"article","og_title":"La nouvelle vision de l\u2019archidioc\u00e8se Ottawa-Cornwall - Archdiocese of Ottawa-Cornwall","og_description":"Connaissez-vous la nouvelle vision de l\u2019archidioc\u00e8se d\u2019Ottawa-Cornwall? En avez-vous d\u00e9j\u00e0 entendu parler? Mgr Yvan Mathieu, s.m., \u00e9v\u00eaque auxiliaire d\u2019Ottawa-Cornwall, vous invite \u00e0 la d\u00e9couvrir \u00e0 travers une s\u00e9rie de trois ateliers qui se tiendront au sous-sol de l\u2019\u00e9glise Sainte-Genevi\u00e8ve (825, avenue Canterbury, Ottawa). Dates et th\u00e8mes des rencontres : Jeudi 9 avril 2026, de 19 [&hellip;]","og_url":"https:\/\/ottawacornwall.ca\/fr\/events\/la-nouvelle-vision-de-larchidiocese-ottawa-cornwall\/","og_site_name":"Archdiocese of Ottawa-Cornwall","article_modified_time":"2026-03-30T14:03:30+00:00","twitter_card":"summary_large_image","twitter_misc":{"Dur\u00e9e de lecture estim\u00e9e":"1 minute"},"schema":{"@context":"https:\/\/schema.org","@graph":[{"@type":"WebPage","@id":"https:\/\/ottawacornwall.ca\/fr\/events\/la-nouvelle-vision-de-larchidiocese-ottawa-cornwall\/","url":"https:\/\/ottawacornwall.ca\/fr\/events\/la-nouvelle-vision-de-larchidiocese-ottawa-cornwall\/","name":"La nouvelle vision de l\u2019archidioc\u00e8se Ottawa-Cornwall - Archdiocese of Ottawa-Cornwall","isPartOf":{"@id":"https:\/\/ottawacornwall.ca\/#website"},"datePublished":"2026-03-30T14:01:14+00:00","dateModified":"2026-03-30T14:03:30+00:00","breadcrumb":{"@id":"https:\/\/ottawacornwall.ca\/fr\/events\/la-nouvelle-vision-de-larchidiocese-ottawa-cornwall\/#breadcrumb"},"inLanguage":"fr-FR","potentialAction":[{"@type":"ReadAction","target":["https:\/\/ottawacornwall.ca\/fr\/events\/la-nouvelle-vision-de-larchidiocese-ottawa-cornwall\/"]}]},{"@type":"BreadcrumbList","@id":"https:\/\/ottawacornwall.ca\/fr\/events\/la-nouvelle-vision-de-larchidiocese-ottawa-cornwall\/#breadcrumb","itemListElement":[{"@type":"ListItem","position":1,"name":"Home","item":"https:\/\/ottawacornwall.ca\/fr\/"},{"@type":"ListItem","position":2,"name":"Events","item":"https:\/\/ottawacornwall.ca\/events\/"},{"@type":"ListItem","position":3,"name":"La nouvelle vision de l\u2019archidioc\u00e8se Ottawa-Cornwall"}]},{"@type":"WebSite","@id":"https:\/\/ottawacornwall.ca\/#website","url":"https:\/\/ottawacornwall.ca\/","name":"Archdiocese of Ottawa-Cornwall","description":"Welcome to the  Ottawa-Cornwall Archdiocese!","publisher":{"@id":"https:\/\/ottawacornwall.ca\/#organization"},"potentialAction":[{"@type":"SearchAction","target":{"@type":"EntryPoint","urlTemplate":"https:\/\/ottawacornwall.ca\/?s={search_term_string}"},"query-input":{"@type":"PropertyValueSpecification","valueRequired":true,"valueName":"search_term_string"}}],"inLanguage":"fr-FR"},{"@type":"Organization","@id":"https:\/\/ottawacornwall.ca\/#organization","name":"Archdiocese of Ottawa-Cornwall","url":"https:\/\/ottawacornwall.ca\/","logo":{"@type":"ImageObject","inLanguage":"fr-FR","@id":"https:\/\/ottawacornwall.ca\/#\/schema\/logo\/image\/","url":"https:\/\/ottawacornwall.ca\/wp-content\/uploads\/2022\/11\/Archdiocese-Logo-Horizontal-Reverse-1.svg","contentUrl":"https:\/\/ottawacornwall.ca\/wp-content\/uploads\/2022\/11\/Archdiocese-Logo-Horizontal-Reverse-1.svg","caption":"Archdiocese of Ottawa-Cornwall"},"image":{"@id":"https:\/\/ottawacornwall.ca\/#\/schema\/logo\/image\/"}}]}},"_links":{"self":[{"href":"https:\/\/ottawacornwall.ca\/fr\/wp-json\/wp\/v2\/mec-events\/38410","targetHints":{"allow":["GET"]}}],"collection":[{"href":"https:\/\/ottawacornwall.ca\/fr\/wp-json\/wp\/v2\/mec-events"}],"about":[{"href":"https:\/\/ottawacornwall.ca\/fr\/wp-json\/wp\/v2\/types\/mec-events"}],"author":[{"embeddable":true,"href":"https:\/\/ottawacornwall.ca\/fr\/wp-json\/wp\/v2\/users\/1"}],"replies":[{"embeddable":true,"href":"https:\/\/ottawacornwall.ca\/fr\/wp-json\/wp\/v2\/comments?post=38410"}],"wp:attachment":[{"href":"https:\/\/ottawacornwall.ca\/fr\/wp-json\/wp\/v2\/media?parent=38410"}],"wp:term":[{"taxonomy":"mec_category","embeddable":true,"href":"https:\/\/ottawacornwall.ca\/fr\/wp-json\/wp\/v2\/mec_category?post=38410"},{"taxonomy":"mec_tag","embeddable":true,"href":"https:\/\/ottawacornwall.ca\/fr\/wp-json\/wp\/v2\/mec_tag?post=38410"}],"curies":[{"name":"wp","href":"https:\/\/api.w.org\/{rel}","templated":true}]}}

La nouvelle vision de l’archidiocèse Ottawa-Cornwall

<p data-start="155" data-end="260">Connaissez-vous la nouvelle vision de l’archidiocèse d’Ottawa-Cornwall? En avez-vous déjà entendu parler?</p>
<p data-start="262" data-end="479">Mgr Yvan Mathieu, s.m., évêque auxiliaire d’Ottawa-Cornwall, vous invite à la découvrir à travers une série de trois ateliers qui se tiendront au sous-sol de l’église Sainte-Geneviève (825, avenue Canterbury, Ottawa).</p>
<p data-start="481" data-end="517"><strong data-start="481" data-end="517">Dates et thèmes des rencontres :</strong></p>
<ul data-start="518" data-end="738">
<li data-section-id="6zcjri" data-start="518" data-end="591"><strong data-start="520" data-end="561">Jeudi 9 avril 2026, de 19 h à 20 h 30</strong><br data-start="561" data-end="564" /><em data-start="566" data-end="591">Avancer vers les autres</em></li>
<li data-section-id="dnqxpo" data-start="592" data-end="667"><strong data-start="594" data-end="639">Mercredi 15 avril 2026, de 19 h à 20 h 30</strong><br data-start="639" data-end="642" /><em data-start="644" data-end="667">Avancer en profondeur</em></li>
<li data-section-id="9bnw9g" data-start="668" data-end="738"><strong data-start="670" data-end="715">Mercredi 22 avril 2026, de 19 h à 20 h 30</strong><br data-start="715" data-end="718" /><em data-start="720" data-end="738">Avancer ensemble</em></li>
</ul>
<p data-start="740" data-end="841">Toutes et tous sont les bienvenus ! Venez nombreux participer à ces temps de réflexion et de partage.</p>
<p data-start="843" data-end="993"><strong data-start="843" data-end="860">Entrée libre.</strong><br data-start="860" data-end="863" />Une contribution volontaire sous forme de denrée non périssable pour la Société Saint-Vincent de Paul serait grandement appréciée.</p>
<p><b> </b></p>

<p>Connaissez-vous la nouvelle vision de l’archidiocèse d’Ottawa-Cornwall? En avez-vous déjà entendu parler? Mgr Yvan Mathieu, s.m., évêque auxiliaire d’Ottawa-Cornwall, vous invite à la découvrir à travers une série de trois ateliers qui se tiendront au sous-sol de l’église Sainte-Geneviève (825, avenue Canterbury, Ottawa). Dates et thèmes des rencontres : Jeudi 9 avril 2026, de 19 [&hellip;]</p>

<!-- This site is optimized with the Yoast SEO plugin v27.4 - https://yoast.com/product/yoast-seo-wordpress/ -->
<title>La nouvelle vision de l’archidiocèse Ottawa-Cornwall - Archdiocese of Ottawa-Cornwall</title>
<meta name="robots" content="index, follow, max-snippet:-1, max-image-preview:large, max-video-preview:-1" />
<link rel="canonical" href="https://ottawacornwall.ca/fr/events/la-nouvelle-vision-de-larchidiocese-ottawa-cornwall/" />
<meta property="og:locale" content="fr_FR" />
<meta property="og:type" content="article" />
<meta property="og:title" content="La nouvelle vision de l’archidiocèse Ottawa-Cornwall - Archdiocese of Ottawa-Cornwall" />
<meta property="og:description" content="Connaissez-vous la nouvelle vision de l’archidiocèse d’Ottawa-Cornwall? En avez-vous déjà entendu parler? Mgr Yvan Mathieu, s.m., évêque auxiliaire d’Ottawa-Cornwall, vous invite à la découvrir à travers une série de trois ateliers qui se tiendront au sous-sol de l’église Sainte-Geneviève (825, avenue Canterbury, Ottawa). Dates et thèmes des rencontres : Jeudi 9 avril 2026, de 19 [&hellip;]" />
<meta property="og:url" content="https://ottawacornwall.ca/fr/events/la-nouvelle-vision-de-larchidiocese-ottawa-cornwall/" />
<meta property="og:site_name" content="Archdiocese of Ottawa-Cornwall" />
<meta property="article:modified_time" content="2026-03-30T14:03:30+00:00" />
<meta name="twitter:card" content="summary_large_image" />
<meta name="twitter:label1" content="Durée de lecture estimée" />
	<meta name="twitter:data1" content="1 minute" />
<script type="application/ld+json" class="yoast-schema-graph">{"@context":"https:\/\/schema.org","@graph":[{"@type":"WebPage","@id":"https:\/\/ottawacornwall.ca\/fr\/events\/la-nouvelle-vision-de-larchidiocese-ottawa-cornwall\/","url":"https:\/\/ottawacornwall.ca\/fr\/events\/la-nouvelle-vision-de-larchidiocese-ottawa-cornwall\/","name":"La nouvelle vision de l’archidiocèse Ottawa-Cornwall - Archdiocese of Ottawa-Cornwall","isPartOf":{"@id":"https:\/\/ottawacornwall.ca\/#website"},"datePublished":"2026-03-30T14:01:14+00:00","dateModified":"2026-03-30T14:03:30+00:00","breadcrumb":{"@id":"https:\/\/ottawacornwall.ca\/fr\/events\/la-nouvelle-vision-de-larchidiocese-ottawa-cornwall\/#breadcrumb"},"inLanguage":"fr-FR","potentialAction":[{"@type":"ReadAction","target":["https:\/\/ottawacornwall.ca\/fr\/events\/la-nouvelle-vision-de-larchidiocese-ottawa-cornwall\/"]}]},{"@type":"BreadcrumbList","@id":"https:\/\/ottawacornwall.ca\/fr\/events\/la-nouvelle-vision-de-larchidiocese-ottawa-cornwall\/#breadcrumb","itemListElement":[{"@type":"ListItem","position":1,"name":"Home","item":"https:\/\/ottawacornwall.ca\/fr\/"},{"@type":"ListItem","position":2,"name":"Events","item":"https:\/\/ottawacornwall.ca\/events\/"},{"@type":"ListItem","position":3,"name":"La nouvelle vision de l’archidiocèse Ottawa-Cornwall"}]},{"@type":"WebSite","@id":"https:\/\/ottawacornwall.ca\/#website","url":"https:\/\/ottawacornwall.ca\/","name":"Archdiocese of Ottawa-Cornwall","description":"Welcome to the  Ottawa-Cornwall Archdiocese!","publisher":{"@id":"https:\/\/ottawacornwall.ca\/#organization"},"potentialAction":[{"@type":"SearchAction","target":{"@type":"EntryPoint","urlTemplate":"https:\/\/ottawacornwall.ca\/?s={search_term_string}"},"query-input":{"@type":"PropertyValueSpecification","valueRequired":true,"valueName":"search_term_string"}}],"inLanguage":"fr-FR"},{"@type":"Organization","@id":"https:\/\/ottawacornwall.ca\/#organization","name":"Archdiocese of Ottawa-Cornwall","url":"https:\/\/ottawacornwall.ca\/","logo":{"@type":"ImageObject","inLanguage":"fr-FR","@id":"https:\/\/ottawacornwall.ca\/#\/schema\/logo\/image\/","url":"https:\/\/ottawacornwall.ca\/wp-content\/uploads\/2022\/11\/Archdiocese-Logo-Horizontal-Reverse-1.svg","contentUrl":"https:\/\/ottawacornwall.ca\/wp-content\/uploads\/2022\/11\/Archdiocese-Logo-Horizontal-Reverse-1.svg","caption":"Archdiocese of Ottawa-Cornwall"},"image":{"@id":"https:\/\/ottawacornwall.ca\/#\/schema\/logo\/image\/"}}]}</script>
<!-- / Yoast SEO plugin. -->

La nouvelle vision de l’archidiocèse Ottawa-Cornwall - Archdiocese of Ottawa-Cornwall

Connaissez-vous la nouvelle vision de l’archidiocèse d’Ottawa-Cornwall? En avez-vous déjà entendu parler? Mgr Yvan Mathieu, s.m., évêque auxiliaire d’Ottawa-Cornwall, vous invite à la découvrir à travers une série de trois ateliers qui se tiendront au sous-sol de l’église Sainte-Geneviève (825, avenue Canterbury, Ottawa). Dates et thèmes des rencontres : Jeudi 9 avril 2026, de 19 [&hellip;]
