{"id":38440,"date":"2026-03-30T10:41:53","date_gmt":"2026-03-30T14:41:53","guid":{"rendered":"https:\/\/ottawacornwall.ca\/?post_type=mec-events&#038;p=38440"},"modified":"2026-03-30T10:41:53","modified_gmt":"2026-03-30T14:41:53","slug":"rencontre-en-ligne-inspiration-et-pistes-concretes-pour-accompagner-les-jeunes","status":"publish","type":"mec-events","link":"https:\/\/ottawacornwall.ca\/fr\/events\/rencontre-en-ligne-inspiration-et-pistes-concretes-pour-accompagner-les-jeunes\/","title":{"rendered":"Rencontre en ligne : \u202fInspiration et pistes concr\u00e8tes pour accompagner les jeunes"},"content":{"rendered":"<p>Dans son message pour la Journ\u00e9e mondiale de pri\u00e8re pour les vocations 2026, le pape <strong>L\u00e9on XIV<\/strong>\u00a0nous invite \u00e0 \u00ab\u202fouvrir notre c\u0153ur \u00e0 l\u2019appel de Dieu\u202f\u00bb.<\/p>\n<p>\u00c0 votre tour, venez vivre une rencontre en ligne inspirante avec <strong>Sol\u00e8ne Garneau<\/strong>, de la Famille Marie-Jeunesse, qui accompagne des jeunes \u00e0 travers des ateliers de discernement ignatien. Elle partagera son exp\u00e9rience et ses observations sur ce que les jeunes portent dans leur c\u0153ur face \u00e0 l\u2019appel de Dieu.<\/p>\n<p>\ud83d\udca1 <strong>Pourquoi participer ?<\/strong><\/p>\n<ul>\n<li>Enrichissez votre regard gr\u00e2ce aux \u00e9changes avec le groupe.<\/li>\n<li>Repartez avec des pistes concr\u00e8tes pour soutenir les jeunes dans votre milieu.<\/li>\n<\/ul>\n<p><strong>Rencontre 2 \u2013 Partage de projet<\/strong><br \/>\nDates : lundi 13 avril \u00e0 19h ou mardi 14 avril \u00e0 11h<br \/>\nEn ligne : par Zoom<\/p>\n<p>Pour vous inscrire ou d\u00e9couvrir les \u00e9v\u00e9nements du printemps 2026 :<br \/>\n<a href=\"https:\/\/monespace.carrefourintervocationnel.ca\/fr\/evenements\">https:\/\/monespace.carrefourintervocationnel.ca\/fr\/evenements<\/a><\/p>\n<p>Contact Carrefour intervocationnel:<\/p>\n<p><strong>Genoveffa Fiorin<\/strong><\/p>\n<p><a href=\"mailto:relations@carrefourintervocationnel.ca\">relations@carrefourintervocation<\/a><a href=\"mailto:relations@carrefourintervocationnel.ca\">nel.ca<\/a><\/p>\n<p>&nbsp;<\/p>\n<p>&nbsp;<\/p>\n","protected":false},"excerpt":{"rendered":"<p>Dans son message pour la Journ\u00e9e mondiale de pri\u00e8re pour les vocations 2026, le pape L\u00e9on XIV\u00a0nous invite \u00e0 \u00ab\u202fouvrir notre c\u0153ur \u00e0 l\u2019appel de Dieu\u202f\u00bb. \u00c0 votre tour, venez vivre une rencontre en ligne inspirante avec Sol\u00e8ne Garneau, de la Famille Marie-Jeunesse, qui accompagne des jeunes \u00e0 travers des ateliers de discernement ignatien. Elle [&hellip;]<\/p>\n","protected":false},"author":11,"featured_media":0,"comment_status":"closed","ping_status":"closed","template":"","mec_category":[],"mec_tag":[],"class_list":["post-38440","mec-events","type-mec-events","status-publish","hentry"],"acf":[],"yoast_head":"<!-- This site is optimized with the Yoast SEO plugin v27.4 - https:\/\/yoast.com\/product\/yoast-seo-wordpress\/ -->\n<title>Rencontre en ligne : \u202fInspiration et pistes concr\u00e8tes pour accompagner les jeunes - Archdiocese of Ottawa-Cornwall<\/title>\n<meta name=\"robots\" content=\"index, follow, max-snippet:-1, max-image-preview:large, max-video-preview:-1\" \/>\n<link rel=\"canonical\" href=\"https:\/\/ottawacornwall.ca\/fr\/events\/rencontre-en-ligne-inspiration-et-pistes-concretes-pour-accompagner-les-jeunes\/\" \/>\n<meta property=\"og:locale\" content=\"fr_FR\" \/>\n<meta property=\"og:type\" content=\"article\" \/>\n<meta property=\"og:title\" content=\"Rencontre en ligne : \u202fInspiration et pistes concr\u00e8tes pour accompagner les jeunes - Archdiocese of Ottawa-Cornwall\" \/>\n<meta property=\"og:description\" content=\"Dans son message pour la Journ\u00e9e mondiale de pri\u00e8re pour les vocations 2026, le pape L\u00e9on XIV\u00a0nous invite \u00e0 \u00ab\u202fouvrir notre c\u0153ur \u00e0 l\u2019appel de Dieu\u202f\u00bb. \u00c0 votre tour, venez vivre une rencontre en ligne inspirante avec Sol\u00e8ne Garneau, de la Famille Marie-Jeunesse, qui accompagne des jeunes \u00e0 travers des ateliers de discernement ignatien. Elle [&hellip;]\" \/>\n<meta property=\"og:url\" content=\"https:\/\/ottawacornwall.ca\/fr\/events\/rencontre-en-ligne-inspiration-et-pistes-concretes-pour-accompagner-les-jeunes\/\" \/>\n<meta property=\"og:site_name\" content=\"Archdiocese of Ottawa-Cornwall\" \/>\n<meta name=\"twitter:card\" content=\"summary_large_image\" \/>\n<meta name=\"twitter:label1\" content=\"Dur\u00e9e de lecture estim\u00e9e\" \/>\n\t<meta name=\"twitter:data1\" content=\"1 minute\" \/>\n<script type=\"application\/ld+json\" class=\"yoast-schema-graph\">{\"@context\":\"https:\\\/\\\/schema.org\",\"@graph\":[{\"@type\":\"WebPage\",\"@id\":\"https:\\\/\\\/ottawacornwall.ca\\\/fr\\\/events\\\/rencontre-en-ligne-inspiration-et-pistes-concretes-pour-accompagner-les-jeunes\\\/\",\"url\":\"https:\\\/\\\/ottawacornwall.ca\\\/fr\\\/events\\\/rencontre-en-ligne-inspiration-et-pistes-concretes-pour-accompagner-les-jeunes\\\/\",\"name\":\"Rencontre en ligne : \u202fInspiration et pistes concr\u00e8tes pour accompagner les jeunes - Archdiocese of Ottawa-Cornwall\",\"isPartOf\":{\"@id\":\"https:\\\/\\\/ottawacornwall.ca\\\/#website\"},\"datePublished\":\"2026-03-30T14:41:53+00:00\",\"breadcrumb\":{\"@id\":\"https:\\\/\\\/ottawacornwall.ca\\\/fr\\\/events\\\/rencontre-en-ligne-inspiration-et-pistes-concretes-pour-accompagner-les-jeunes\\\/#breadcrumb\"},\"inLanguage\":\"fr-FR\",\"potentialAction\":[{\"@type\":\"ReadAction\",\"target\":[\"https:\\\/\\\/ottawacornwall.ca\\\/fr\\\/events\\\/rencontre-en-ligne-inspiration-et-pistes-concretes-pour-accompagner-les-jeunes\\\/\"]}]},{\"@type\":\"BreadcrumbList\",\"@id\":\"https:\\\/\\\/ottawacornwall.ca\\\/fr\\\/events\\\/rencontre-en-ligne-inspiration-et-pistes-concretes-pour-accompagner-les-jeunes\\\/#breadcrumb\",\"itemListElement\":[{\"@type\":\"ListItem\",\"position\":1,\"name\":\"Home\",\"item\":\"https:\\\/\\\/ottawacornwall.ca\\\/fr\\\/\"},{\"@type\":\"ListItem\",\"position\":2,\"name\":\"Events\",\"item\":\"https:\\\/\\\/ottawacornwall.ca\\\/events\\\/\"},{\"@type\":\"ListItem\",\"position\":3,\"name\":\"Rencontre en ligne : \u202fInspiration et pistes concr\u00e8tes pour accompagner les jeunes\"}]},{\"@type\":\"WebSite\",\"@id\":\"https:\\\/\\\/ottawacornwall.ca\\\/#website\",\"url\":\"https:\\\/\\\/ottawacornwall.ca\\\/\",\"name\":\"Archdiocese of Ottawa-Cornwall\",\"description\":\"Welcome to the  Ottawa-Cornwall Archdiocese!\",\"publisher\":{\"@id\":\"https:\\\/\\\/ottawacornwall.ca\\\/#organization\"},\"potentialAction\":[{\"@type\":\"SearchAction\",\"target\":{\"@type\":\"EntryPoint\",\"urlTemplate\":\"https:\\\/\\\/ottawacornwall.ca\\\/?s={search_term_string}\"},\"query-input\":{\"@type\":\"PropertyValueSpecification\",\"valueRequired\":true,\"valueName\":\"search_term_string\"}}],\"inLanguage\":\"fr-FR\"},{\"@type\":\"Organization\",\"@id\":\"https:\\\/\\\/ottawacornwall.ca\\\/#organization\",\"name\":\"Archdiocese of Ottawa-Cornwall\",\"url\":\"https:\\\/\\\/ottawacornwall.ca\\\/\",\"logo\":{\"@type\":\"ImageObject\",\"inLanguage\":\"fr-FR\",\"@id\":\"https:\\\/\\\/ottawacornwall.ca\\\/#\\\/schema\\\/logo\\\/image\\\/\",\"url\":\"https:\\\/\\\/ottawacornwall.ca\\\/wp-content\\\/uploads\\\/2022\\\/11\\\/Archdiocese-Logo-Horizontal-Reverse-1.svg\",\"contentUrl\":\"https:\\\/\\\/ottawacornwall.ca\\\/wp-content\\\/uploads\\\/2022\\\/11\\\/Archdiocese-Logo-Horizontal-Reverse-1.svg\",\"caption\":\"Archdiocese of Ottawa-Cornwall\"},\"image\":{\"@id\":\"https:\\\/\\\/ottawacornwall.ca\\\/#\\\/schema\\\/logo\\\/image\\\/\"}}]}<\/script>\n<!-- \/ Yoast SEO plugin. -->","yoast_head_json":{"title":"Rencontre en ligne : \u202fInspiration et pistes concr\u00e8tes pour accompagner les jeunes - Archdiocese of Ottawa-Cornwall","robots":{"index":"index","follow":"follow","max-snippet":"max-snippet:-1","max-image-preview":"max-image-preview:large","max-video-preview":"max-video-preview:-1"},"canonical":"https:\/\/ottawacornwall.ca\/fr\/events\/rencontre-en-ligne-inspiration-et-pistes-concretes-pour-accompagner-les-jeunes\/","og_locale":"fr_FR","og_type":"article","og_title":"Rencontre en ligne : \u202fInspiration et pistes concr\u00e8tes pour accompagner les jeunes - Archdiocese of Ottawa-Cornwall","og_description":"Dans son message pour la Journ\u00e9e mondiale de pri\u00e8re pour les vocations 2026, le pape L\u00e9on XIV\u00a0nous invite \u00e0 \u00ab\u202fouvrir notre c\u0153ur \u00e0 l\u2019appel de Dieu\u202f\u00bb. \u00c0 votre tour, venez vivre une rencontre en ligne inspirante avec Sol\u00e8ne Garneau, de la Famille Marie-Jeunesse, qui accompagne des jeunes \u00e0 travers des ateliers de discernement ignatien. Elle [&hellip;]","og_url":"https:\/\/ottawacornwall.ca\/fr\/events\/rencontre-en-ligne-inspiration-et-pistes-concretes-pour-accompagner-les-jeunes\/","og_site_name":"Archdiocese of Ottawa-Cornwall","twitter_card":"summary_large_image","twitter_misc":{"Dur\u00e9e de lecture estim\u00e9e":"1 minute"},"schema":{"@context":"https:\/\/schema.org","@graph":[{"@type":"WebPage","@id":"https:\/\/ottawacornwall.ca\/fr\/events\/rencontre-en-ligne-inspiration-et-pistes-concretes-pour-accompagner-les-jeunes\/","url":"https:\/\/ottawacornwall.ca\/fr\/events\/rencontre-en-ligne-inspiration-et-pistes-concretes-pour-accompagner-les-jeunes\/","name":"Rencontre en ligne : \u202fInspiration et pistes concr\u00e8tes pour accompagner les jeunes - Archdiocese of Ottawa-Cornwall","isPartOf":{"@id":"https:\/\/ottawacornwall.ca\/#website"},"datePublished":"2026-03-30T14:41:53+00:00","breadcrumb":{"@id":"https:\/\/ottawacornwall.ca\/fr\/events\/rencontre-en-ligne-inspiration-et-pistes-concretes-pour-accompagner-les-jeunes\/#breadcrumb"},"inLanguage":"fr-FR","potentialAction":[{"@type":"ReadAction","target":["https:\/\/ottawacornwall.ca\/fr\/events\/rencontre-en-ligne-inspiration-et-pistes-concretes-pour-accompagner-les-jeunes\/"]}]},{"@type":"BreadcrumbList","@id":"https:\/\/ottawacornwall.ca\/fr\/events\/rencontre-en-ligne-inspiration-et-pistes-concretes-pour-accompagner-les-jeunes\/#breadcrumb","itemListElement":[{"@type":"ListItem","position":1,"name":"Home","item":"https:\/\/ottawacornwall.ca\/fr\/"},{"@type":"ListItem","position":2,"name":"Events","item":"https:\/\/ottawacornwall.ca\/events\/"},{"@type":"ListItem","position":3,"name":"Rencontre en ligne : \u202fInspiration et pistes concr\u00e8tes pour accompagner les jeunes"}]},{"@type":"WebSite","@id":"https:\/\/ottawacornwall.ca\/#website","url":"https:\/\/ottawacornwall.ca\/","name":"Archdiocese of Ottawa-Cornwall","description":"Welcome to the  Ottawa-Cornwall Archdiocese!","publisher":{"@id":"https:\/\/ottawacornwall.ca\/#organization"},"potentialAction":[{"@type":"SearchAction","target":{"@type":"EntryPoint","urlTemplate":"https:\/\/ottawacornwall.ca\/?s={search_term_string}"},"query-input":{"@type":"PropertyValueSpecification","valueRequired":true,"valueName":"search_term_string"}}],"inLanguage":"fr-FR"},{"@type":"Organization","@id":"https:\/\/ottawacornwall.ca\/#organization","name":"Archdiocese of Ottawa-Cornwall","url":"https:\/\/ottawacornwall.ca\/","logo":{"@type":"ImageObject","inLanguage":"fr-FR","@id":"https:\/\/ottawacornwall.ca\/#\/schema\/logo\/image\/","url":"https:\/\/ottawacornwall.ca\/wp-content\/uploads\/2022\/11\/Archdiocese-Logo-Horizontal-Reverse-1.svg","contentUrl":"https:\/\/ottawacornwall.ca\/wp-content\/uploads\/2022\/11\/Archdiocese-Logo-Horizontal-Reverse-1.svg","caption":"Archdiocese of Ottawa-Cornwall"},"image":{"@id":"https:\/\/ottawacornwall.ca\/#\/schema\/logo\/image\/"}}]}},"_links":{"self":[{"href":"https:\/\/ottawacornwall.ca\/fr\/wp-json\/wp\/v2\/mec-events\/38440","targetHints":{"allow":["GET"]}}],"collection":[{"href":"https:\/\/ottawacornwall.ca\/fr\/wp-json\/wp\/v2\/mec-events"}],"about":[{"href":"https:\/\/ottawacornwall.ca\/fr\/wp-json\/wp\/v2\/types\/mec-events"}],"author":[{"embeddable":true,"href":"https:\/\/ottawacornwall.ca\/fr\/wp-json\/wp\/v2\/users\/11"}],"replies":[{"embeddable":true,"href":"https:\/\/ottawacornwall.ca\/fr\/wp-json\/wp\/v2\/comments?post=38440"}],"wp:attachment":[{"href":"https:\/\/ottawacornwall.ca\/fr\/wp-json\/wp\/v2\/media?parent=38440"}],"wp:term":[{"taxonomy":"mec_category","embeddable":true,"href":"https:\/\/ottawacornwall.ca\/fr\/wp-json\/wp\/v2\/mec_category?post=38440"},{"taxonomy":"mec_tag","embeddable":true,"href":"https:\/\/ottawacornwall.ca\/fr\/wp-json\/wp\/v2\/mec_tag?post=38440"}],"curies":[{"name":"wp","href":"https:\/\/api.w.org\/{rel}","templated":true}]}}

Rencontre en ligne :  Inspiration et pistes concrètes pour accompagner les jeunes

<p>Dans son message pour la Journée mondiale de prière pour les vocations 2026, le pape <strong>Léon XIV</strong> nous invite à « ouvrir notre cœur à l’appel de Dieu ».</p>
<p>À votre tour, venez vivre une rencontre en ligne inspirante avec <strong>Solène Garneau</strong>, de la Famille Marie-Jeunesse, qui accompagne des jeunes à travers des ateliers de discernement ignatien. Elle partagera son expérience et ses observations sur ce que les jeunes portent dans leur cœur face à l’appel de Dieu.</p>
<p>💡 <strong>Pourquoi participer ?</strong></p>
<ul>
<li>Enrichissez votre regard grâce aux échanges avec le groupe.</li>
<li>Repartez avec des pistes concrètes pour soutenir les jeunes dans votre milieu.</li>
</ul>
<p><strong>Rencontre 2 – Partage de projet</strong><br />
Dates : lundi 13 avril à 19h ou mardi 14 avril à 11h<br />
En ligne : par Zoom</p>
<p>Pour vous inscrire ou découvrir les événements du printemps 2026 :<br />
<a href="https://monespace.carrefourintervocationnel.ca/fr/evenements">https://monespace.carrefourintervocationnel.ca/fr/evenements</a></p>
<p>Contact Carrefour intervocationnel:</p>
<p><strong>Genoveffa Fiorin</strong></p>
<p><a href="mailto:relations@carrefourintervocationnel.ca">relations@carrefourintervocation</a><a href="mailto:relations@carrefourintervocationnel.ca">nel.ca</a></p>
<p>&nbsp;</p>
<p>&nbsp;</p>

<p>Dans son message pour la Journée mondiale de prière pour les vocations 2026, le pape Léon XIV nous invite à « ouvrir notre cœur à l’appel de Dieu ». À votre tour, venez vivre une rencontre en ligne inspirante avec Solène Garneau, de la Famille Marie-Jeunesse, qui accompagne des jeunes à travers des ateliers de discernement ignatien. Elle [&hellip;]</p>

<!-- This site is optimized with the Yoast SEO plugin v27.4 - https://yoast.com/product/yoast-seo-wordpress/ -->
<title>Rencontre en ligne :  Inspiration et pistes concrètes pour accompagner les jeunes - Archdiocese of Ottawa-Cornwall</title>
<meta name="robots" content="index, follow, max-snippet:-1, max-image-preview:large, max-video-preview:-1" />
<link rel="canonical" href="https://ottawacornwall.ca/fr/events/rencontre-en-ligne-inspiration-et-pistes-concretes-pour-accompagner-les-jeunes/" />
<meta property="og:locale" content="fr_FR" />
<meta property="og:type" content="article" />
<meta property="og:title" content="Rencontre en ligne :  Inspiration et pistes concrètes pour accompagner les jeunes - Archdiocese of Ottawa-Cornwall" />
<meta property="og:description" content="Dans son message pour la Journée mondiale de prière pour les vocations 2026, le pape Léon XIV nous invite à « ouvrir notre cœur à l’appel de Dieu ». À votre tour, venez vivre une rencontre en ligne inspirante avec Solène Garneau, de la Famille Marie-Jeunesse, qui accompagne des jeunes à travers des ateliers de discernement ignatien. Elle [&hellip;]" />
<meta property="og:url" content="https://ottawacornwall.ca/fr/events/rencontre-en-ligne-inspiration-et-pistes-concretes-pour-accompagner-les-jeunes/" />
<meta property="og:site_name" content="Archdiocese of Ottawa-Cornwall" />
<meta name="twitter:card" content="summary_large_image" />
<meta name="twitter:label1" content="Durée de lecture estimée" />
	<meta name="twitter:data1" content="1 minute" />
<script type="application/ld+json" class="yoast-schema-graph">{"@context":"https:\/\/schema.org","@graph":[{"@type":"WebPage","@id":"https:\/\/ottawacornwall.ca\/fr\/events\/rencontre-en-ligne-inspiration-et-pistes-concretes-pour-accompagner-les-jeunes\/","url":"https:\/\/ottawacornwall.ca\/fr\/events\/rencontre-en-ligne-inspiration-et-pistes-concretes-pour-accompagner-les-jeunes\/","name":"Rencontre en ligne :  Inspiration et pistes concrètes pour accompagner les jeunes - Archdiocese of Ottawa-Cornwall","isPartOf":{"@id":"https:\/\/ottawacornwall.ca\/#website"},"datePublished":"2026-03-30T14:41:53+00:00","breadcrumb":{"@id":"https:\/\/ottawacornwall.ca\/fr\/events\/rencontre-en-ligne-inspiration-et-pistes-concretes-pour-accompagner-les-jeunes\/#breadcrumb"},"inLanguage":"fr-FR","potentialAction":[{"@type":"ReadAction","target":["https:\/\/ottawacornwall.ca\/fr\/events\/rencontre-en-ligne-inspiration-et-pistes-concretes-pour-accompagner-les-jeunes\/"]}]},{"@type":"BreadcrumbList","@id":"https:\/\/ottawacornwall.ca\/fr\/events\/rencontre-en-ligne-inspiration-et-pistes-concretes-pour-accompagner-les-jeunes\/#breadcrumb","itemListElement":[{"@type":"ListItem","position":1,"name":"Home","item":"https:\/\/ottawacornwall.ca\/fr\/"},{"@type":"ListItem","position":2,"name":"Events","item":"https:\/\/ottawacornwall.ca\/events\/"},{"@type":"ListItem","position":3,"name":"Rencontre en ligne :  Inspiration et pistes concrètes pour accompagner les jeunes"}]},{"@type":"WebSite","@id":"https:\/\/ottawacornwall.ca\/#website","url":"https:\/\/ottawacornwall.ca\/","name":"Archdiocese of Ottawa-Cornwall","description":"Welcome to the  Ottawa-Cornwall Archdiocese!","publisher":{"@id":"https:\/\/ottawacornwall.ca\/#organization"},"potentialAction":[{"@type":"SearchAction","target":{"@type":"EntryPoint","urlTemplate":"https:\/\/ottawacornwall.ca\/?s={search_term_string}"},"query-input":{"@type":"PropertyValueSpecification","valueRequired":true,"valueName":"search_term_string"}}],"inLanguage":"fr-FR"},{"@type":"Organization","@id":"https:\/\/ottawacornwall.ca\/#organization","name":"Archdiocese of Ottawa-Cornwall","url":"https:\/\/ottawacornwall.ca\/","logo":{"@type":"ImageObject","inLanguage":"fr-FR","@id":"https:\/\/ottawacornwall.ca\/#\/schema\/logo\/image\/","url":"https:\/\/ottawacornwall.ca\/wp-content\/uploads\/2022\/11\/Archdiocese-Logo-Horizontal-Reverse-1.svg","contentUrl":"https:\/\/ottawacornwall.ca\/wp-content\/uploads\/2022\/11\/Archdiocese-Logo-Horizontal-Reverse-1.svg","caption":"Archdiocese of Ottawa-Cornwall"},"image":{"@id":"https:\/\/ottawacornwall.ca\/#\/schema\/logo\/image\/"}}]}</script>
<!-- / Yoast SEO plugin. -->

Rencontre en ligne :  Inspiration et pistes concrètes pour accompagner les jeunes - Archdiocese of Ottawa-Cornwall

Dans son message pour la Journée mondiale de prière pour les vocations 2026, le pape Léon XIV nous invite à « ouvrir notre cœur à l’appel de Dieu ». À votre tour, venez vivre une rencontre en ligne inspirante avec Solène Garneau, de la Famille Marie-Jeunesse, qui accompagne des jeunes à travers des ateliers de discernement ignatien. Elle [&hellip;]
