{"id":38596,"date":"2026-04-13T10:33:10","date_gmt":"2026-04-13T14:33:10","guid":{"rendered":"https:\/\/ottawacornwall.ca\/?post_type=mec-events&#038;p=38596"},"modified":"2026-04-13T10:33:10","modified_gmt":"2026-04-13T14:33:10","slug":"concert-benefice-4-musiciens-2","status":"publish","type":"mec-events","link":"https:\/\/ottawacornwall.ca\/fr\/events\/concert-benefice-4-musiciens-2\/","title":{"rendered":"Concert-b\u00e9n\u00e9fice 4 musiciens"},"content":{"rendered":"<p><strong>C<\/strong><strong>oncert du printemps \u00e0 Ste-Anne-de-Prescott, le 3 mai \u00e0 14:00<\/strong><\/p>\n<p><strong>\u00a0<\/strong><strong>Un trio, men\u00e9 par Didier Chasteau au piano.\u00a0 Il a le tour de nous surprendre avec ses compositions de musique impressionniste. <\/strong><\/p>\n<p><strong>\u00a0<\/strong><strong>Il est appuy\u00e9 par Guillaume Lefebvre \u00e0 la contrebasse, Christina Beaudry-Cardenas \u00e0 la batterie et &#8230; une artiste invit\u00e9e (chanteuse surprise). \u00a0<\/strong><\/p>\n<p><strong>\u00a0<\/strong><strong>Venez vivre un beau dimanche apr\u00e8s-midi en bonne compagnie dans une tr\u00e8s belle \u00e9glise patrimoniale. <\/strong><\/p>\n<p><strong>\u00a0<\/strong><strong>$30 par adulte, $10 aux 18 ans et moins, concert-b\u00e9n\u00e9fice pour l\u2019\u00e9glise.<\/strong><\/p>\n","protected":false},"excerpt":{"rendered":"<p>Concert du printemps \u00e0 Ste-Anne-de-Prescott, le 3 mai \u00e0 14:00 \u00a0Un trio, men\u00e9 par Didier Chasteau au piano.\u00a0 Il a le tour de nous surprendre avec ses compositions de musique impressionniste. \u00a0Il est appuy\u00e9 par Guillaume Lefebvre \u00e0 la contrebasse, Christina Beaudry-Cardenas \u00e0 la batterie et &#8230; une artiste invit\u00e9e (chanteuse surprise). \u00a0 \u00a0Venez vivre [&hellip;]<\/p>\n","protected":false},"author":1,"featured_media":38597,"comment_status":"closed","ping_status":"closed","template":"","mec_category":[],"mec_tag":[],"class_list":["post-38596","mec-events","type-mec-events","status-publish","has-post-thumbnail","hentry"],"acf":[],"yoast_head":"<!-- This site is optimized with the Yoast SEO plugin v27.4 - https:\/\/yoast.com\/product\/yoast-seo-wordpress\/ -->\n<title>Concert-b\u00e9n\u00e9fice 4 musiciens - Archdiocese of Ottawa-Cornwall<\/title>\n<meta name=\"robots\" content=\"index, follow, max-snippet:-1, max-image-preview:large, max-video-preview:-1\" \/>\n<link rel=\"canonical\" href=\"https:\/\/ottawacornwall.ca\/fr\/events\/concert-benefice-4-musiciens-2\/\" \/>\n<meta property=\"og:locale\" content=\"fr_FR\" \/>\n<meta property=\"og:type\" content=\"article\" \/>\n<meta property=\"og:title\" content=\"Concert-b\u00e9n\u00e9fice 4 musiciens - Archdiocese of Ottawa-Cornwall\" \/>\n<meta property=\"og:description\" content=\"Concert du printemps \u00e0 Ste-Anne-de-Prescott, le 3 mai \u00e0 14:00 \u00a0Un trio, men\u00e9 par Didier Chasteau au piano.\u00a0 Il a le tour de nous surprendre avec ses compositions de musique impressionniste. \u00a0Il est appuy\u00e9 par Guillaume Lefebvre \u00e0 la contrebasse, Christina Beaudry-Cardenas \u00e0 la batterie et &#8230; une artiste invit\u00e9e (chanteuse surprise). \u00a0 \u00a0Venez vivre [&hellip;]\" \/>\n<meta property=\"og:url\" content=\"https:\/\/ottawacornwall.ca\/fr\/events\/concert-benefice-4-musiciens-2\/\" \/>\n<meta property=\"og:site_name\" content=\"Archdiocese of Ottawa-Cornwall\" \/>\n<meta property=\"og:image\" content=\"https:\/\/ottawacornwall.ca\/wp-content\/uploads\/2026\/04\/AFFICHE.-ST.-3-mai-2026-scaled.jpg\" \/>\n\t<meta property=\"og:image:width\" content=\"1952\" \/>\n\t<meta property=\"og:image:height\" content=\"2560\" \/>\n\t<meta property=\"og:image:type\" content=\"image\/jpeg\" \/>\n<meta name=\"twitter:card\" content=\"summary_large_image\" \/>\n<meta name=\"twitter:label1\" content=\"Dur\u00e9e de lecture estim\u00e9e\" \/>\n\t<meta name=\"twitter:data1\" content=\"1 minute\" \/>\n<script type=\"application\/ld+json\" class=\"yoast-schema-graph\">{\"@context\":\"https:\\\/\\\/schema.org\",\"@graph\":[{\"@type\":\"WebPage\",\"@id\":\"https:\\\/\\\/ottawacornwall.ca\\\/fr\\\/events\\\/concert-benefice-4-musiciens-2\\\/\",\"url\":\"https:\\\/\\\/ottawacornwall.ca\\\/fr\\\/events\\\/concert-benefice-4-musiciens-2\\\/\",\"name\":\"Concert-b\u00e9n\u00e9fice 4 musiciens - Archdiocese of Ottawa-Cornwall\",\"isPartOf\":{\"@id\":\"https:\\\/\\\/ottawacornwall.ca\\\/#website\"},\"primaryImageOfPage\":{\"@id\":\"https:\\\/\\\/ottawacornwall.ca\\\/fr\\\/events\\\/concert-benefice-4-musiciens-2\\\/#primaryimage\"},\"image\":{\"@id\":\"https:\\\/\\\/ottawacornwall.ca\\\/fr\\\/events\\\/concert-benefice-4-musiciens-2\\\/#primaryimage\"},\"thumbnailUrl\":\"https:\\\/\\\/ottawacornwall.ca\\\/wp-content\\\/uploads\\\/2026\\\/04\\\/AFFICHE.-ST.-3-mai-2026-scaled.jpg\",\"datePublished\":\"2026-04-13T14:33:10+00:00\",\"breadcrumb\":{\"@id\":\"https:\\\/\\\/ottawacornwall.ca\\\/fr\\\/events\\\/concert-benefice-4-musiciens-2\\\/#breadcrumb\"},\"inLanguage\":\"fr-FR\",\"potentialAction\":[{\"@type\":\"ReadAction\",\"target\":[\"https:\\\/\\\/ottawacornwall.ca\\\/fr\\\/events\\\/concert-benefice-4-musiciens-2\\\/\"]}]},{\"@type\":\"ImageObject\",\"inLanguage\":\"fr-FR\",\"@id\":\"https:\\\/\\\/ottawacornwall.ca\\\/fr\\\/events\\\/concert-benefice-4-musiciens-2\\\/#primaryimage\",\"url\":\"https:\\\/\\\/ottawacornwall.ca\\\/wp-content\\\/uploads\\\/2026\\\/04\\\/AFFICHE.-ST.-3-mai-2026-scaled.jpg\",\"contentUrl\":\"https:\\\/\\\/ottawacornwall.ca\\\/wp-content\\\/uploads\\\/2026\\\/04\\\/AFFICHE.-ST.-3-mai-2026-scaled.jpg\",\"width\":1952,\"height\":2560},{\"@type\":\"BreadcrumbList\",\"@id\":\"https:\\\/\\\/ottawacornwall.ca\\\/fr\\\/events\\\/concert-benefice-4-musiciens-2\\\/#breadcrumb\",\"itemListElement\":[{\"@type\":\"ListItem\",\"position\":1,\"name\":\"Home\",\"item\":\"https:\\\/\\\/ottawacornwall.ca\\\/fr\\\/\"},{\"@type\":\"ListItem\",\"position\":2,\"name\":\"Events\",\"item\":\"https:\\\/\\\/ottawacornwall.ca\\\/events\\\/\"},{\"@type\":\"ListItem\",\"position\":3,\"name\":\"Concert-b\u00e9n\u00e9fice 4 musiciens\"}]},{\"@type\":\"WebSite\",\"@id\":\"https:\\\/\\\/ottawacornwall.ca\\\/#website\",\"url\":\"https:\\\/\\\/ottawacornwall.ca\\\/\",\"name\":\"Archdiocese of Ottawa-Cornwall\",\"description\":\"Welcome to the  Ottawa-Cornwall Archdiocese!\",\"publisher\":{\"@id\":\"https:\\\/\\\/ottawacornwall.ca\\\/#organization\"},\"potentialAction\":[{\"@type\":\"SearchAction\",\"target\":{\"@type\":\"EntryPoint\",\"urlTemplate\":\"https:\\\/\\\/ottawacornwall.ca\\\/?s={search_term_string}\"},\"query-input\":{\"@type\":\"PropertyValueSpecification\",\"valueRequired\":true,\"valueName\":\"search_term_string\"}}],\"inLanguage\":\"fr-FR\"},{\"@type\":\"Organization\",\"@id\":\"https:\\\/\\\/ottawacornwall.ca\\\/#organization\",\"name\":\"Archdiocese of Ottawa-Cornwall\",\"url\":\"https:\\\/\\\/ottawacornwall.ca\\\/\",\"logo\":{\"@type\":\"ImageObject\",\"inLanguage\":\"fr-FR\",\"@id\":\"https:\\\/\\\/ottawacornwall.ca\\\/#\\\/schema\\\/logo\\\/image\\\/\",\"url\":\"https:\\\/\\\/ottawacornwall.ca\\\/wp-content\\\/uploads\\\/2022\\\/11\\\/Archdiocese-Logo-Horizontal-Reverse-1.svg\",\"contentUrl\":\"https:\\\/\\\/ottawacornwall.ca\\\/wp-content\\\/uploads\\\/2022\\\/11\\\/Archdiocese-Logo-Horizontal-Reverse-1.svg\",\"caption\":\"Archdiocese of Ottawa-Cornwall\"},\"image\":{\"@id\":\"https:\\\/\\\/ottawacornwall.ca\\\/#\\\/schema\\\/logo\\\/image\\\/\"}}]}<\/script>\n<!-- \/ Yoast SEO plugin. -->","yoast_head_json":{"title":"Concert-b\u00e9n\u00e9fice 4 musiciens - Archdiocese of Ottawa-Cornwall","robots":{"index":"index","follow":"follow","max-snippet":"max-snippet:-1","max-image-preview":"max-image-preview:large","max-video-preview":"max-video-preview:-1"},"canonical":"https:\/\/ottawacornwall.ca\/fr\/events\/concert-benefice-4-musiciens-2\/","og_locale":"fr_FR","og_type":"article","og_title":"Concert-b\u00e9n\u00e9fice 4 musiciens - Archdiocese of Ottawa-Cornwall","og_description":"Concert du printemps \u00e0 Ste-Anne-de-Prescott, le 3 mai \u00e0 14:00 \u00a0Un trio, men\u00e9 par Didier Chasteau au piano.\u00a0 Il a le tour de nous surprendre avec ses compositions de musique impressionniste. \u00a0Il est appuy\u00e9 par Guillaume Lefebvre \u00e0 la contrebasse, Christina Beaudry-Cardenas \u00e0 la batterie et &#8230; une artiste invit\u00e9e (chanteuse surprise). \u00a0 \u00a0Venez vivre [&hellip;]","og_url":"https:\/\/ottawacornwall.ca\/fr\/events\/concert-benefice-4-musiciens-2\/","og_site_name":"Archdiocese of Ottawa-Cornwall","og_image":[{"width":1952,"height":2560,"url":"https:\/\/ottawacornwall.ca\/wp-content\/uploads\/2026\/04\/AFFICHE.-ST.-3-mai-2026-scaled.jpg","type":"image\/jpeg"}],"twitter_card":"summary_large_image","twitter_misc":{"Dur\u00e9e de lecture estim\u00e9e":"1 minute"},"schema":{"@context":"https:\/\/schema.org","@graph":[{"@type":"WebPage","@id":"https:\/\/ottawacornwall.ca\/fr\/events\/concert-benefice-4-musiciens-2\/","url":"https:\/\/ottawacornwall.ca\/fr\/events\/concert-benefice-4-musiciens-2\/","name":"Concert-b\u00e9n\u00e9fice 4 musiciens - Archdiocese of Ottawa-Cornwall","isPartOf":{"@id":"https:\/\/ottawacornwall.ca\/#website"},"primaryImageOfPage":{"@id":"https:\/\/ottawacornwall.ca\/fr\/events\/concert-benefice-4-musiciens-2\/#primaryimage"},"image":{"@id":"https:\/\/ottawacornwall.ca\/fr\/events\/concert-benefice-4-musiciens-2\/#primaryimage"},"thumbnailUrl":"https:\/\/ottawacornwall.ca\/wp-content\/uploads\/2026\/04\/AFFICHE.-ST.-3-mai-2026-scaled.jpg","datePublished":"2026-04-13T14:33:10+00:00","breadcrumb":{"@id":"https:\/\/ottawacornwall.ca\/fr\/events\/concert-benefice-4-musiciens-2\/#breadcrumb"},"inLanguage":"fr-FR","potentialAction":[{"@type":"ReadAction","target":["https:\/\/ottawacornwall.ca\/fr\/events\/concert-benefice-4-musiciens-2\/"]}]},{"@type":"ImageObject","inLanguage":"fr-FR","@id":"https:\/\/ottawacornwall.ca\/fr\/events\/concert-benefice-4-musiciens-2\/#primaryimage","url":"https:\/\/ottawacornwall.ca\/wp-content\/uploads\/2026\/04\/AFFICHE.-ST.-3-mai-2026-scaled.jpg","contentUrl":"https:\/\/ottawacornwall.ca\/wp-content\/uploads\/2026\/04\/AFFICHE.-ST.-3-mai-2026-scaled.jpg","width":1952,"height":2560},{"@type":"BreadcrumbList","@id":"https:\/\/ottawacornwall.ca\/fr\/events\/concert-benefice-4-musiciens-2\/#breadcrumb","itemListElement":[{"@type":"ListItem","position":1,"name":"Home","item":"https:\/\/ottawacornwall.ca\/fr\/"},{"@type":"ListItem","position":2,"name":"Events","item":"https:\/\/ottawacornwall.ca\/events\/"},{"@type":"ListItem","position":3,"name":"Concert-b\u00e9n\u00e9fice 4 musiciens"}]},{"@type":"WebSite","@id":"https:\/\/ottawacornwall.ca\/#website","url":"https:\/\/ottawacornwall.ca\/","name":"Archdiocese of Ottawa-Cornwall","description":"Welcome to the  Ottawa-Cornwall Archdiocese!","publisher":{"@id":"https:\/\/ottawacornwall.ca\/#organization"},"potentialAction":[{"@type":"SearchAction","target":{"@type":"EntryPoint","urlTemplate":"https:\/\/ottawacornwall.ca\/?s={search_term_string}"},"query-input":{"@type":"PropertyValueSpecification","valueRequired":true,"valueName":"search_term_string"}}],"inLanguage":"fr-FR"},{"@type":"Organization","@id":"https:\/\/ottawacornwall.ca\/#organization","name":"Archdiocese of Ottawa-Cornwall","url":"https:\/\/ottawacornwall.ca\/","logo":{"@type":"ImageObject","inLanguage":"fr-FR","@id":"https:\/\/ottawacornwall.ca\/#\/schema\/logo\/image\/","url":"https:\/\/ottawacornwall.ca\/wp-content\/uploads\/2022\/11\/Archdiocese-Logo-Horizontal-Reverse-1.svg","contentUrl":"https:\/\/ottawacornwall.ca\/wp-content\/uploads\/2022\/11\/Archdiocese-Logo-Horizontal-Reverse-1.svg","caption":"Archdiocese of Ottawa-Cornwall"},"image":{"@id":"https:\/\/ottawacornwall.ca\/#\/schema\/logo\/image\/"}}]}},"_links":{"self":[{"href":"https:\/\/ottawacornwall.ca\/fr\/wp-json\/wp\/v2\/mec-events\/38596","targetHints":{"allow":["GET"]}}],"collection":[{"href":"https:\/\/ottawacornwall.ca\/fr\/wp-json\/wp\/v2\/mec-events"}],"about":[{"href":"https:\/\/ottawacornwall.ca\/fr\/wp-json\/wp\/v2\/types\/mec-events"}],"author":[{"embeddable":true,"href":"https:\/\/ottawacornwall.ca\/fr\/wp-json\/wp\/v2\/users\/1"}],"replies":[{"embeddable":true,"href":"https:\/\/ottawacornwall.ca\/fr\/wp-json\/wp\/v2\/comments?post=38596"}],"wp:featuredmedia":[{"embeddable":true,"href":"https:\/\/ottawacornwall.ca\/fr\/wp-json\/wp\/v2\/media\/38597"}],"wp:attachment":[{"href":"https:\/\/ottawacornwall.ca\/fr\/wp-json\/wp\/v2\/media?parent=38596"}],"wp:term":[{"taxonomy":"mec_category","embeddable":true,"href":"https:\/\/ottawacornwall.ca\/fr\/wp-json\/wp\/v2\/mec_category?post=38596"},{"taxonomy":"mec_tag","embeddable":true,"href":"https:\/\/ottawacornwall.ca\/fr\/wp-json\/wp\/v2\/mec_tag?post=38596"}],"curies":[{"name":"wp","href":"https:\/\/api.w.org\/{rel}","templated":true}]}}

Concert-bénéfice 4 musiciens

<p><strong>C</strong><strong>oncert du printemps à Ste-Anne-de-Prescott, le 3 mai à 14:00</strong></p>
<p><strong> </strong><strong>Un trio, mené par Didier Chasteau au piano.  Il a le tour de nous surprendre avec ses compositions de musique impressionniste. </strong></p>
<p><strong> </strong><strong>Il est appuyé par Guillaume Lefebvre à la contrebasse, Christina Beaudry-Cardenas à la batterie et &#8230; une artiste invitée (chanteuse surprise).  </strong></p>
<p><strong> </strong><strong>Venez vivre un beau dimanche après-midi en bonne compagnie dans une très belle église patrimoniale. </strong></p>
<p><strong> </strong><strong>$30 par adulte, $10 aux 18 ans et moins, concert-bénéfice pour l’église.</strong></p>

<p>Concert du printemps à Ste-Anne-de-Prescott, le 3 mai à 14:00  Un trio, mené par Didier Chasteau au piano.  Il a le tour de nous surprendre avec ses compositions de musique impressionniste.  Il est appuyé par Guillaume Lefebvre à la contrebasse, Christina Beaudry-Cardenas à la batterie et &#8230; une artiste invitée (chanteuse surprise).    Venez vivre [&hellip;]</p>

<!-- This site is optimized with the Yoast SEO plugin v27.4 - https://yoast.com/product/yoast-seo-wordpress/ -->
<title>Concert-bénéfice 4 musiciens - Archdiocese of Ottawa-Cornwall</title>
<meta name="robots" content="index, follow, max-snippet:-1, max-image-preview:large, max-video-preview:-1" />
<link rel="canonical" href="https://ottawacornwall.ca/fr/events/concert-benefice-4-musiciens-2/" />
<meta property="og:locale" content="fr_FR" />
<meta property="og:type" content="article" />
<meta property="og:title" content="Concert-bénéfice 4 musiciens - Archdiocese of Ottawa-Cornwall" />
<meta property="og:description" content="Concert du printemps à Ste-Anne-de-Prescott, le 3 mai à 14:00  Un trio, mené par Didier Chasteau au piano.  Il a le tour de nous surprendre avec ses compositions de musique impressionniste.  Il est appuyé par Guillaume Lefebvre à la contrebasse, Christina Beaudry-Cardenas à la batterie et &#8230; une artiste invitée (chanteuse surprise).    Venez vivre [&hellip;]" />
<meta property="og:url" content="https://ottawacornwall.ca/fr/events/concert-benefice-4-musiciens-2/" />
<meta property="og:site_name" content="Archdiocese of Ottawa-Cornwall" />
<meta property="og:image" content="https://ottawacornwall.ca/wp-content/uploads/2026/04/AFFICHE.-ST.-3-mai-2026-scaled.jpg" />
	<meta property="og:image:width" content="1952" />
	<meta property="og:image:height" content="2560" />
	<meta property="og:image:type" content="image/jpeg" />
<meta name="twitter:card" content="summary_large_image" />
<meta name="twitter:label1" content="Durée de lecture estimée" />
	<meta name="twitter:data1" content="1 minute" />
<script type="application/ld+json" class="yoast-schema-graph">{"@context":"https:\/\/schema.org","@graph":[{"@type":"WebPage","@id":"https:\/\/ottawacornwall.ca\/fr\/events\/concert-benefice-4-musiciens-2\/","url":"https:\/\/ottawacornwall.ca\/fr\/events\/concert-benefice-4-musiciens-2\/","name":"Concert-bénéfice 4 musiciens - Archdiocese of Ottawa-Cornwall","isPartOf":{"@id":"https:\/\/ottawacornwall.ca\/#website"},"primaryImageOfPage":{"@id":"https:\/\/ottawacornwall.ca\/fr\/events\/concert-benefice-4-musiciens-2\/#primaryimage"},"image":{"@id":"https:\/\/ottawacornwall.ca\/fr\/events\/concert-benefice-4-musiciens-2\/#primaryimage"},"thumbnailUrl":"https:\/\/ottawacornwall.ca\/wp-content\/uploads\/2026\/04\/AFFICHE.-ST.-3-mai-2026-scaled.jpg","datePublished":"2026-04-13T14:33:10+00:00","breadcrumb":{"@id":"https:\/\/ottawacornwall.ca\/fr\/events\/concert-benefice-4-musiciens-2\/#breadcrumb"},"inLanguage":"fr-FR","potentialAction":[{"@type":"ReadAction","target":["https:\/\/ottawacornwall.ca\/fr\/events\/concert-benefice-4-musiciens-2\/"]}]},{"@type":"ImageObject","inLanguage":"fr-FR","@id":"https:\/\/ottawacornwall.ca\/fr\/events\/concert-benefice-4-musiciens-2\/#primaryimage","url":"https:\/\/ottawacornwall.ca\/wp-content\/uploads\/2026\/04\/AFFICHE.-ST.-3-mai-2026-scaled.jpg","contentUrl":"https:\/\/ottawacornwall.ca\/wp-content\/uploads\/2026\/04\/AFFICHE.-ST.-3-mai-2026-scaled.jpg","width":1952,"height":2560},{"@type":"BreadcrumbList","@id":"https:\/\/ottawacornwall.ca\/fr\/events\/concert-benefice-4-musiciens-2\/#breadcrumb","itemListElement":[{"@type":"ListItem","position":1,"name":"Home","item":"https:\/\/ottawacornwall.ca\/fr\/"},{"@type":"ListItem","position":2,"name":"Events","item":"https:\/\/ottawacornwall.ca\/events\/"},{"@type":"ListItem","position":3,"name":"Concert-bénéfice 4 musiciens"}]},{"@type":"WebSite","@id":"https:\/\/ottawacornwall.ca\/#website","url":"https:\/\/ottawacornwall.ca\/","name":"Archdiocese of Ottawa-Cornwall","description":"Welcome to the  Ottawa-Cornwall Archdiocese!","publisher":{"@id":"https:\/\/ottawacornwall.ca\/#organization"},"potentialAction":[{"@type":"SearchAction","target":{"@type":"EntryPoint","urlTemplate":"https:\/\/ottawacornwall.ca\/?s={search_term_string}"},"query-input":{"@type":"PropertyValueSpecification","valueRequired":true,"valueName":"search_term_string"}}],"inLanguage":"fr-FR"},{"@type":"Organization","@id":"https:\/\/ottawacornwall.ca\/#organization","name":"Archdiocese of Ottawa-Cornwall","url":"https:\/\/ottawacornwall.ca\/","logo":{"@type":"ImageObject","inLanguage":"fr-FR","@id":"https:\/\/ottawacornwall.ca\/#\/schema\/logo\/image\/","url":"https:\/\/ottawacornwall.ca\/wp-content\/uploads\/2022\/11\/Archdiocese-Logo-Horizontal-Reverse-1.svg","contentUrl":"https:\/\/ottawacornwall.ca\/wp-content\/uploads\/2022\/11\/Archdiocese-Logo-Horizontal-Reverse-1.svg","caption":"Archdiocese of Ottawa-Cornwall"},"image":{"@id":"https:\/\/ottawacornwall.ca\/#\/schema\/logo\/image\/"}}]}</script>
<!-- / Yoast SEO plugin. -->

Concert-bénéfice 4 musiciens - Archdiocese of Ottawa-Cornwall

Concert du printemps à Ste-Anne-de-Prescott, le 3 mai à 14:00  Un trio, mené par Didier Chasteau au piano.  Il a le tour de nous surprendre avec ses compositions de musique impressionniste.  Il est appuyé par Guillaume Lefebvre à la contrebasse, Christina Beaudry-Cardenas à la batterie et &#8230; une artiste invitée (chanteuse surprise).    Venez vivre [&hellip;]
