{"id":30247,"date":"2025-04-22T14:39:41","date_gmt":"2025-04-22T18:39:41","guid":{"rendered":"http:\/\/wp268132.wpdns.ca\/wp-content\/uploads\/2025\/04\/Death-of-Pope-Francis-Message-to-the-Faithful.pdf"},"modified":"2025-04-22T14:39:41","modified_gmt":"2025-04-22T18:39:41","slug":"death-of-pope-francis-message-to-the-faithful","status":"inherit","type":"attachment","link":"https:\/\/ottawacornwall.ca\/fr\/news\/deces-du-pape-francois-message-aux-fideles\/death-of-pope-francis-message-to-the-faithful\/","title":{"rendered":"Death of Pope Francis &#8211; Message to the Faithful"},"author":6,"featured_media":0,"comment_status":"","ping_status":"closed","template":"","meta":{"_acf_changed":false},"class_list":["post-30247","attachment","type-attachment","status-inherit","hentry"],"acf":[],"yoast_head":"<!-- This site is optimized with the Yoast SEO plugin v27.4 - https:\/\/yoast.com\/product\/yoast-seo-wordpress\/ -->\n<title>Death of Pope Francis - Message to the Faithful - Archdiocese of Ottawa-Cornwall<\/title>\n<meta name=\"robots\" content=\"index, follow, max-snippet:-1, max-image-preview:large, max-video-preview:-1\" \/>\n<link rel=\"canonical\" href=\"https:\/\/ottawacornwall.ca\/wp-content\/uploads\/2025\/04\/Death-of-Pope-Francis-Message-to-the-Faithful.pdf\" \/>\n<meta property=\"og:locale\" content=\"fr_FR\" \/>\n<meta property=\"og:type\" content=\"article\" \/>\n<meta property=\"og:title\" content=\"Death of Pope Francis - Message to the Faithful - Archdiocese of Ottawa-Cornwall\" \/>\n<meta property=\"og:url\" content=\"https:\/\/ottawacornwall.ca\/wp-content\/uploads\/2025\/04\/Death-of-Pope-Francis-Message-to-the-Faithful.pdf\" \/>\n<meta property=\"og:site_name\" content=\"Archdiocese of Ottawa-Cornwall\" \/>\n<meta name=\"twitter:card\" content=\"summary_large_image\" \/>\n<script type=\"application\/ld+json\" class=\"yoast-schema-graph\">{\"@context\":\"https:\\\/\\\/schema.org\",\"@graph\":[{\"@type\":\"WebPage\",\"@id\":\"https:\\\/\\\/ottawacornwall.ca\\\/wp-content\\\/uploads\\\/2025\\\/04\\\/Death-of-Pope-Francis-Message-to-the-Faithful.pdf\",\"url\":\"https:\\\/\\\/ottawacornwall.ca\\\/wp-content\\\/uploads\\\/2025\\\/04\\\/Death-of-Pope-Francis-Message-to-the-Faithful.pdf\",\"name\":\"Death of Pope Francis - Message to the Faithful - Archdiocese of Ottawa-Cornwall\",\"isPartOf\":{\"@id\":\"https:\\\/\\\/ottawacornwall.ca\\\/#website\"},\"datePublished\":\"2025-04-22T18:39:41+00:00\",\"breadcrumb\":{\"@id\":\"https:\\\/\\\/ottawacornwall.ca\\\/wp-content\\\/uploads\\\/2025\\\/04\\\/Death-of-Pope-Francis-Message-to-the-Faithful.pdf#breadcrumb\"},\"inLanguage\":\"fr-FR\",\"potentialAction\":[{\"@type\":\"ReadAction\",\"target\":[\"https:\\\/\\\/ottawacornwall.ca\\\/wp-content\\\/uploads\\\/2025\\\/04\\\/Death-of-Pope-Francis-Message-to-the-Faithful.pdf\"]}]},{\"@type\":\"BreadcrumbList\",\"@id\":\"https:\\\/\\\/ottawacornwall.ca\\\/wp-content\\\/uploads\\\/2025\\\/04\\\/Death-of-Pope-Francis-Message-to-the-Faithful.pdf#breadcrumb\",\"itemListElement\":[{\"@type\":\"ListItem\",\"position\":1,\"name\":\"Home\",\"item\":\"https:\\\/\\\/ottawacornwall.ca\\\/fr\\\/\"},{\"@type\":\"ListItem\",\"position\":2,\"name\":\"D\u00e9c\u00e8s du Pape Fran\u00e7ois &#8211; Message aux fid\u00e8les\",\"item\":\"https:\\\/\\\/ottawacornwall.ca\\\/fr\\\/news\\\/deces-du-pape-francois-message-aux-fideles\\\/\"},{\"@type\":\"ListItem\",\"position\":3,\"name\":\"Death of Pope Francis &#8211; Message to the Faithful\"}]},{\"@type\":\"WebSite\",\"@id\":\"https:\\\/\\\/ottawacornwall.ca\\\/#website\",\"url\":\"https:\\\/\\\/ottawacornwall.ca\\\/\",\"name\":\"Archdiocese of Ottawa-Cornwall\",\"description\":\"Welcome to the  Ottawa-Cornwall Archdiocese!\",\"publisher\":{\"@id\":\"https:\\\/\\\/ottawacornwall.ca\\\/#organization\"},\"potentialAction\":[{\"@type\":\"SearchAction\",\"target\":{\"@type\":\"EntryPoint\",\"urlTemplate\":\"https:\\\/\\\/ottawacornwall.ca\\\/?s={search_term_string}\"},\"query-input\":{\"@type\":\"PropertyValueSpecification\",\"valueRequired\":true,\"valueName\":\"search_term_string\"}}],\"inLanguage\":\"fr-FR\"},{\"@type\":\"Organization\",\"@id\":\"https:\\\/\\\/ottawacornwall.ca\\\/#organization\",\"name\":\"Archdiocese of Ottawa-Cornwall\",\"url\":\"https:\\\/\\\/ottawacornwall.ca\\\/\",\"logo\":{\"@type\":\"ImageObject\",\"inLanguage\":\"fr-FR\",\"@id\":\"https:\\\/\\\/ottawacornwall.ca\\\/#\\\/schema\\\/logo\\\/image\\\/\",\"url\":\"https:\\\/\\\/ottawacornwall.ca\\\/wp-content\\\/uploads\\\/2022\\\/11\\\/Archdiocese-Logo-Horizontal-Reverse-1.svg\",\"contentUrl\":\"https:\\\/\\\/ottawacornwall.ca\\\/wp-content\\\/uploads\\\/2022\\\/11\\\/Archdiocese-Logo-Horizontal-Reverse-1.svg\",\"caption\":\"Archdiocese of Ottawa-Cornwall\"},\"image\":{\"@id\":\"https:\\\/\\\/ottawacornwall.ca\\\/#\\\/schema\\\/logo\\\/image\\\/\"}}]}<\/script>\n<!-- \/ Yoast SEO plugin. -->","yoast_head_json":{"title":"Death of Pope Francis - Message to the Faithful - Archdiocese of Ottawa-Cornwall","robots":{"index":"index","follow":"follow","max-snippet":"max-snippet:-1","max-image-preview":"max-image-preview:large","max-video-preview":"max-video-preview:-1"},"canonical":"https:\/\/ottawacornwall.ca\/wp-content\/uploads\/2025\/04\/Death-of-Pope-Francis-Message-to-the-Faithful.pdf","og_locale":"fr_FR","og_type":"article","og_title":"Death of Pope Francis - Message to the Faithful - Archdiocese of Ottawa-Cornwall","og_url":"https:\/\/ottawacornwall.ca\/wp-content\/uploads\/2025\/04\/Death-of-Pope-Francis-Message-to-the-Faithful.pdf","og_site_name":"Archdiocese of Ottawa-Cornwall","twitter_card":"summary_large_image","schema":{"@context":"https:\/\/schema.org","@graph":[{"@type":"WebPage","@id":"https:\/\/ottawacornwall.ca\/wp-content\/uploads\/2025\/04\/Death-of-Pope-Francis-Message-to-the-Faithful.pdf","url":"https:\/\/ottawacornwall.ca\/wp-content\/uploads\/2025\/04\/Death-of-Pope-Francis-Message-to-the-Faithful.pdf","name":"Death of Pope Francis - Message to the Faithful - Archdiocese of Ottawa-Cornwall","isPartOf":{"@id":"https:\/\/ottawacornwall.ca\/#website"},"datePublished":"2025-04-22T18:39:41+00:00","breadcrumb":{"@id":"https:\/\/ottawacornwall.ca\/wp-content\/uploads\/2025\/04\/Death-of-Pope-Francis-Message-to-the-Faithful.pdf#breadcrumb"},"inLanguage":"fr-FR","potentialAction":[{"@type":"ReadAction","target":["https:\/\/ottawacornwall.ca\/wp-content\/uploads\/2025\/04\/Death-of-Pope-Francis-Message-to-the-Faithful.pdf"]}]},{"@type":"BreadcrumbList","@id":"https:\/\/ottawacornwall.ca\/wp-content\/uploads\/2025\/04\/Death-of-Pope-Francis-Message-to-the-Faithful.pdf#breadcrumb","itemListElement":[{"@type":"ListItem","position":1,"name":"Home","item":"https:\/\/ottawacornwall.ca\/fr\/"},{"@type":"ListItem","position":2,"name":"D\u00e9c\u00e8s du Pape Fran\u00e7ois &#8211; Message aux fid\u00e8les","item":"https:\/\/ottawacornwall.ca\/fr\/news\/deces-du-pape-francois-message-aux-fideles\/"},{"@type":"ListItem","position":3,"name":"Death of Pope Francis &#8211; Message to the Faithful"}]},{"@type":"WebSite","@id":"https:\/\/ottawacornwall.ca\/#website","url":"https:\/\/ottawacornwall.ca\/","name":"Archdiocese of Ottawa-Cornwall","description":"Welcome to the  Ottawa-Cornwall Archdiocese!","publisher":{"@id":"https:\/\/ottawacornwall.ca\/#organization"},"potentialAction":[{"@type":"SearchAction","target":{"@type":"EntryPoint","urlTemplate":"https:\/\/ottawacornwall.ca\/?s={search_term_string}"},"query-input":{"@type":"PropertyValueSpecification","valueRequired":true,"valueName":"search_term_string"}}],"inLanguage":"fr-FR"},{"@type":"Organization","@id":"https:\/\/ottawacornwall.ca\/#organization","name":"Archdiocese of Ottawa-Cornwall","url":"https:\/\/ottawacornwall.ca\/","logo":{"@type":"ImageObject","inLanguage":"fr-FR","@id":"https:\/\/ottawacornwall.ca\/#\/schema\/logo\/image\/","url":"https:\/\/ottawacornwall.ca\/wp-content\/uploads\/2022\/11\/Archdiocese-Logo-Horizontal-Reverse-1.svg","contentUrl":"https:\/\/ottawacornwall.ca\/wp-content\/uploads\/2022\/11\/Archdiocese-Logo-Horizontal-Reverse-1.svg","caption":"Archdiocese of Ottawa-Cornwall"},"image":{"@id":"https:\/\/ottawacornwall.ca\/#\/schema\/logo\/image\/"}}]}},"description":{"rendered":"<p class=\"attachment\"><a href='https:\/\/ottawacornwall.ca\/wp-content\/uploads\/2025\/04\/Death-of-Pope-Francis-Message-to-the-Faithful.pdf'><img fetchpriority=\"high\" decoding=\"async\" width=\"232\" height=\"300\" src=\"https:\/\/ottawacornwall.ca\/wp-content\/uploads\/2025\/04\/Death-of-Pope-Francis-Message-to-the-Faithful-pdf-232x300.jpg\" class=\"attachment-medium size-medium\" alt=\"\" \/><\/a><\/p>\n"},"caption":{"rendered":""},"alt_text":"","media_type":"file","mime_type":"application\/pdf","media_details":{"sizes":{"full":{"file":"Death-of-Pope-Francis-Message-to-the-Faithful-pdf.jpg","width":1088,"height":1408,"mime_type":"application\/pdf","source_url":"https:\/\/ottawacornwall.ca\/wp-content\/uploads\/2025\/04\/Death-of-Pope-Francis-Message-to-the-Faithful-pdf.jpg"},"medium":{"file":"Death-of-Pope-Francis-Message-to-the-Faithful-pdf-232x300.jpg","width":232,"height":300,"filesize":12840,"mime_type":"image\/jpeg","source_url":"https:\/\/ottawacornwall.ca\/wp-content\/uploads\/2025\/04\/Death-of-Pope-Francis-Message-to-the-Faithful-pdf-232x300.jpg"},"large":{"file":"Death-of-Pope-Francis-Message-to-the-Faithful-pdf-791x1024.jpg","width":791,"height":1024,"filesize":92262,"mime_type":"image\/jpeg","source_url":"https:\/\/ottawacornwall.ca\/wp-content\/uploads\/2025\/04\/Death-of-Pope-Francis-Message-to-the-Faithful-pdf-791x1024.jpg"},"thumbnail":{"file":"Death-of-Pope-Francis-Message-to-the-Faithful-pdf-116x150.jpg","width":116,"height":150,"filesize":6627,"mime_type":"image\/jpeg","source_url":"https:\/\/ottawacornwall.ca\/wp-content\/uploads\/2025\/04\/Death-of-Pope-Francis-Message-to-the-Faithful-pdf-116x150.jpg"}},"filesize":78019},"post":30244,"source_url":"https:\/\/ottawacornwall.ca\/wp-content\/uploads\/2025\/04\/Death-of-Pope-Francis-Message-to-the-Faithful.pdf","_links":{"self":[{"href":"https:\/\/ottawacornwall.ca\/fr\/wp-json\/wp\/v2\/media\/30247","targetHints":{"allow":["GET"]}}],"collection":[{"href":"https:\/\/ottawacornwall.ca\/fr\/wp-json\/wp\/v2\/media"}],"about":[{"href":"https:\/\/ottawacornwall.ca\/fr\/wp-json\/wp\/v2\/types\/attachment"}],"author":[{"embeddable":true,"href":"https:\/\/ottawacornwall.ca\/fr\/wp-json\/wp\/v2\/users\/6"}],"replies":[{"embeddable":true,"href":"https:\/\/ottawacornwall.ca\/fr\/wp-json\/wp\/v2\/comments?post=30247"}],"wp:attached-to":[{"embeddable":true,"post_type":"news","id":30244,"href":"https:\/\/ottawacornwall.ca\/fr\/wp-json\/wp\/v2\/news\/30244"}],"curies":[{"name":"wp","href":"https:\/\/api.w.org\/{rel}","templated":true}]}}

<!-- This site is optimized with the Yoast SEO plugin v27.4 - https://yoast.com/product/yoast-seo-wordpress/ -->
<title>Death of Pope Francis - Message to the Faithful - Archdiocese of Ottawa-Cornwall</title>
<meta name="robots" content="index, follow, max-snippet:-1, max-image-preview:large, max-video-preview:-1" />
<link rel="canonical" href="https://ottawacornwall.ca/wp-content/uploads/2025/04/Death-of-Pope-Francis-Message-to-the-Faithful.pdf" />
<meta property="og:locale" content="fr_FR" />
<meta property="og:type" content="article" />
<meta property="og:title" content="Death of Pope Francis - Message to the Faithful - Archdiocese of Ottawa-Cornwall" />
<meta property="og:url" content="https://ottawacornwall.ca/wp-content/uploads/2025/04/Death-of-Pope-Francis-Message-to-the-Faithful.pdf" />
<meta property="og:site_name" content="Archdiocese of Ottawa-Cornwall" />
<meta name="twitter:card" content="summary_large_image" />
<script type="application/ld+json" class="yoast-schema-graph">{"@context":"https:\/\/schema.org","@graph":[{"@type":"WebPage","@id":"https:\/\/ottawacornwall.ca\/wp-content\/uploads\/2025\/04\/Death-of-Pope-Francis-Message-to-the-Faithful.pdf","url":"https:\/\/ottawacornwall.ca\/wp-content\/uploads\/2025\/04\/Death-of-Pope-Francis-Message-to-the-Faithful.pdf","name":"Death of Pope Francis - Message to the Faithful - Archdiocese of Ottawa-Cornwall","isPartOf":{"@id":"https:\/\/ottawacornwall.ca\/#website"},"datePublished":"2025-04-22T18:39:41+00:00","breadcrumb":{"@id":"https:\/\/ottawacornwall.ca\/wp-content\/uploads\/2025\/04\/Death-of-Pope-Francis-Message-to-the-Faithful.pdf#breadcrumb"},"inLanguage":"fr-FR","potentialAction":[{"@type":"ReadAction","target":["https:\/\/ottawacornwall.ca\/wp-content\/uploads\/2025\/04\/Death-of-Pope-Francis-Message-to-the-Faithful.pdf"]}]},{"@type":"BreadcrumbList","@id":"https:\/\/ottawacornwall.ca\/wp-content\/uploads\/2025\/04\/Death-of-Pope-Francis-Message-to-the-Faithful.pdf#breadcrumb","itemListElement":[{"@type":"ListItem","position":1,"name":"Home","item":"https:\/\/ottawacornwall.ca\/fr\/"},{"@type":"ListItem","position":2,"name":"Décès du Pape François &#8211; Message aux fidèles","item":"https:\/\/ottawacornwall.ca\/fr\/news\/deces-du-pape-francois-message-aux-fideles\/"},{"@type":"ListItem","position":3,"name":"Death of Pope Francis &#8211; Message to the Faithful"}]},{"@type":"WebSite","@id":"https:\/\/ottawacornwall.ca\/#website","url":"https:\/\/ottawacornwall.ca\/","name":"Archdiocese of Ottawa-Cornwall","description":"Welcome to the  Ottawa-Cornwall Archdiocese!","publisher":{"@id":"https:\/\/ottawacornwall.ca\/#organization"},"potentialAction":[{"@type":"SearchAction","target":{"@type":"EntryPoint","urlTemplate":"https:\/\/ottawacornwall.ca\/?s={search_term_string}"},"query-input":{"@type":"PropertyValueSpecification","valueRequired":true,"valueName":"search_term_string"}}],"inLanguage":"fr-FR"},{"@type":"Organization","@id":"https:\/\/ottawacornwall.ca\/#organization","name":"Archdiocese of Ottawa-Cornwall","url":"https:\/\/ottawacornwall.ca\/","logo":{"@type":"ImageObject","inLanguage":"fr-FR","@id":"https:\/\/ottawacornwall.ca\/#\/schema\/logo\/image\/","url":"https:\/\/ottawacornwall.ca\/wp-content\/uploads\/2022\/11\/Archdiocese-Logo-Horizontal-Reverse-1.svg","contentUrl":"https:\/\/ottawacornwall.ca\/wp-content\/uploads\/2022\/11\/Archdiocese-Logo-Horizontal-Reverse-1.svg","caption":"Archdiocese of Ottawa-Cornwall"},"image":{"@id":"https:\/\/ottawacornwall.ca\/#\/schema\/logo\/image\/"}}]}</script>
<!-- / Yoast SEO plugin. -->

Décès du Pape François &#8211; Message aux fidèles
