{"id":8083,"date":"2023-03-15T14:49:53","date_gmt":"2023-03-15T19:49:53","guid":{"rendered":"https:\/\/wp268132.wpdns.ca\/ministries\/ministere-des-sourdes\/"},"modified":"2023-03-21T08:49:23","modified_gmt":"2023-03-21T13:49:23","slug":"ministere-des-sourds","status":"publish","type":"ministrie","link":"https:\/\/ottawacornwall.ca\/fr\/ministries\/ministere-des-sourds\/","title":{"rendered":"Minist\u00e8re des sourds"},"content":{"rendered":"","protected":false},"excerpt":{"rendered":"<p>L&rsquo;archidioc\u00e8se organise une messe hebdomadaire pour les personnes sourdes et fournit des conseils pastoraux et une pr\u00e9paration aux sacrements. <\/p>\n","protected":false},"template":"","meta":{"_acf_changed":false},"ministrie_cate":[],"class_list":["post-8083","ministrie","type-ministrie","status-publish","hentry"],"acf":[],"yoast_head":"<!-- This site is optimized with the Yoast SEO plugin v27.4 - https:\/\/yoast.com\/product\/yoast-seo-wordpress\/ -->\n<title>Minist\u00e8re des sourds - Archdiocese of Ottawa-Cornwall<\/title>\n<meta name=\"robots\" content=\"index, follow, max-snippet:-1, max-image-preview:large, max-video-preview:-1\" \/>\n<link rel=\"canonical\" href=\"https:\/\/ottawacornwall.ca\/ministries\/ministry-with-the-deaf\/\" \/>\n<meta property=\"og:locale\" content=\"fr_FR\" \/>\n<meta property=\"og:type\" content=\"article\" \/>\n<meta property=\"og:title\" content=\"Minist\u00e8re des sourds - Archdiocese of Ottawa-Cornwall\" \/>\n<meta property=\"og:description\" content=\"L&#039;archidioc\u00e8se organise une messe hebdomadaire pour les personnes sourdes et fournit des conseils pastoraux et une pr\u00e9paration aux sacrements.\" \/>\n<meta property=\"og:url\" content=\"https:\/\/ottawacornwall.ca\/ministries\/ministry-with-the-deaf\/\" \/>\n<meta property=\"og:site_name\" content=\"Archdiocese of Ottawa-Cornwall\" \/>\n<meta property=\"article:modified_time\" content=\"2023-03-21T13:49:23+00:00\" \/>\n<meta name=\"twitter:card\" content=\"summary_large_image\" \/>\n<script type=\"application\/ld+json\" class=\"yoast-schema-graph\">{\"@context\":\"https:\\\/\\\/schema.org\",\"@graph\":[{\"@type\":\"WebPage\",\"@id\":\"https:\\\/\\\/ottawacornwall.ca\\\/ministries\\\/ministry-with-the-deaf\\\/\",\"url\":\"https:\\\/\\\/ottawacornwall.ca\\\/ministries\\\/ministry-with-the-deaf\\\/\",\"name\":\"Minist\u00e8re des sourds - Archdiocese of Ottawa-Cornwall\",\"isPartOf\":{\"@id\":\"https:\\\/\\\/ottawacornwall.ca\\\/#website\"},\"datePublished\":\"2023-03-15T19:49:53+00:00\",\"dateModified\":\"2023-03-21T13:49:23+00:00\",\"breadcrumb\":{\"@id\":\"https:\\\/\\\/ottawacornwall.ca\\\/ministries\\\/ministry-with-the-deaf\\\/#breadcrumb\"},\"inLanguage\":\"fr-FR\",\"potentialAction\":[{\"@type\":\"ReadAction\",\"target\":[\"https:\\\/\\\/ottawacornwall.ca\\\/ministries\\\/ministry-with-the-deaf\\\/\"]}]},{\"@type\":\"BreadcrumbList\",\"@id\":\"https:\\\/\\\/ottawacornwall.ca\\\/ministries\\\/ministry-with-the-deaf\\\/#breadcrumb\",\"itemListElement\":[{\"@type\":\"ListItem\",\"position\":1,\"name\":\"Home\",\"item\":\"https:\\\/\\\/ottawacornwall.ca\\\/fr\\\/\"},{\"@type\":\"ListItem\",\"position\":2,\"name\":\"Minist\u00e8re des sourds\"}]},{\"@type\":\"WebSite\",\"@id\":\"https:\\\/\\\/ottawacornwall.ca\\\/#website\",\"url\":\"https:\\\/\\\/ottawacornwall.ca\\\/\",\"name\":\"Archdiocese of Ottawa-Cornwall\",\"description\":\"Welcome to the  Ottawa-Cornwall Archdiocese!\",\"publisher\":{\"@id\":\"https:\\\/\\\/ottawacornwall.ca\\\/#organization\"},\"potentialAction\":[{\"@type\":\"SearchAction\",\"target\":{\"@type\":\"EntryPoint\",\"urlTemplate\":\"https:\\\/\\\/ottawacornwall.ca\\\/?s={search_term_string}\"},\"query-input\":{\"@type\":\"PropertyValueSpecification\",\"valueRequired\":true,\"valueName\":\"search_term_string\"}}],\"inLanguage\":\"fr-FR\"},{\"@type\":\"Organization\",\"@id\":\"https:\\\/\\\/ottawacornwall.ca\\\/#organization\",\"name\":\"Archdiocese of Ottawa-Cornwall\",\"url\":\"https:\\\/\\\/ottawacornwall.ca\\\/\",\"logo\":{\"@type\":\"ImageObject\",\"inLanguage\":\"fr-FR\",\"@id\":\"https:\\\/\\\/ottawacornwall.ca\\\/#\\\/schema\\\/logo\\\/image\\\/\",\"url\":\"https:\\\/\\\/ottawacornwall.ca\\\/wp-content\\\/uploads\\\/2022\\\/11\\\/Archdiocese-Logo-Horizontal-Reverse-1.svg\",\"contentUrl\":\"https:\\\/\\\/ottawacornwall.ca\\\/wp-content\\\/uploads\\\/2022\\\/11\\\/Archdiocese-Logo-Horizontal-Reverse-1.svg\",\"caption\":\"Archdiocese of Ottawa-Cornwall\"},\"image\":{\"@id\":\"https:\\\/\\\/ottawacornwall.ca\\\/#\\\/schema\\\/logo\\\/image\\\/\"}}]}<\/script>\n<!-- \/ Yoast SEO plugin. -->","yoast_head_json":{"title":"Minist\u00e8re des sourds - Archdiocese of Ottawa-Cornwall","robots":{"index":"index","follow":"follow","max-snippet":"max-snippet:-1","max-image-preview":"max-image-preview:large","max-video-preview":"max-video-preview:-1"},"canonical":"https:\/\/ottawacornwall.ca\/ministries\/ministry-with-the-deaf\/","og_locale":"fr_FR","og_type":"article","og_title":"Minist\u00e8re des sourds - Archdiocese of Ottawa-Cornwall","og_description":"L'archidioc\u00e8se organise une messe hebdomadaire pour les personnes sourdes et fournit des conseils pastoraux et une pr\u00e9paration aux sacrements.","og_url":"https:\/\/ottawacornwall.ca\/ministries\/ministry-with-the-deaf\/","og_site_name":"Archdiocese of Ottawa-Cornwall","article_modified_time":"2023-03-21T13:49:23+00:00","twitter_card":"summary_large_image","schema":{"@context":"https:\/\/schema.org","@graph":[{"@type":"WebPage","@id":"https:\/\/ottawacornwall.ca\/ministries\/ministry-with-the-deaf\/","url":"https:\/\/ottawacornwall.ca\/ministries\/ministry-with-the-deaf\/","name":"Minist\u00e8re des sourds - Archdiocese of Ottawa-Cornwall","isPartOf":{"@id":"https:\/\/ottawacornwall.ca\/#website"},"datePublished":"2023-03-15T19:49:53+00:00","dateModified":"2023-03-21T13:49:23+00:00","breadcrumb":{"@id":"https:\/\/ottawacornwall.ca\/ministries\/ministry-with-the-deaf\/#breadcrumb"},"inLanguage":"fr-FR","potentialAction":[{"@type":"ReadAction","target":["https:\/\/ottawacornwall.ca\/ministries\/ministry-with-the-deaf\/"]}]},{"@type":"BreadcrumbList","@id":"https:\/\/ottawacornwall.ca\/ministries\/ministry-with-the-deaf\/#breadcrumb","itemListElement":[{"@type":"ListItem","position":1,"name":"Home","item":"https:\/\/ottawacornwall.ca\/fr\/"},{"@type":"ListItem","position":2,"name":"Minist\u00e8re des sourds"}]},{"@type":"WebSite","@id":"https:\/\/ottawacornwall.ca\/#website","url":"https:\/\/ottawacornwall.ca\/","name":"Archdiocese of Ottawa-Cornwall","description":"Welcome to the  Ottawa-Cornwall Archdiocese!","publisher":{"@id":"https:\/\/ottawacornwall.ca\/#organization"},"potentialAction":[{"@type":"SearchAction","target":{"@type":"EntryPoint","urlTemplate":"https:\/\/ottawacornwall.ca\/?s={search_term_string}"},"query-input":{"@type":"PropertyValueSpecification","valueRequired":true,"valueName":"search_term_string"}}],"inLanguage":"fr-FR"},{"@type":"Organization","@id":"https:\/\/ottawacornwall.ca\/#organization","name":"Archdiocese of Ottawa-Cornwall","url":"https:\/\/ottawacornwall.ca\/","logo":{"@type":"ImageObject","inLanguage":"fr-FR","@id":"https:\/\/ottawacornwall.ca\/#\/schema\/logo\/image\/","url":"https:\/\/ottawacornwall.ca\/wp-content\/uploads\/2022\/11\/Archdiocese-Logo-Horizontal-Reverse-1.svg","contentUrl":"https:\/\/ottawacornwall.ca\/wp-content\/uploads\/2022\/11\/Archdiocese-Logo-Horizontal-Reverse-1.svg","caption":"Archdiocese of Ottawa-Cornwall"},"image":{"@id":"https:\/\/ottawacornwall.ca\/#\/schema\/logo\/image\/"}}]}},"_links":{"self":[{"href":"https:\/\/ottawacornwall.ca\/fr\/wp-json\/wp\/v2\/ministrie\/8083","targetHints":{"allow":["GET"]}}],"collection":[{"href":"https:\/\/ottawacornwall.ca\/fr\/wp-json\/wp\/v2\/ministrie"}],"about":[{"href":"https:\/\/ottawacornwall.ca\/fr\/wp-json\/wp\/v2\/types\/ministrie"}],"version-history":[{"count":4,"href":"https:\/\/ottawacornwall.ca\/fr\/wp-json\/wp\/v2\/ministrie\/8083\/revisions"}],"predecessor-version":[{"id":8450,"href":"https:\/\/ottawacornwall.ca\/fr\/wp-json\/wp\/v2\/ministrie\/8083\/revisions\/8450"}],"wp:attachment":[{"href":"https:\/\/ottawacornwall.ca\/fr\/wp-json\/wp\/v2\/media?parent=8083"}],"wp:term":[{"taxonomy":"ministrie_cate","embeddable":true,"href":"https:\/\/ottawacornwall.ca\/fr\/wp-json\/wp\/v2\/ministrie_cate?post=8083"}],"curies":[{"name":"wp","href":"https:\/\/api.w.org\/{rel}","templated":true}]}}

Ministère des sourds

<p>L&rsquo;archidiocèse organise une messe hebdomadaire pour les personnes sourdes et fournit des conseils pastoraux et une préparation aux sacrements. </p>

<!-- This site is optimized with the Yoast SEO plugin v27.4 - https://yoast.com/product/yoast-seo-wordpress/ -->
<title>Ministère des sourds - Archdiocese of Ottawa-Cornwall</title>
<meta name="robots" content="index, follow, max-snippet:-1, max-image-preview:large, max-video-preview:-1" />
<link rel="canonical" href="https://ottawacornwall.ca/ministries/ministry-with-the-deaf/" />
<meta property="og:locale" content="fr_FR" />
<meta property="og:type" content="article" />
<meta property="og:title" content="Ministère des sourds - Archdiocese of Ottawa-Cornwall" />
<meta property="og:description" content="L&#039;archidiocèse organise une messe hebdomadaire pour les personnes sourdes et fournit des conseils pastoraux et une préparation aux sacrements." />
<meta property="og:url" content="https://ottawacornwall.ca/ministries/ministry-with-the-deaf/" />
<meta property="og:site_name" content="Archdiocese of Ottawa-Cornwall" />
<meta property="article:modified_time" content="2023-03-21T13:49:23+00:00" />
<meta name="twitter:card" content="summary_large_image" />
<script type="application/ld+json" class="yoast-schema-graph">{"@context":"https:\/\/schema.org","@graph":[{"@type":"WebPage","@id":"https:\/\/ottawacornwall.ca\/ministries\/ministry-with-the-deaf\/","url":"https:\/\/ottawacornwall.ca\/ministries\/ministry-with-the-deaf\/","name":"Ministère des sourds - Archdiocese of Ottawa-Cornwall","isPartOf":{"@id":"https:\/\/ottawacornwall.ca\/#website"},"datePublished":"2023-03-15T19:49:53+00:00","dateModified":"2023-03-21T13:49:23+00:00","breadcrumb":{"@id":"https:\/\/ottawacornwall.ca\/ministries\/ministry-with-the-deaf\/#breadcrumb"},"inLanguage":"fr-FR","potentialAction":[{"@type":"ReadAction","target":["https:\/\/ottawacornwall.ca\/ministries\/ministry-with-the-deaf\/"]}]},{"@type":"BreadcrumbList","@id":"https:\/\/ottawacornwall.ca\/ministries\/ministry-with-the-deaf\/#breadcrumb","itemListElement":[{"@type":"ListItem","position":1,"name":"Home","item":"https:\/\/ottawacornwall.ca\/fr\/"},{"@type":"ListItem","position":2,"name":"Ministère des sourds"}]},{"@type":"WebSite","@id":"https:\/\/ottawacornwall.ca\/#website","url":"https:\/\/ottawacornwall.ca\/","name":"Archdiocese of Ottawa-Cornwall","description":"Welcome to the  Ottawa-Cornwall Archdiocese!","publisher":{"@id":"https:\/\/ottawacornwall.ca\/#organization"},"potentialAction":[{"@type":"SearchAction","target":{"@type":"EntryPoint","urlTemplate":"https:\/\/ottawacornwall.ca\/?s={search_term_string}"},"query-input":{"@type":"PropertyValueSpecification","valueRequired":true,"valueName":"search_term_string"}}],"inLanguage":"fr-FR"},{"@type":"Organization","@id":"https:\/\/ottawacornwall.ca\/#organization","name":"Archdiocese of Ottawa-Cornwall","url":"https:\/\/ottawacornwall.ca\/","logo":{"@type":"ImageObject","inLanguage":"fr-FR","@id":"https:\/\/ottawacornwall.ca\/#\/schema\/logo\/image\/","url":"https:\/\/ottawacornwall.ca\/wp-content\/uploads\/2022\/11\/Archdiocese-Logo-Horizontal-Reverse-1.svg","contentUrl":"https:\/\/ottawacornwall.ca\/wp-content\/uploads\/2022\/11\/Archdiocese-Logo-Horizontal-Reverse-1.svg","caption":"Archdiocese of Ottawa-Cornwall"},"image":{"@id":"https:\/\/ottawacornwall.ca\/#\/schema\/logo\/image\/"}}]}</script>
<!-- / Yoast SEO plugin. -->

Ministère des sourds - Archdiocese of Ottawa-Cornwall

L'archidiocèse organise une messe hebdomadaire pour les personnes sourdes et fournit des conseils pastoraux et une préparation aux sacrements.
